000
CXUS54 KTSA 011112
CF6MKO
PRELIMINARY LOCAL CLIMATOLOGICAL DATA (WS FORM: F-6)
STATION: MUSKOGEE OKLAHOMA
MONTH: SEPTEMBER
YEAR: 2021
LATITUDE: 35 40 N
LONGITUDE: 95 22 W
TEMPERATURE IN F: :PCPN: SNOW: WIND :SUNSHINE: SKY :PK WND
================================================================================
1 2 3 4 5 6A 6B 7 8 9 10 11 12 13 14 15 16 17 18
12Z AVG MX 2MIN
DY MAX MIN AVG DEP HDD CDD WTR SNW DPTH SPD SPD DIR MIN PSBL S-S WX SPD DR
================================================================================
1 98 72 85 7 0 20 0.00 0.0 M 3.7 14 110 M M 0 1 19 100
2 93 76 85 7 0 20 0.00 0.0 M 9.3 16 130 M M 1 24 150
3 95 72 84 7 0 19 0.00 0.0 M 7.3 15 220 M M 1 22 190
4 97 74 86 9 0 21 1.17 0.0 M 7.2 26 330 M M 3 138 32 320
5 89 68 79 2 0 14 0.39 0.0 M 6.4 15 40 M M 5 13 20 40
6 91 63 77 1 0 12 0.00 0.0 M 3.6 10 200 M M 0 1 13 200
7 90 63 77 1 0 12 0.00 0.0 M 6.9 14 220 M M 1 21 230
8 89 62 76 0 0 11 0.15 0.0 M 8.5 22 40 M M 2 13 30 20
9 90 56 73 -3 0 8 0.00 0.0 M 3.3 9 210 M M 0 11 210
10 89 62 76 1 0 11 0.00 0.0 M 7.4 17 210 M M 0 24 210
11 90 65 78 3 0 13 0.00 0.0 M 7.8 18 200 M M 0 26 200
12 87 63 75 1 0 10 0.00 0.0 M 6.5 15 140 M M 0 28 160
13 90 63 77 3 0 12 0.00 0.0 M 7.8 16 190 M M 1 25 160
14 91 69 80 6 0 15 0.00 0.0 M 5.0 12 230 M M 1 1 18 180
15 91 67 79 5 0 14 0.00 0.0 M 3.9 15 50 M M 2 21 30
16 90 68 79 6 0 14 0.00 0.0 M 6.4 13 140 M M 0 17 110
17 93 66 80 7 0 15 0.00 0.0 M 4.2 12 80 M M 2 16 10
18 94 66 80 8 0 15 0.00 0.0 M 4.7 13 20 M M 1 8 19 360
19 90 68 79 7 0 14 0.00 0.0 M 5.4 12 100 M M 1 16 90
20 97 70 84 12 0 19 0.00 0.0 M 8.5 18 160 M M 1 1 30 210
21 83 56 70 -1 0 5 0.00 0.0 M 15.4 32 360 M M 5 43 10
22 80 50 65 -6 0 0 0.00 0.0 M 6.8 21 10 M M 0 30 360
23 84 44 64 -7 1 0 0.00 0.0 M 2.9 12 230 M M 0 16 260
24 86 52 69 -1 0 4 0.00 0.0 M 6.9 16 200 M M 0 24 210
25 88 51 70 0 0 5 0.00 0.0 M 4.7 14 90 M M 0 19 40
26 92 57 75 5 0 10 0.00 0.0 M 9.2 20 220 M M 0 32 180
27 91 59 75 6 0 10 0.00 0.0 M 7.8 18 190 M M 0 26 180
28 92 64 78 9 0 13 0.00 0.0 M 7.3 16 100 M M 1 8 20 100
29 84 66 75 7 0 10 0.23 0.0 M 6.9 18 220 M M 4 13 27 240
30 87 64 76 8 0 11 0.05 0.0 M 6.3 24 290 M M 3 13 38 290
================================================================================
SM 2701 1896 1 357 1.99 0.0 198.0 M 35
================================================================================
AV 90.0 63.2 6.6 FASTST M M 1 MAX(MPH)
MISC ----> 32 360 43 10
================================================================================
NOTES:
# LAST OF SEVERAL OCCURRENCES
COLUMN 17 PEAK WIND IN M.P.H.
PRELIMINARY LOCAL CLIMATOLOGICAL DATA (WS FORM: F-6) , PAGE 2
STATION: MUSKOGEE OKLAHOMA
MONTH: SEPTEMBER
YEAR: 2021
LATITUDE: 35 40 N
LONGITUDE: 95 22 W
[TEMPERATURE DATA] [PRECIPITATION DATA] SYMBOLS USED IN COLUMN 16
AVERAGE MONTHLY: 76.6 TOTAL FOR MONTH: 1.99 1 = FOG OR MIST
DPTR FM NORMAL: 3.4 DPTR FM NORMAL: -2.34 2 = FOG REDUCING VISIBILITY
HIGHEST: 98 ON 1 GRTST 24HR 1.56 ON 4- 5 TO 1/4 MILE OR LESS
LOWEST: 44 ON 23 3 = THUNDER
SNOW, ICE PELLETS, HAIL 4 = ICE PELLETS
TOTAL MONTH: 0.0 INCH 5 = HAIL
GRTST 24HR 0.0 6 = FREEZING RAIN OR DRIZZLE
GRTST DEPTH: M ON M 7 = DUSTSTORM OR SANDSTORM:
VSBY 1/2 MILE OR LESS
8 = SMOKE OR HAZE
[NO. OF DAYS WITH] [WEATHER - DAYS WITH] 9 = BLOWING SNOW
X = TORNADO
MAX 32 OR BELOW: 0 0.01 INCH OR MORE: 5
MAX 90 OR ABOVE: 19 0.10 INCH OR MORE: 4
MIN 32 OR BELOW: 0 0.50 INCH OR MORE: 1
MIN 0 OR BELOW: 0 1.00 INCH OR MORE: 1
[HDD (BASE 65) ]
TOTAL THIS MO. 1 CLEAR (SCALE 0-3) 27
DPTR FM NORMAL -14 PTCLDY (SCALE 4-7) 3
TOTAL FM JUL 1 1 CLOUDY (SCALE 8-10) 0
DPTR FM NORMAL -13
[CDD (BASE 65) ]
TOTAL THIS MO. 357
DPTR FM NORMAL 96 [PRESSURE DATA]
TOTAL FM JAN 1 1844 HIGHEST SLP 30.37 ON 22
DPTR FM NORMAL 0 LOWEST SLP 29.74 ON 20
[REMARKS]
#FINAL-09-21#