000
CXUS54 KMOB 011609
CF6MOB
PRELIMINARY LOCAL CLIMATOLOGICAL DATA (WS FORM: F-6)
STATION: MOBILE
MONTH: DECEMBER
YEAR: 2023
LATITUDE: 30 40 N
LONGITUDE: 88 15 W
TEMPERATURE IN F: :PCPN: SNOW: WIND :SUNSHINE: SKY :PK WND
================================================================================
1 2 3 4 5 6A 6B 7 8 9 10 11 12 13 14 15 16 17 18
12Z AVG MX 2MIN
DY MAX MIN AVG DEP HDD CDD WTR SNW DPTH SPD SPD DIR MIN PSBL S-S WX SPD DR
================================================================================
1 78 57 68 12 0 3 0.60 0.0 0 7.8 18 140 M M 8 138 26 250
2 71 68 70 15 0 5 3.10 0.0 0 8.3 22 110 M M 10 13 27 110
3 72 56 64 9 1 0 T 0.0 0 2.5 12 310 M M 8 12 18 300
4 69 47 58 3 7 0 0.00 0.0 0 3.4 10 290 M M 5 1 17 270
5 66 41 54 -1 11 0 0.00 0.0 0 3.9 12 330 M M 4 16 300
6 59 37 48 -7 17 0 0.00 0.0 0 7.8 18 10 M M 4 25 330
7 64 34 49 -5 16 0 0.00 0.0 0 2.5 10 210 M M 3 15 210
8 73 50 62 8 3 0 0.02 0.0 0 5.7 14 120 M M 6 12 18 120
9 80 63 72 18 0 7 0.00 0.0 0 7.5 16 160 M M 8 123 25 180
10 72 42 57 3 8 0 0.68 0.0 0 9.0 24 330 M M 7 13 36 340
11 60 37 49 -5 16 0 0.00 0.0 0 5.4 15 20 M M 1 19 10
12 62 38 50 -4 15 0 0.00 0.0 0 8.1 15 10 M M 4 21 30
13 65 41 53 -1 12 0 0.00 0.0 0 9.1 14 10 M M 3 20 40
14 69 45 57 3 8 0 0.00 0.0 0 10.0 18 60 M M 5 26 50
15 70 48 59 6 6 0 0.00 0.0 0 10.3 17 90 M M 6 23 100
16 61 53 57 4 8 0 0.10 0.0 0 9.0 14 60 M M 8 20 60
17 63 45 54 1 11 0 0.01 0.0 0 8.1 17 320 M M 7 1 26 320
18 67 38 53 0 12 0 0.00 0.0 0 6.4 17 340 M M 0 23 340
19 57 36 47 -6 18 0 0.00 0.0 0 7.8 16 340 M M 2 8 23 340
20 61 39 50 -3 15 0 0.00 0.0 0 5.6 12 30 M M 4 16 40
21 66 38 52 0 13 0 0.00 0.0 0 3.7 10 100 M M 5 14 60
22 71 49 60 8 5 0 0.00 0.0 0 5.2 12 110 M M 4 16 140
23 72 49 61 9 4 0 0.00 0.0 0 5.6 13 110 M M 4 19 110
24 67 58 63 11 2 0 1.27 0.0 0 13.8 29 130 M M 7 13 38 150
25 74 50 62 10 3 0 0.32 0.0 0 7.3 31 120 M M 8 1 46 130
26 58 44 51 -1 14 0 0.00 0.0 0 5.7 15 330 M M 8 18 18 330
27 60 43 52 0 13 0 0.00 0.0 0 3.3 9 200 M M 7 1 12 190
28 54 37 46 -6 19 0 0.00 0.0 0 6.4 13 270 M M 2 20 250
29 54 31 43 -9 22 0 0.00 0.0 0 5.6 13 220 M M 1 23 230
30 57 34 46 -5 19 0 0.00 0.0 0 2.9 10 330 M M 0 16 280
31 65 30 48 -3 17 0 0.00 0.0 0 3.0 13 190 M M 10 1 17 180
================================================================================
SM 2037 1378 315 15 6.10 0.0 200.7 M 159
================================================================================
AV 65.7 44.5 6.5 FASTST M M 5 MAX(MPH)
MISC ----> 31 120 46 130
================================================================================
NOTES:
# LAST OF SEVERAL OCCURRENCES
COLUMN 17 PEAK WIND IN M.P.H.
PRELIMINARY LOCAL CLIMATOLOGICAL DATA (WS FORM: F-6) , PAGE 2
STATION: MOBILE
MONTH: DECEMBER
YEAR: 2023
LATITUDE: 30 40 N
LONGITUDE: 88 15 W
[TEMPERATURE DATA] [PRECIPITATION DATA] SYMBOLS USED IN COLUMN 16
AVERAGE MONTHLY: 55.1 TOTAL FOR MONTH: 6.10 1 = FOG OR MIST
DPTR FM NORMAL: 1.8 DPTR FM NORMAL: 0.65 2 = FOG REDUCING VISIBILITY
HIGHEST: 80 ON 9 GRTST 24HR 3.10 ON 1- 2 TO 1/4 MILE OR LESS
LOWEST: 30 ON 31 3 = THUNDER
SNOW, ICE PELLETS, HAIL 4 = ICE PELLETS
TOTAL MONTH: 0.0 INCH 5 = HAIL
GRTST 24HR 0.0 6 = FREEZING RAIN OR DRIZZLE
GRTST DEPTH: 0 7 = DUSTSTORM OR SANDSTORM:
VSBY 1/2 MILE OR LESS
8 = SMOKE OR HAZE
[NO. OF DAYS WITH] [WEATHER - DAYS WITH] 9 = BLOWING SNOW
X = TORNADO
MAX 32 OR BELOW: 0 0.01 INCH OR MORE: 8
MAX 90 OR ABOVE: 0 0.10 INCH OR MORE: 6
MIN 32 OR BELOW: 2 0.50 INCH OR MORE: 4
MIN 0 OR BELOW: 0 1.00 INCH OR MORE: 2
[HDD (BASE 65) ]
TOTAL THIS MO. 315 CLEAR (SCALE 0-3) 6
DPTR FM NORMAL -65 PTCLDY (SCALE 4-7) 23
TOTAL FM JUL 1 521 CLOUDY (SCALE 8-10) 2
DPTR FM NORMAL -127
[CDD (BASE 65) ]
TOTAL THIS MO. 15
DPTR FM NORMAL -1 [PRESSURE DATA]
TOTAL FM JAN 1 3330 HIGHEST SLP 30.53 ON 14
DPTR FM NORMAL 731 LOWEST SLP 29.76 ON 25
[REMARKS]
#FINAL-12-23#