000
CXUS54 KHUN 052242
CF6MSL
PRELIMINARY LOCAL CLIMATOLOGICAL DATA (WS FORM: F-6)
STATION: MUSCLE SHOALS
MONTH: JANUARY
YEAR: 2024
LATITUDE: 34 45 N
LONGITUDE: 87 37 W
TEMPERATURE IN F: :PCPN: SNOW: WIND :SUNSHINE: SKY :PK WND
================================================================================
1 2 3 4 5 6A 6B 7 8 9 10 11 12 13 14 15 16 17 18
12Z AVG MX 2MIN
DY MAX MIN AVG DEP HDD CDD WTR SNW DPTH SPD SPD DIR MIN PSBL S-S WX SPD DR
================================================================================
1 43 36 40 -3 25 0 0.00 0.0 0 7.8 15 50 M M 9 22 60
2 48 25 37 -6 28 0 0.00 0.0 0 2.4 10 40 M M 3 14 30
3 42 25 34 -9 31 0 0.00 0.0 0 1.3 8 310 M M 3 1 10 320
4 42 24 33 -10 32 0 0.00 0.0 0 4.9 15 30 M M 5 12 21 50
5 51 20 36 -7 29 0 0.17 0.0 0 7.1 18 160 M M 3 1 25 140
6 47 41 44 1 21 0 0.14 0.0 0 8.2 16 260 M M 10 1 24 220
7 52 31 42 -1 23 0 0.01 0.0 0 8.0 21 280 M M 5 1 28 280
8 57 29 43 0 22 0 1.21 0.0 0 12.7 35 150 M M 4 1 49 150
9 52 38 45 2 20 0 0.95 T 0 18.7 33 270 M M 10 1 53 250
10 51 37 44 1 21 0 T T 0 10.3 23 270 M M 4 31 260
11 63 36 50 7 15 0 0.00 0.0 0 7.0 20 160 M M 1 27 160
12 60 32 46 3 19 0 0.74 T 0 18.8 35 150 M M 8 13 53 150
13 47 28 38 -5 27 0 T T 0 8.5 25 260 M M 2 32 280
14 34 25 30 -13 35 0 0.11 0.2 0 6.2 13 320 M M 6 168 17 310
15 25 16 21 -22 44 0 0.61 2.8 T 7.4 14 20 M M 10 128 18 20
16 22 10 16 -27 49 0 0.00 0.0 3 8.4 17 350 M M 3 27 340
17 31 3 17 -26 48 0 0.00 0.0 3 2.7 8 110 M M 0 11 110
18 38 17 28 -15 37 0 0.16 T 3 5.7 16 290 M M 7 128 21 200
19 36 19 28 -15 37 0 0.00 0.0 1 9.2 17 310 M M 7 26 350
20 24 13 19 -24 46 0 0.00 0.0 0 7.8 15 20 M M 1 20 30
21 33 12 23 -20 42 0 0.00 0.0 0 4.8 10 60 M M 0 16 70
22 50 22 36 -7 29 0 0.00 0.0 0 5.9 13 140 M M 2 17 140
23 55 42 49 6 16 0 0.03 0.0 0 6.5 13 110 M M 9 1 16 110
24 62 53 58 15 7 0 2.03 0.0 0 6.6 17 150 M M 10 12 24 140
25 66 57 62 19 3 0 1.50 0.0 0 5.7 23 270 M M 9 123 30 270
26 69 51 60 17 5 0 0.00 0.0 0 1.6 9 40 M M 5 12 12 30
27 68 45 57 14 8 0 1.07 0.0 0 12.7 31 250 M M 9 1 40 250
28 48 43 46 3 19 0 0.00 0.0 0 13.0 24 290 M M 10 18 32 280
29 50 32 41 -3 24 0 0.00 0.0 0 4.2 12 320 M M 6 1 18 320
30 67 29 48 4 17 0 T 0.0 0 7.1 18 280 M M 1 12 26 320
31 55 32 44 0 21 0 0.00 0.0 0 5.0 14 20 M M 1 19 20
================================================================================
SM 1488 923 800 0 8.73 3.0 236.2 M 163
================================================================================
AV 48.0 29.8 7.6 FASTST M M 5 MAX(MPH)
MISC ----> # 35 150 # 53 250
================================================================================
NOTES:
# LAST OF SEVERAL OCCURRENCES
COLUMN 17 PEAK WIND IN M.P.H.
PRELIMINARY LOCAL CLIMATOLOGICAL DATA (WS FORM: F-6) , PAGE 2
STATION: MUSCLE SHOALS
MONTH: JANUARY
YEAR: 2024
LATITUDE: 34 45 N
LONGITUDE: 87 37 W
[TEMPERATURE DATA] [PRECIPITATION DATA] SYMBOLS USED IN COLUMN 16
AVERAGE MONTHLY: 38.9 TOTAL FOR MONTH: 8.73 1 = FOG OR MIST
DPTR FM NORMAL: -4.0 DPTR FM NORMAL: 4.02 2 = FOG REDUCING VISIBILITY
HIGHEST: 69 ON 26 GRTST 24HR 2.03 ON 24-24 TO 1/4 MILE OR LESS
LOWEST: 3 ON 17 3 = THUNDER
SNOW, ICE PELLETS, HAIL 4 = ICE PELLETS
TOTAL MONTH: 3.0 INCHES 5 = HAIL
GRTST 24HR 2.8 ON 15-15 6 = FREEZING RAIN OR DRIZZLE
GRTST DEPTH: 3 ON 18,17 7 = DUSTSTORM OR SANDSTORM:
VSBY 1/2 MILE OR LESS
8 = SMOKE OR HAZE
[NO. OF DAYS WITH] [WEATHER - DAYS WITH] 9 = BLOWING SNOW
X = TORNADO
MAX 32 OR BELOW: 4 0.01 INCH OR MORE: 13
MAX 90 OR ABOVE: 0 0.10 INCH OR MORE: 11
MIN 32 OR BELOW: 20 0.50 INCH OR MORE: 7
MIN 0 OR BELOW: 0 1.00 INCH OR MORE: 4
[HDD (BASE 65) ]
TOTAL THIS MO. 800 CLEAR (SCALE 0-3) 11
DPTR FM NORMAL 116 PTCLDY (SCALE 4-7) 10
TOTAL FM JUL 1 1768 CLOUDY (SCALE 8-10) 10
DPTR FM NORMAL -36
[CDD (BASE 65) ]
TOTAL THIS MO. 0
DPTR FM NORMAL -1 [PRESSURE DATA]
TOTAL FM JAN 1 0 HIGHEST SLP 30.68 ON 21
DPTR FM NORMAL -1 LOWEST SLP 29.27 ON 9
[REMARKS]
#FINAL-01-24#