000
CXUS55 KRIW 011110
CF6P60
PRELIMINARY LOCAL CLIMATOLOGICAL DATA (WS FORM: F-6)
STATION: LAKE YELLOWSTONE WY
MONTH: FEBRUARY
YEAR: 2021
LATITUDE: 44 32 N
LONGITUDE: 110 25 W
TEMPERATURE IN F: :PCPN: SNOW: WIND :SUNSHINE: SKY :PK WND
================================================================================
1 2 3 4 5 6A 6B 7 8 9 10 11 12 13 14 15 16 17 18
12Z AVG MX 2MIN
DY MAX MIN AVG DEP HDD CDD WTR SNW DPTH SPD SPD DIR MIN PSBL S-S WX SPD DR
================================================================================
1 26 -12 7 -6 58 0 0.00 M M 0.1 5 120 M M 0 6 110
2 37 13 25 12 40 0 0.00 M M 1.5 9 260 M M 0 19 200
3 28 0 14 1 51 0 0.29 M M 5.5 15 280 M M 0 27 270
4 20 0 10 -3 55 0 0.07 M M 5.3 16 280 M M 0 26 270
5 24 13 19 6 46 0 0.34 M M 5.8 17 280 M M 0 27 280
6 21 13 17 4 48 0 0.22 M M 6.5 18 270 M M 0 34 280
7 22 9 16 3 49 0 0.16 M M 7.2 15 260 M M 0 37 270
8 18 1 10 -3 55 0 0.08 M M 4.4 15 280 M M 0 26 230
9 23 -4 10 -3 55 0 0.00 M M 5.7 16 260 M M 0 36 270
10 19 -3 8 -6 57 0 0.00 M M 5.3 15 260 M M 0 32 270
11 22 -4 9 -5 56 0 0.14 M M 2.5 15 270 M M 0 26 270
12 17 -4 7 -7 58 0 0.54 M M 0.8 8 310 M M 0 15 310
13 16 -4 6 -8 59 0 0.08 M M 0.7 7 80 M M 0 14 80
14 13 -13 0 -14 65 0 0.06 M M 0.4 7 220 M M 0 12 220
15 20 -2 9 -6 56 0 0.19 M M 0.7 8 270 M M 0 14 280
16 26 10 18 3 47 0 0.07 M M 4.4 14 270 M M 0 26 280
17 21 0 11 -4 54 0 0.01 M M 2.4 12 290 M M 0 20 320
18 19 2 11 -4 54 0 0.00 M M 2.1 12 270 M M 0 19 260
19 26 8 17 1 48 0 0.09 M M 1.8 14 270 M M 0 24 270
20 22 -3 10 -6 55 0 0.03 M M 1.2 10 310 M M 0 22 360
21 21 -8 7 -9 58 0 0.02 M M 3.1 14 270 M M 0 27 290
22 27 15 21 5 44 0 0.04 M M 5.9 18 250 M M 0 37 280
23 27 -8 10 -7 55 0 0.01 M M 8.6 21 290 M M 0 39 240
24 16 -15 1 -16 64 0 0.00 M M 1.8 8 300 M M 0 15 300
25 17 -24 -3 -20 68 0 0.01 M M 2.4 14 250 M M 0 25 250
26 19 8 14 -4 51 0 0.00 M M 3.9 13 260 M M 0 29 230
27 19 -11 4 -14 61 0 0.00 M M 1.8 9 290 M M 0 18 330
28 19 -20 0 -18 65 0 0.00 M M 1.6 13 280 M M 0 20 240
================================================================================
SM 605 -43 1532 0 2.45 M 93.4 M 0
================================================================================
AV 21.6 -1.5 3.3 FASTST M M 0 MAX(MPH)
MISC ----> 21 290 39 240
================================================================================
NOTES:
# LAST OF SEVERAL OCCURRENCES
COLUMN 17 PEAK WIND IN M.P.H.
PRELIMINARY LOCAL CLIMATOLOGICAL DATA (WS FORM: F-6) , PAGE 2
STATION: LAKE YELLOWSTONE WY
MONTH: FEBRUARY
YEAR: 2021
LATITUDE: 44 32 N
LONGITUDE: 110 25 W
[TEMPERATURE DATA] [PRECIPITATION DATA] SYMBOLS USED IN COLUMN 16
AVERAGE MONTHLY: 10.0 TOTAL FOR MONTH: 2.45 1 = FOG OR MIST
DPTR FM NORMAL: -4.8 DPTR FM NORMAL: 1.04 2 = FOG REDUCING VISIBILITY
HIGHEST: 37 ON 2 GRTST 24HR 0.58 ON 11-12 TO 1/4 MILE OR LESS
LOWEST: -24 ON 25 3 = THUNDER
SNOW, ICE PELLETS, HAIL 4 = ICE PELLETS
TOTAL MONTH: M 5 = HAIL
GRTST 24HR M ON M 6 = FREEZING RAIN OR DRIZZLE
GRTST DEPTH: M ON M 7 = DUSTSTORM OR SANDSTORM:
VSBY 1/2 MILE OR LESS
8 = SMOKE OR HAZE
[NO. OF DAYS WITH] [WEATHER - DAYS WITH] 9 = BLOWING SNOW
X = TORNADO
MAX 32 OR BELOW: 27 0.01 INCH OR MORE: 19
MAX 90 OR ABOVE: 0 0.10 INCH OR MORE: 7
MIN 32 OR BELOW: 28 0.50 INCH OR MORE: 1
MIN 0 OR BELOW: 18 1.00 INCH OR MORE: 0
[HDD (BASE 65) ]
TOTAL THIS MO. 1532 CLEAR (SCALE 0-3) 28
DPTR FM NORMAL 126 PTCLDY (SCALE 4-7) 0
TOTAL FM JUL 1 8140 CLOUDY (SCALE 8-10) 0
DPTR FM NORMAL 205
[CDD (BASE 65) ]
TOTAL THIS MO. 0
DPTR FM NORMAL 0 [PRESSURE DATA]
TOTAL FM JAN 1 0 HIGHEST SLP 30.71 ON 25
DPTR FM NORMAL 0 LOWEST SLP 29.62 ON 16
[REMARKS]
#FINAL-02-21#