000
CXUS53 KILX 012354
CF6SPI
PRELIMINARY LOCAL CLIMATOLOGICAL DATA (WS FORM: F-6)
STATION: SPRINGFIELD IL
MONTH: AUGUST
YEAR: 2022
LATITUDE: 39 50 N
LONGITUDE: 89 41 W
TEMPERATURE IN F: :PCPN: SNOW: WIND :SUNSHINE: SKY :PK WND
================================================================================
1 2 3 4 5 6A 6B 7 8 9 10 11 12 13 14 15 16 17 18
12Z AVG MX 2MIN
DY MAX MIN AVG DEP HDD CDD WTR SNW DPTH SPD SPD DIR MIN PSBL S-S WX SPD DR
================================================================================
1 90 66 78 2 0 13 0.37 0.0 0 6.9 22 20 M M 3 13 34 350
2 83 66 75 -1 0 10 1.39 0.0 0 10.9 25 30 M M 5 138 34 30
3 92 72 82 6 0 17 0.13 0.0 0 9.1 28 200 M M 3 3 41 200
4 87 71 79 3 0 14 0.06 0.0 0 3.9 13 260 M M 5 13 20 190
5 87 72 80 4 0 15 0.00 0.0 0 4.6 9 150 M M 4 12 15 110
6 91 74 83 7 0 18 0.00 0.0 0 7.6 14 180 M M 2 21 180
7 91 76 84 8 0 19 T 0.0 0 6.6 12 210 M M 0 19 190
8 85 71 78 2 0 13 0.05 0.0 0 6.6 15 350 M M 4 20 210
9 80 64 72 -4 0 7 0.01 0.0 0 6.3 15 30 M M 6 21 80
10 82 59 71 -5 0 6 0.00 0.0 0 2.4 13 360 M M 0 19 40
11 86 58 72 -4 0 7 T 0.0 0 4.4 13 360 M M 3 1 17 10
12 81 55 68 -7 0 3 0.00 0.0 0 5.9 13 20 M M 1 18 20
13 84 61 73 -2 0 8 0.00 0.0 0 9.5 16 190 M M 1 25 200
14 84 68 76 1 0 11 0.00 0.0 0 7.8 15 340 M M 8 24 330
15 80 66 73 -2 0 8 T 0.0 0 6.9 13 30 M M 7 19 50
16 83 63 73 -2 0 8 0.00 0.0 0 5.7 12 60 M M 2 1 M M
17 83 58 71 -4 0 6 0.00 0.0 0 5.1 14 30 M M 1 18 20
18 83 57 70 -5 0 5 0.00 0.0 0 1.8 9 300 M M 0 13 270
19 85 60 73 -2 0 8 T 0.0 0 7.7 16 180 M M 2 24 210
20 84 66 75 0 0 10 1.87 0.0 0 7.0 24 190 M M 7 13 31 180
21 80 62 71 -3 0 6 T 0.0 0 5.8 13 350 M M 5 1 17 350
22 83 61 72 -2 0 7 0.00 0.0 0 3.2 10 30 M M 2 1 16 20
23 83 62 73 -1 0 8 0.00 0.0 0 1.7 9 30 M M 4 13 350
24 84 61 73 -1 0 8 0.00 0.0 0 1.8 7 200 M M 3 11 180
25 85 64 75 1 0 10 0.30 0.0 0 4.9 16 260 M M 4 13 24 260
26 84 65 75 1 0 10 0.00 0.0 0 4.7 13 60 M M 2 1 16 10
27 86 64 75 1 0 10 0.00 0.0 0 5.3 10 110 M M 2 15 100
28 88 70 79 6 0 14 0.88 0.0 0 8.1 25 280 M M 3 13 40 260
29 89 68 79 6 0 14 0.30 0.0 0 8.3 30 260 M M 3 3 44 260
30 82 60 71 -2 0 6 0.03 0.0 0 6.7 16 310 M M 1 3 24 300
31 83 55 69 -4 0 4 0.00 0.0 0 1.6 9 280 M M 0 12 320
================================================================================
SM 2628 1995 0 303 5.39 0.0 178.8 M 93
================================================================================
AV 84.8 64.4 5.8 FASTST M M 3 MAX(MPH)
MISC ----> 30 260 44 260
================================================================================
NOTES:
# LAST OF SEVERAL OCCURRENCES
COLUMN 17 PEAK WIND IN M.P.H.
PRELIMINARY LOCAL CLIMATOLOGICAL DATA (WS FORM: F-6) , PAGE 2
STATION: SPRINGFIELD IL
MONTH: AUGUST
YEAR: 2022
LATITUDE: 39 50 N
LONGITUDE: 89 41 W
[TEMPERATURE DATA] [PRECIPITATION DATA] SYMBOLS USED IN COLUMN 16
AVERAGE MONTHLY: 74.6 TOTAL FOR MONTH: 5.39 1 = FOG OR MIST
DPTR FM NORMAL: -0.3 DPTR FM NORMAL: 2.02 2 = FOG REDUCING VISIBILITY
HIGHEST: 92 ON 3 GRTST 24HR 1.87 ON 19-20 TO 1/4 MILE OR LESS
LOWEST: 55 ON 31,12 3 = THUNDER
SNOW, ICE PELLETS, HAIL 4 = ICE PELLETS
TOTAL MONTH: 0.0 INCH 5 = HAIL
GRTST 24HR 0.0 6 = FREEZING RAIN OR DRIZZLE
GRTST DEPTH: 0 7 = DUSTSTORM OR SANDSTORM:
VSBY 1/2 MILE OR LESS
8 = SMOKE OR HAZE
[NO. OF DAYS WITH] [WEATHER - DAYS WITH] 9 = BLOWING SNOW
X = TORNADO
MAX 32 OR BELOW: 0 0.01 INCH OR MORE: 11
MAX 90 OR ABOVE: 4 0.10 INCH OR MORE: 7
MIN 32 OR BELOW: 0 0.50 INCH OR MORE: 3
MIN 0 OR BELOW: 0 1.00 INCH OR MORE: 2
[HDD (BASE 65) ]
TOTAL THIS MO. 0 CLEAR (SCALE 0-3) 19
DPTR FM NORMAL -3 PTCLDY (SCALE 4-7) 12
TOTAL FM JUL 1 0 CLOUDY (SCALE 8-10) 0
DPTR FM NORMAL -1
[CDD (BASE 65) ]
TOTAL THIS MO. 303
DPTR FM NORMAL -5 [PRESSURE DATA]
TOTAL FM JAN 1 1125 HIGHEST SLP 30.24 ON 12
DPTR FM NORMAL 56 LOWEST SLP 29.79 ON 28
[REMARKS]
#FINAL-08-22#