000
CXUS56 KLKN 011210
CF6TPH
PRELIMINARY LOCAL CLIMATOLOGICAL DATA (WS FORM: F-6)
STATION: TONOPAH AIRPORT NV
MONTH: APRIL
YEAR: 2023
LATITUDE: 38 3 N
LONGITUDE: 117 5 W
TEMPERATURE IN F: :PCPN: SNOW: WIND :SUNSHINE: SKY :PK WND
================================================================================
1 2 3 4 5 6A 6B 7 8 9 10 11 12 13 14 15 16 17 18
12Z AVG MX 2MIN
DY MAX MIN AVG DEP HDD CDD WTR SNW DPTH SPD SPD DIR MIN PSBL S-S WX SPD DR
================================================================================
1 60 26 43 -4 22 0 0.00 M M 7.8 15 350 M M 0 22 170
2 65 29 47 0 18 0 0.00 M M 8.7 24 220 M M 1 33 180
3 41 22 32 -15 33 0 T M M 25.7 39 340 M M 2 8 55 330
4 38 20 29 -19 36 0 0.00 M M 18.6 31 350 M M 2 46 320
5 46 17 32 -16 33 0 0.00 M M 6.0 17 270 M M 0 25 290
6 57 22 40 -8 25 0 0.00 M M 6.2 15 180 M M 0 19 160
7 62 31 47 -1 18 0 0.00 M M 8.6 21 200 M M 2 29 170
8 64 32 48 0 17 0 0.00 M M 6.1 13 360 M M 0 16 300
9 72 35 54 6 11 0 0.00 M M 5.9 14 10 M M 0 17 10
10 78 41 60 11 5 0 0.00 M M 11.4 30 190 M M 0 49 160
11 76 39 58 9 7 0 0.00 M M 7.9 20 250 M M 0 32 260
12 74 39 57 8 8 0 0.00 M M 12.8 29 320 M M 3 42 330
13 55 32 44 -5 21 0 0.00 M M 17.8 31 360 M M 1 42 20
14 59 28 44 -5 21 0 0.00 M M 10.3 18 330 M M 0 27 320
15 68 29 49 -1 16 0 0.00 M M 9.1 21 170 M M 0 30 170
16 72 34 53 3 12 0 0.00 M M 9.7 22 200 M M 0 35 190
17 65 37 51 1 14 0 0.00 M M 10.2 28 320 M M 2 38 320
18 53 34 44 -6 21 0 0.00 M M 18.2 31 320 M M 1 40 320
19 53 24 39 -11 26 0 0.00 M M 12.4 25 320 M M 0 39 290
20 62 28 45 -6 20 0 0.00 M M 11.1 24 340 M M 0 33 350
21 69 41 55 4 10 0 0.00 M M 14.8 31 320 M M 0 41 320
22 69 38 54 3 11 0 0.00 M M 11.0 21 330 M M 0 29 320
23 73 46 60 8 5 0 T M M 10.8 22 360 M M 4 30 350
24 72 39 56 4 9 0 0.00 M M 14.6 30 340 M M 0 42 330
25 69 40 55 3 10 0 0.00 M M 14.1 24 320 M M 0 32 320
26 74 37 56 4 9 0 0.00 M M 10.4 20 10 M M 0 30 290
27 79 44 62 9 3 0 0.00 M M 10.2 20 320 M M 0 29 320
28 76 49 63 10 2 0 0.00 M M 12.1 17 10 M M 0 22 10
29 79 54 67 14 0 2 0.00 M M M M M M M 0 M M
30 76 52 64 10 1 0 0.00 M M M M M M M 0 M M
================================================================================
SM 1956 1039 444 2 T M 322.5 M 18
================================================================================
AV 65.2 34.6 11.5 FASTST M M 1 MAX(MPH)
MISC ----> 39 340 55 330
================================================================================
NOTES:
# LAST OF SEVERAL OCCURRENCES
COLUMN 17 PEAK WIND IN M.P.H.
PRELIMINARY LOCAL CLIMATOLOGICAL DATA (WS FORM: F-6) , PAGE 2
STATION: TONOPAH AIRPORT NV
MONTH: APRIL
YEAR: 2023
LATITUDE: 38 3 N
LONGITUDE: 117 5 W
[TEMPERATURE DATA] [PRECIPITATION DATA] SYMBOLS USED IN COLUMN 16
AVERAGE MONTHLY: 49.9 TOTAL FOR MONTH: T 1 = FOG OR MIST
DPTR FM NORMAL: 0.0 DPTR FM NORMAL: -0.29 2 = FOG REDUCING VISIBILITY
HIGHEST: 79 ON 29,27 GRTST 24HR T ON 3- 3 TO 1/4 MILE OR LESS
LOWEST: 17 ON 5 3 = THUNDER
SNOW, ICE PELLETS, HAIL 4 = ICE PELLETS
TOTAL MONTH: M 5 = HAIL
GRTST 24HR M ON M 6 = FREEZING RAIN OR DRIZZLE
GRTST DEPTH: M ON M 7 = DUSTSTORM OR SANDSTORM:
VSBY 1/2 MILE OR LESS
8 = SMOKE OR HAZE
[NO. OF DAYS WITH] [WEATHER - DAYS WITH] 9 = BLOWING SNOW
X = TORNADO
MAX 32 OR BELOW: 0 0.01 INCH OR MORE: 0
MAX 90 OR ABOVE: 0 0.10 INCH OR MORE: 0
MIN 32 OR BELOW: 13 0.50 INCH OR MORE: 0
MIN 0 OR BELOW: 0 1.00 INCH OR MORE: 0
[HDD (BASE 65) ]
TOTAL THIS MO. 444 CLEAR (SCALE 0-3) 29
DPTR FM NORMAL -8 PTCLDY (SCALE 4-7) 1
TOTAL FM JUL 1 5458 CLOUDY (SCALE 8-10) 0
DPTR FM NORMAL 449
[CDD (BASE 65) ]
TOTAL THIS MO. 2
DPTR FM NORMAL 2 [PRESSURE DATA]
TOTAL FM JAN 1 2 HIGHEST SLP 30.27 ON 21
DPTR FM NORMAL 2 LOWEST SLP 29.47 ON 12
[REMARKS]
#FINAL-04-23#