000
CXUS56 KLOX 011655
CF6WJF
PRELIMINARY LOCAL CLIMATOLOGICAL DATA (WS FORM: F-6)
STATION: LANCASTER FOX FIELD CA
MONTH: JUNE
YEAR: 2020
LATITUDE: 34 43 N
LONGITUDE: 118 13 W
TEMPERATURE IN F: :PCPN: SNOW: WIND :SUNSHINE: SKY :PK WND
================================================================================
1 2 3 4 5 6A 6B 7 8 9 10 11 12 13 14 15 16 17 18
12Z AVG MX 2MIN
DY MAX MIN AVG DEP HDD CDD WTR SNW DPTH SPD SPD DIR MIN PSBL S-S WX SPD DR
================================================================================
1 89 59 74 2 0 9 0.00 0.0 0 10.6 18 240 M M 0 35 330
2 95 54 75 3 0 10 0.00 0.0 0 6.8 17 210 M M 0 22 210
3 101 58 80 7 0 15 0.00 0.0 0 7.6 28 260 M M 0 33 260
4 99 70 85 12 0 20 0.00 0.0 0 11.3 28 250 M M 0 34 220
5 73 58 66 -7 0 1 0.00 0.0 0 21.4 37 240 M M 0 38 46 240
6 73 56 65 -9 0 0 0.00 0.0 0 23.0 36 240 M M 1 45 250
7 69 50 60 -14 5 0 0.00 0.0 0 24.1 39 290 M M 0 45 280
8 79 48 64 -10 1 0 0.00 0.0 0 11.7 28 70 M M 0 36 70
9 90 42 66 -8 0 1 0.00 0.0 0 6.2 20 60 M M 0 30 270
10 96 50 73 -2 0 8 0.00 0.0 0 6.3 22 250 M M 0 27 240
11 97 56 77 2 0 12 0.00 0.0 0 10.4 25 230 M M 0 34 240
12 86 56 71 -4 0 6 0.00 0.0 0 16.3 30 220 M M 0 38 230
13 80 54 67 -8 0 2 0.00 0.0 0 25.5 40 280 M M 0 45 280
14 90 57 74 -2 0 9 0.00 0.0 0 13.5 31 280 M M 0 38 280
15 94 58 76 0 0 11 0.00 0.0 0 13.6 30 270 M M 0 36 270
16 86 64 75 -1 0 10 0.00 0.0 0 22.3 36 260 M M 0 8 43 270
17 90 61 76 0 0 11 0.00 0.0 0 13.0 30 260 M M 0 38 270
18 94 52 73 -4 0 8 0.00 0.0 0 9.5 24 240 M M 0 29 240
19 99 56 78 1 0 13 0.00 0.0 0 10.0 24 260 M M 0 28 260
20 100 68 84 7 0 19 0.00 0.0 0 10.6 26 250 M M 0 31 250
21 98 73 86 8 0 21 0.00 0.0 0 14.4 24 250 M M 0 30 240
22 99 67 83 5 0 18 0.00 0.0 0 11.3 25 240 M M 0 31 240
23 101 61 81 3 0 16 0.00 0.0 0 11.7 25 250 M M 0 33 240
24 100 71 86 8 0 21 0.00 0.0 0 14.2 25 240 M M 0 34 250
25 96 75 86 7 0 21 0.00 0.0 0 18.0 31 220 M M 0 39 230
26 100 64 82 3 0 17 0.00 0.0 0 9.2 25 250 M M 0 30 240
27 100 72 86 7 0 21 0.00 0.0 0 16.0 31 220 M M 0 39 230
28 75 59 67 -13 0 2 0.00 0.0 0 27.8 40 220 M M 0 48 220
29 82 56 69 -11 0 4 0.00 0.0 0 16.6 31 280 M M 0 37 280
30 94 54 74 -6 0 9 0.00 0.0 0 7.5 25 250 M M 0 8 30 250
================================================================================
SM 2725 1779 6 315 0.00 0.0 420.4 M 1
================================================================================
AV 90.8 59.3 14.0 FASTST M M 0 MAX(MPH)
MISC ----> # 40 280 # 48 220
================================================================================
NOTES:
# LAST OF SEVERAL OCCURRENCES
COLUMN 17 PEAK WIND IN M.P.H.
PRELIMINARY LOCAL CLIMATOLOGICAL DATA (WS FORM: F-6) , PAGE 2
STATION: LANCASTER FOX FIELD CA
MONTH: JUNE
YEAR: 2020
LATITUDE: 34 43 N
LONGITUDE: 118 13 W
[TEMPERATURE DATA] [PRECIPITATION DATA] SYMBOLS USED IN COLUMN 16
AVERAGE MONTHLY: 75.1 TOTAL FOR MONTH: 0.00 1 = FOG OR MIST
DPTR FM NORMAL: -1.0 DPTR FM NORMAL: -0.05 2 = FOG REDUCING VISIBILITY
HIGHEST: 101 ON 23, 3 GRTST 24HR 0.00 ON 30-30 TO 1/4 MILE OR LESS
LOWEST: 42 ON 9 3 = THUNDER
SNOW, ICE PELLETS, HAIL 4 = ICE PELLETS
TOTAL MONTH: 0.0 INCH 5 = HAIL
GRTST 24HR 0.0 6 = FREEZING RAIN OR DRIZZLE
GRTST DEPTH: 0 7 = DUSTSTORM OR SANDSTORM:
VSBY 1/2 MILE OR LESS
8 = SMOKE OR HAZE
[NO. OF DAYS WITH] [WEATHER - DAYS WITH] 9 = BLOWING SNOW
X = TORNADO
MAX 32 OR BELOW: 0 0.01 INCH OR MORE: 0
MAX 90 OR ABOVE: 20 0.10 INCH OR MORE: 0
MIN 32 OR BELOW: 0 0.50 INCH OR MORE: 0
MIN 0 OR BELOW: 0 1.00 INCH OR MORE: 0
[HDD (BASE 65) ]
TOTAL THIS MO. 6 CLEAR (SCALE 0-3) 30
DPTR FM NORMAL -2 PTCLDY (SCALE 4-7) 0
TOTAL FM JUL 1 2943 CLOUDY (SCALE 8-10) 0
DPTR FM NORMAL 6
[CDD (BASE 65) ]
TOTAL THIS MO. 315
DPTR FM NORMAL -26 [PRESSURE DATA]
TOTAL FM JAN 1 551 HIGHEST SLP M ON M
DPTR FM NORMAL 21 LOWEST SLP 29.72 ON 28
[REMARKS]
#FINAL-06-20#