000
CXUS55 KLKN 052022
CLMWMC
CLIMATE REPORT
NATIONAL WEATHER SERVICE ELKO, NV
122 PM PDT FRI MAY 05 2023
...................................
...THE WINNEMUCCA AIRPORT NV CLIMATE SUMMARY FOR THE MONTH OF APRIL 2023...
CLIMATE NORMAL PERIOD 1991 TO 2020
CLIMATE RECORD PERIOD 1877 TO 2023
WEATHER OBSERVED NORMAL DEPART LAST YEAR`S
VALUE DATE(S) VALUE FROM VALUE DATE(S)
NORMAL
................................................................
TEMPERATURE (F)
RECORD
HIGH 90 04/29/2020
04/23/2012
04/22/2012
LOW 6 04/30/1972
HIGHEST 87 04/29 80 7 81 04/08
LOWEST 15 04/19 16 -1 15 04/06
04/20
04/10
AVG. MAXIMUM 63.0 63.5 -0.5 62.9
AVG. MINIMUM 29.9 31.6 -1.7 27.5
MEAN 46.4 47.6 -1.2 45.2
DAYS MAX >= 90 0 0.1 -0.1 0
DAYS MAX <= 32 0 0.0 0.0 0
DAYS MIN <= 32 19 18.0 1.0 21
DAYS MIN <= 0 0 0.0 0.0 0
PRECIPITATION (INCHES)
RECORD
MAXIMUM 3.34 1935
MINIMUM 0.06 1959
TOTALS 0.26 1.00 -0.74 0.40
DAILY AVG. 0.01 0.03 -0.02 0.01
DAYS >= .01 4 8.0 -4.0 9
DAYS >= .10 0 3.0 -3.0 1
DAYS >= .50 0 0.3 -0.3 0
DAYS >= 1.00 0 0.1 -0.1 0
GREATEST
24 HR. TOTAL 0.26 04/02 TO 04/03 0.13
SNOWFALL (INCHES)
RECORDS
TOTAL 12.0 1964
TOTALS 5.7 1.8 3.9 1.3
SINCE 7/1 34.9 21.9 13.0 MM
SNOWDEPTH AVG. 0 -1
DAYS >= TRACE 4 1.8 2.2 3
DAYS >= 1.0 2 0.6 1.4 0
DAYS >= 1.0 2 0
GREATEST
SNOW DEPTH 2 04/03 MM
24 HR TOTAL MM MM
DEGREE DAYS
HEATING TOTAL 548 524 24 587
SINCE 7/1 5902 5519 383 MM
COOLING TOTAL 0 0 0 0
SINCE 1/1 0 0 0 MM
................................................................
WIND (MPH)
AVERAGE WIND SPEED 8.2
HIGHEST WIND SPEED/DIRECTION 29/250 DATE 04/01
29/350 04/12
29/240 04/16
HIGHEST GUST SPEED/DIRECTION 41/250 DATE 04/01
41/350 04/12
41/220 04/18
AVERAGE RH (PERCENT) 49
WEATHER CONDITIONS. NUMBER OF DAYS WITH
THUNDERSTORM 1 MIXED PRECIP 0
HEAVY RAIN 0 RAIN 0
LIGHT RAIN 4 FREEZING RAIN 0
LT FREEZING RAIN 0 HAIL 0
HEAVY SNOW 1 SNOW 3
LIGHT SNOW 3 SLEET 0
FOG 3 FOG W/VIS <= 1/4 MILE 1
HAZE 1
- INDICATES NEGATIVE NUMBERS.
R INDICATES RECORD WAS SET OR TIED.
MM INDICATES DATA IS MISSING.
T INDICATES TRACE AMOUNT.
=====================================================================
...APRIL 2023 IN WINNEMUCCA WAS COLDER, DRIER, AND SNOWIER THAN
NORMAL...
...A RECORD DAILY LOW TEMPERATURE OF 15 WAS SET ON APRIL 19TH...
$$