000
CXUS53 KGRB 310701
CF6AUW
PRELIMINARY LOCAL CLIMATOLOGICAL DATA (WS FORM: F-6)

                                          STATION:   WAUSAU WI
                                          MONTH:     OCTOBER
                                          YEAR:      2014
                                          LATITUDE:   44 55 N
                                          LONGITUDE:  89 37 W

  TEMPERATURE IN F:       :PCPN:    SNOW:  WIND      :SUNSHINE: SKY     :PK WND
================================================================================
1   2   3   4   5  6A  6B    7    8   9   10  11  12  13   14  15   16   17  18
                                     12Z  AVG MX 2MIN
DY MAX MIN AVG DEP HDD CDD  WTR  SNW DPTH SPD SPD DIR MIN PSBL S-S WX    SPD DR
================================================================================

 1  61  44  53   1  12   0    T  0.0    0  9.2 17 130   M    M   8 1      21 130
 2  66  53  60   9   5   0 1.70  0.0    0  5.8 17 320   M    M   9 18     26 320
 3  55  37  46  -5  19   0 0.06  0.0    0 16.5 31 290   M    M  10 1      42 270
 4  45  33  39 -11  26   0 0.11    T    0 11.8 24 290   M    M  10 1      31 290
 5  47  34  41  -9  24   0 0.00  0.0    0 10.9 20 280   M    M  10        26 250
 6  53  35  44  -6  21   0 0.00  0.0    0  9.0 21 230   M    M   2        27 260
 7  60  41  51   2  14   0    T  0.0    0 11.6 29 270   M    M   6        35 310
 8  53  37  45  -4  20   0 0.00  0.0    0 13.7 31 280   M    M   1        40 270
 9  54  32  43  -6  22   0 0.00  0.0    0  7.5 16 280   M    M   0        20 300
10  55  31  43  -5  22   0 0.00  0.0    0  5.6 14 290   M    M   2        17 280
11  54  30  42  -6  23   0 0.00  0.0    0  3.9 10 170   M    M   1        12 170
12  60  31  46  -2  19   0 0.01  0.0    0  8.6 20 150   M    M   3 1      25 170
13  53  47  50   3  15   0 0.93  0.0    0  5.0 15  10   M    M  10 1      23 360
14  53  48  51   4  14   0 1.00  0.0    0 11.8 22  20   M    M  10 1      34  40
15  57  47  52   6  13   0 0.01  0.0    0  6.3 18 350   M    M  10        27 360
16  63  43  53   7  12   0 0.00  0.0    0  3.7  9 200   M    M   5 1      11 190
17  52  40  46   0  19   0 0.01  0.0    0 11.3 21 350   M    M   8 1      30 360
18  50  31  41  -4  24   0 0.05  0.0    0  7.2 17 340   M    M   5        25 360
19  55  29  42  -3  23   0    T  0.0    0  5.8 18 200   M    M   3 1      25 220
20  52  40  46   2  19   0    T  0.0    0  6.4 16 330   M    M   7 1      23 330
21  52  33  43  -1  22   0 0.00  0.0    0  5.2 14 360   M    M   5        19 360
22  55  29  42  -2  23   0 0.00  0.0    0  6.8 14 160   M    M   0        19 170
23  47  40  44   1  21   0 0.35  0.0    0  5.2 10 150   M    M  10 12     15 150
24  58  44  51   8  14   0 0.00  0.0    0  5.3 15 260   M    M   9 12     18 270
25  61  41  51   8  14   0 0.00  0.0    0 12.8 29 280   M    M   1 1      36 280
26  61  36  49   7  16   0 0.00  0.0    0  5.2 14 130   M    M   1        19 150
27  63  45  54  12  11   0 0.19  0.0    0  5.9 18 130   M    M   7 13     24 140
28  54  39  47   5  18   0    T  0.0    0 15.0 28 260   M    M   8 1      35 240
29  45  33  39  -2  26   0 0.00  0.0    0  9.3 22 280   M    M   8        30 280
30  45  32  39  -2  26   0    T  0.0    0  6.9 22 350   M    M   8        31 330
================================================================================
SM 1639 1135       557   0  4.42    T    249.2          M      177
================================================================================
AV 54.6 37.8                               8.3 FASTST   M    M   6    MAX(MPH)
                                 MISC ---->  # 31 290               # 42  270
================================================================================
NOTES:
# LAST OF SEVERAL OCCURRENCES

COLUMN 17 PEAK WIND IN M.P.H.

PRELIMINARY LOCAL CLIMATOLOGICAL DATA (WS FORM: F-6) , PAGE 2

                                          STATION:  WAUSAU WI
                                          MONTH:    OCTOBER
                                          YEAR:     2014
                                          LATITUDE:   44 55 N
                                          LONGITUDE:  89 37 W

[TEMPERATURE DATA]      [PRECIPITATION DATA]       SYMBOLS USED IN COLUMN 16

AVERAGE MONTHLY: 46.2   TOTAL FOR MONTH:   4.42    1 = FOG OR MIST
DPTR FM NORMAL:   0.0   DPTR FM NORMAL:    1.55    2 = FOG REDUCING VISIBILITY
HIGHEST:    66 ON  2    GRTST 24HR  1.89 ON 13-14      TO 1/4 MILE OR LESS
LOWEST:     29 ON 22,19                            3 = THUNDER
                        SNOW, ICE PELLETS, HAIL    4 = ICE PELLETS
                        TOTAL MONTH:    T          5 = HAIL
                        GRTST 24HR    T  ON  4- 4  6 = FREEZING RAIN OR DRIZZLE
                        GRTST DEPTH:   0           7 = DUSTSTORM OR SANDSTORM:
                                                       VSBY 1/2 MILE OR LESS
                                                   8 = SMOKE OR HAZE
[NO. OF DAYS WITH]      [WEATHER - DAYS WITH]      9 = BLOWING SNOW
                                                   X = TORNADO
MAX 32 OR BELOW:   0    0.01 INCH OR MORE:  11
MAX 90 OR ABOVE:   0    0.10 INCH OR MORE:   6
MIN 32 OR BELOW:   8    0.50 INCH OR MORE:   3
MIN  0 OR BELOW:   0    1.00 INCH OR MORE:   2

[HDD (BASE 65) ]
TOTAL THIS MO.   557    CLEAR  (SCALE 0-3)  10
DPTR FM NORMAL    -9    PTCLDY (SCALE 4-7)  10
TOTAL FM JUL 1   835    CLOUDY (SCALE 8-10) 10
DPTR FM NORMAL   -24

[CDD (BASE 65) ]
TOTAL THIS MO.     0
DPTR FM NORMAL     0    [PRESSURE DATA]
TOTAL FM JAN 1   338    HIGHEST SLP M ON M
DPTR FM NORMAL   -67    LOWEST  SLP 29.46 ON M

[REMARKS]
SNOWFALL AND PRECIPITATION AMOUNTS, AND SNOWDEPTH DURING
MIXED OR ALL SNOW EVENTS PROVIDED BY WSAW-TV.
