000
CXUS55 KCYS 011616
CF6BFF
PRELIMINARY LOCAL CLIMATOLOGICAL DATA (WS FORM: F-6)     ...CORRECTED...

                                          STATION:   SCOTTSBLUFF NE AIRPORT
                                          MONTH:     SEPTEMBER
                                          YEAR:      2014
                                          LATITUDE:   41 52 N
                                          LONGITUDE: 103 36 W

  TEMPERATURE IN F:       :PCPN:    SNOW:  WIND      :SUNSHINE: SKY     :PK WND
================================================================================
1   2   3   4   5  6A  6B    7    8   9   10  11  12  13   14  15   16   17  18
                                     12Z  AVG MX 2MIN
DY MAX MIN AVG DEP HDD CDD  WTR  SNW DPTH SPD SPD DIR MIN PSBL S-S WX    SPD DR
================================================================================

 1  82  47  65  -3   0   0    T  0.0    0  7.0 23 260   M    M   1        31 300
 2  88  42  65  -3   0   0 0.00  0.0    0  5.8 15 240   M    M   0        21 250
 3  98  53  76   9   0  11 0.00  0.0    0  4.6 17 340   M    M   0        22 350
 4  77  53  65  -2   0   0    T  0.0    0 10.6 20  70   M    M   1        26  60
 5  62  52  57  -9   8   0 0.02  0.0    0  7.5 15 130   M    M  10        20 110
 6  79  51  65  -1   0   0 0.00  0.0    0  6.7 12 260   M    M   3        15 260
 7  89  50  70   4   0   5 0.00  0.0    0  7.2 18 310   M    M   0        24 310
 8  90  50  70   5   0   5 0.00  0.0    0  6.1 14 250   M    M   0        17 270
 9  74  50  62  -3   3   0 0.01  0.0    0  9.2 25  20   M    M   6 1      29 310
10  67  43  55  -9  10   0 0.06  0.0    0 10.3 22  70   M    M   7 13     27  70
11  43  34  39 -25  26   0 0.17    T    0 10.7 20  70   M    M  10 1      24  50
12  56  33  45 -19  20   0 0.00  0.0    0  6.7 15 170   M    M   6        21 160
13  73  34  54  -9  11   0 0.00  0.0    0  9.1 18  10   M    M   0        25 360
14  72  42  57  -5   8   0 0.00  0.0    0  7.2 22  30   M    M   3 1      27  30
15  73  35  54  -8  11   0 0.00  0.0    0  9.0 20 120   M    M   0        24 130
16  89  46  68   6   0   3    T  0.0    0  7.7 18 110   M    M   0 1      21 110
17  89  48  69   8   0   4 0.00  0.0    0  4.8 14 310   M    M   0 8      17 310
18  93  52  73  12   0   8 0.00  0.0    0  6.6 16 100   M    M   2 12     28 140
19  91  55  73  13   0   8 0.00  0.0    0  6.9 15 290   M    M   0        21 220
20  86  51  69   9   0   4 0.00  0.0    0  8.0 18 340   M    M   0        23 360
21  76  47  62   3   3   0 0.00  0.0    0  8.9 18  90   M    M   3        22 110
22  79  53  66   7   0   1 0.07  0.0    0 10.1 29 280   M    M   3 13     37 280
23  86  49  68  10   0   3 0.00  0.0    0  6.8 17 350   M    M   1        26 340
24  87  50  69  11   0   4 0.00  0.0    0  7.0 12 300   M    M   0        14 150
25  93  50  72  15   0   7 0.00  0.0    0  9.5 21 160   M    M   0 8      31 150
26  93  53  73  16   0   8 0.00  0.0    0  9.7 21 130   M    M   0 8      25 130
27  89  50  70  14   0   5 0.00  0.0    0  6.7 20 120   M    M   0        27 110
28  81  49  65   9   0   0 0.38  0.0    0 11.4 29  40   M    M   4 13     34  50
29  66  51  59   4   6   0 2.95  0.0    0  9.5 31 280   M    M   8 13     41 300
30  70  50  60   5   5   0 0.60  0.0    0 15.9 35 270   M    M   5 1      42 260
================================================================================
SM 2391 1423       111  76  4.26    T    247.2          M       73
================================================================================
AV 79.7 47.4                               8.2 FASTST   M    M   2    MAX(MPH)
                                 MISC ---->    35 270                 42  260
================================================================================
NOTES:
# LAST OF SEVERAL OCCURRENCES

COLUMN 17 PEAK WIND IN M.P.H.

PRELIMINARY LOCAL CLIMATOLOGICAL DATA (WS FORM: F-6) , PAGE 2

                                          STATION:  SCOTTSBLUFF NE AIRPORT
                                          MONTH:    SEPTEMBER
                                          YEAR:     2014
                                          LATITUDE:   41 52 N
                                          LONGITUDE: 103 36 W

[TEMPERATURE DATA]      [PRECIPITATION DATA]       SYMBOLS USED IN COLUMN 16

AVERAGE MONTHLY: 63.6   TOTAL FOR MONTH:   4.26    1 = FOG OR MIST
DPTR FM NORMAL:   1.9   DPTR FM NORMAL:    3.08    2 = FOG REDUCING VISIBILITY
HIGHEST:    98 ON  3    GRTST 24HR  3.47 ON 29-30      TO 1/4 MILE OR LESS
LOWEST:     33 ON 12                               3 = THUNDER
                        SNOW, ICE PELLETS, HAIL    4 = ICE PELLETS
                        TOTAL MONTH:    T          5 = HAIL
                        GRTST 24HR    T  ON 11-11  6 = FREEZING RAIN OR DRIZZLE
                        GRTST DEPTH:   0           7 = DUSTSTORM OR SANDSTORM:
                                                       VSBY 1/2 MILE OR LESS
                                                   8 = SMOKE OR HAZE
[NO. OF DAYS WITH]      [WEATHER - DAYS WITH]      9 = BLOWING SNOW
                                                   X = TORNADO
MAX 32 OR BELOW:   0    0.01 INCH OR MORE:   8
MAX 90 OR ABOVE:   6    0.10 INCH OR MORE:   4
MIN 32 OR BELOW:   0    0.50 INCH OR MORE:   2
MIN  0 OR BELOW:   0    1.00 INCH OR MORE:   1

[HDD (BASE 65) ]
TOTAL THIS MO.   111    CLEAR  (SCALE 0-3)  20
DPTR FM NORMAL   -48    PTCLDY (SCALE 4-7)   7
TOTAL FM JUL 1   124    CLOUDY (SCALE 8-10)  3
DPTR FM NORMAL   -55

[CDD (BASE 65) ]
TOTAL THIS MO.    76
DPTR FM NORMAL    18    [PRESSURE DATA]
TOTAL FM JAN 1   719    HIGHEST SLP 30.59 ON 12
DPTR FM NORMAL    -4    LOWEST  SLP 29.51 ON  3

[REMARKS]
...SEPTEMBER 2014 WAS THE WETTEST SEPTEMBER EVER RECORDED...

TIED RECORD HIGH TEMPERATURE OF 93 DEGREES ON THE 25TH...LAST SET IN 1898.
NEW RECORD DAILY PRECIPITATION AMOUNT OF 2.95 INCHES SET ON THE 29TH. THE OLD
 RECORD WAS 0.41 INCH SET IN 1995.
#FINAL-09-14#
