000
CXUS55 KPUB 221059
CF6COS
PRELIMINARY LOCAL CLIMATOLOGICAL DATA (WS FORM: F-6)

                                          STATION:   COLORADO SPRINGS CO
                                          MONTH:     SEPTEMBER
                                          YEAR:      2017
                                          LATITUDE:   38 49 N
                                          LONGITUDE: 104 43 W

  TEMPERATURE IN F:       :PCPN:    SNOW:  WIND      :SUNSHINE: SKY     :PK WND
================================================================================
1   2   3   4   5  6A  6B    7    8   9   10  11  12  13   14  15   16   17  18
                                     12Z  AVG MX 2MIN
DY MAX MIN AVG DEP HDD CDD  WTR  SNW DPTH SPD SPD DIR MIN PSBL S-S WX    SPD DR
================================================================================

 1  85  58  72   6   0   7 0.00  0.0    0 10.2 30 360   M    M   5        35 360
 2  89  55  72   6   0   7 0.00  0.0    0  8.4 20 360   M    M   1        27  10
 3  95  56  76  10   0  11 0.00  0.0    0  7.1 17  20   M    M   2        23  70
 4  87  57  72   7   0   7 0.00  0.0    0 10.0 22 330   M    M   4 8      30 330
 5  69  56  63  -2   2   0 0.00  0.0    0  7.2 17 160   M    M   9 8      21 160
 6  76  45  61  -4   4   0 0.00  0.0    0  6.1 16 150   M    M   3        20 170
 7  82  50  66   2   0   1    T  0.0    0  8.0 23 230   M    M   6 3      27 230
 8  83  55  69   5   0   4    T  0.0    0  7.2 22  70   M    M   4 38     28  60
 9  89  55  72   8   0   7    T  0.0    0  8.0 29 110   M    M   6 38     46 110
10  87  59  73  10   0   8    T  0.0    0  8.3 24 350   M    M   5 3      28 350
11  86  61  74  11   0   9 0.17  0.0    0  6.9 23 350   M    M   8 3      30 230
12  85  57  71   9   0   6 0.00  0.0    0  5.8 17 120   M    M   3        21 130
13  88  58  73  11   0   8    T  0.0    0  9.2 25 110   M    M   4 3      30 360
14  87  55  71   9   0   6    T  0.0    0  7.7 28 260   M    M   5        35 250
15  82  57  70   9   0   5 0.00  0.0    0 10.4 29 200   M    M   4        39 200
16  73  52  63   2   2   0    T  0.0    0 10.3 24 360   M    M   6        28  10
17  68  49  59  -1   6   0 0.02  0.0    0 11.8 30 160   M    M   8 3      35 160
18  81  48  65   5   0   0 0.00  0.0    0  8.7 23 200   M    M   2        27 180
19  83  46  65   5   0   0 0.00  0.0    0 15.5 36 200   M    M   5        43 200
20  71  40  56  -3   9   0 0.00  0.0    0 14.3 31 170   M    M   2        38 150
21  85  44  65   6   0   0 0.00  0.0    0 12.9 30 180   M    M   0        37 210
================================================================================
SM 1731 1113        23  86  0.19     0.0 194.0          M       92
================================================================================
AV 82.4 53.0                               9.2 FASTST   M    M   4    MAX(MPH)
                                 MISC ---->  # 36 200               # 46  110
================================================================================
NOTES:
# LAST OF SEVERAL OCCURRENCES

COLUMN 17 PEAK WIND IN M.P.H.

PRELIMINARY LOCAL CLIMATOLOGICAL DATA (WS FORM: F-6) , PAGE 2

                                          STATION:  COLORADO SPRINGS CO
                                          MONTH:    SEPTEMBER
                                          YEAR:     2017
                                          LATITUDE:   38 49 N
                                          LONGITUDE: 104 43 W

[TEMPERATURE DATA]      [PRECIPITATION DATA]       SYMBOLS USED IN COLUMN 16

AVERAGE MONTHLY: 67.7   TOTAL FOR MONTH:   0.19    1 = FOG OR MIST
DPTR FM NORMAL:   5.0   DPTR FM NORMAL:   -0.76    2 = FOG REDUCING VISIBILITY
HIGHEST:    95 ON  3    GRTST 24HR  0.17 ON 11-11      TO 1/4 MILE OR LESS
LOWEST:     40 ON 20                               3 = THUNDER
                        SNOW, ICE PELLETS, HAIL    4 = ICE PELLETS
                        TOTAL MONTH:   0.0 INCH    5 = HAIL
                        GRTST 24HR     0.0         6 = FREEZING RAIN OR DRIZZLE
                        GRTST DEPTH:   0           7 = DUSTSTORM OR SANDSTORM:
                                                       VSBY 1/2 MILE OR LESS
                                                   8 = SMOKE OR HAZE
[NO. OF DAYS WITH]      [WEATHER - DAYS WITH]      9 = BLOWING SNOW
                                                   X = TORNADO
MAX 32 OR BELOW:   0    0.01 INCH OR MORE:   2
MAX 90 OR ABOVE:   1    0.10 INCH OR MORE:   1
MIN 32 OR BELOW:   0    0.50 INCH OR MORE:   0
MIN  0 OR BELOW:   0    1.00 INCH OR MORE:   0

[HDD (BASE 65) ]
TOTAL THIS MO.    23    CLEAR  (SCALE 0-3)   5
DPTR FM NORMAL   -59    PTCLDY (SCALE 4-7)  14
TOTAL FM JUL 1    32    CLOUDY (SCALE 8-10)  2
DPTR FM NORMAL   -81

[CDD (BASE 65) ]
TOTAL THIS MO.    86
DPTR FM NORMAL    52    [PRESSURE DATA]
TOTAL FM JAN 1   634    HIGHEST SLP M ON M
DPTR FM NORMAL   182    LOWEST  SLP 29.65 ON 19

[REMARKS]
