000
CXUS55 KPUB 301126
CF6COS
PRELIMINARY LOCAL CLIMATOLOGICAL DATA (WS FORM: F-6)

                                          STATION:   COLORADO SPRINGS CO
                                          MONTH:     AUGUST
                                          YEAR:      2016
                                          LATITUDE:   38 49 N
                                          LONGITUDE: 104 43 W

  TEMPERATURE IN F:       :PCPN:    SNOW:  WIND      :SUNSHINE: SKY     :PK WND
================================================================================
1   2   3   4   5  6A  6B    7    8   9   10  11  12  13   14  15   16   17  18
                                     12Z  AVG MX 2MIN
DY MAX MIN AVG DEP HDD CDD  WTR  SNW DPTH SPD SPD DIR MIN PSBL S-S WX    SPD DR
================================================================================

 1  92  63  78   8   0  13 0.00  0.0    0  9.6 24  20   M    M   5        31  50
 2  89  64  77   7   0  12    T  0.0    0 11.1 31 110   M    M   5 3      37 120
 3  87  60  74   4   0   9 0.00  0.0    0  7.1 17 140   M    M   4        20 140
 4  75  59  67  -3   0   2 0.01  0.0    0 14.9 35 350   M    M   7        44 340
 5  76  57  67  -3   0   2 0.01  0.0    0  9.0 24 140   M    M   8        28 160
 6  80  60  70   0   0   5 0.28  0.0    0  7.5 23  20   M    M   9 1238   26  20
 7  83  57  70   0   0   5 0.06  0.0    0  8.5 18 170   M    M   5 13     21 170
 8  87  59  73   3   0   8 0.04  0.0    0  5.6 29 340   M    M   6 123    36 340
 9  90  56  73   3   0   8 0.01  0.0    0  9.2 28 310   M    M   3 3      35 310
10  91  59  75   5   0  10    T  0.0    0  6.3 26 170   M    M   7        32 190
11  88  61  75   6   0  10 0.13  0.0    0  9.8 25  20   M    M   7 3      30  20
12  80  56  68  -1   0   3 0.13  0.0    0  7.7 21 150   M    M   5 3      34 150
13  85  55  70   1   0   5 0.08  0.0    0  7.2 32 160   M    M   5 3      40 160
14  83  55  69   0   0   4 0.00  0.0    0  9.2 20 160   M    M   4        26 150
15  92  56  74   5   0   9 0.00  0.0    0  9.3 28 350   M    M   4        35  10
16  87  56  72   3   0   7    T  0.0    0  8.0 25  70   M    M   7 3      29  80
17  85  55  70   1   0   5 0.00  0.0    0  6.9 23 200   M    M   7        28 200
18  88  53  71   2   0   6    T  0.0    0 10.3 26 320   M    M   5        34 320
19  78  49  64  -4   1   0 0.20  0.0    0 10.5 43  10   M    M   7 13     50  10
20  69  49  59  -9   6   0    T  0.0    0  7.7 16 180   M    M   7        23 170
21  81  50  66  -2   0   1 0.00  0.0    0  7.1 18 150   M    M   5        22 150
22  86  57  72   4   0   7 0.00  0.0    0  8.1 28 320   M    M   6 3      37 320
23  85  58  72   4   0   7    T  0.0    0 11.1 45 130   M    M   6        63 140
24  68  53  61  -7   4   0 0.01  0.0    0  8.0 22 120   M    M   9        26 350
25  73  43  58 -10   7   0    T  0.0    0  6.7 29 310   M    M   6        37 310
26  75  52  64  -3   1   0    T  0.0    0  6.2 17 280   M    M   7 3      20 280
27  82  51  67   0   0   2 0.00  0.0    0  5.5 17  80   M    M   6        23  90
28  82  55  69   2   0   4 0.74  0.0    0  9.6 23 340   M    M   7 13     27 340
29  74  54  64  -3   1   0 0.95    T    0 10.5 26 350   M    M   8 1358   31 310
================================================================================
SM 2391 1612        20 144  2.65    T    248.2          M      177
================================================================================
AV 82.4 55.6                               8.6 FASTST   M    M   6    MAX(MPH)
                                 MISC ---->  # 45 130               # 63  140
================================================================================
NOTES:
# LAST OF SEVERAL OCCURRENCES

COLUMN 17 PEAK WIND IN M.P.H.

PRELIMINARY LOCAL CLIMATOLOGICAL DATA (WS FORM: F-6) , PAGE 2

                                          STATION:  COLORADO SPRINGS CO
                                          MONTH:    AUGUST
                                          YEAR:     2016
                                          LATITUDE:   38 49 N
                                          LONGITUDE: 104 43 W

[TEMPERATURE DATA]      [PRECIPITATION DATA]       SYMBOLS USED IN COLUMN 16

AVERAGE MONTHLY: 69.0   TOTAL FOR MONTH:   2.65    1 = FOG OR MIST
DPTR FM NORMAL:   0.2   DPTR FM NORMAL:   -0.51    2 = FOG REDUCING VISIBILITY
HIGHEST:    92 ON 15, 1 GRTST 24HR  1.47 ON 28-29      TO 1/4 MILE OR LESS
LOWEST:     43 ON 25                               3 = THUNDER
                        SNOW, ICE PELLETS, HAIL    4 = ICE PELLETS
                        TOTAL MONTH:    T          5 = HAIL
                        GRTST 24HR    T  ON 29-29  6 = FREEZING RAIN OR DRIZZLE
                        GRTST DEPTH:   0           7 = DUSTSTORM OR SANDSTORM:
                                                       VSBY 1/2 MILE OR LESS
                                                   8 = SMOKE OR HAZE
[NO. OF DAYS WITH]      [WEATHER - DAYS WITH]      9 = BLOWING SNOW
                                                   X = TORNADO
MAX 32 OR BELOW:   0    0.01 INCH OR MORE:  13
MAX 90 OR ABOVE:   4    0.10 INCH OR MORE:   6
MIN 32 OR BELOW:   0    0.50 INCH OR MORE:   2
MIN  0 OR BELOW:   0    1.00 INCH OR MORE:   0

[HDD (BASE 65) ]
TOTAL THIS MO.    20    CLEAR  (SCALE 0-3)   1
DPTR FM NORMAL     6    PTCLDY (SCALE 4-7)  26
TOTAL FM JUL 1    20    CLOUDY (SCALE 8-10)  2
DPTR FM NORMAL    -4

[CDD (BASE 65) ]
TOTAL THIS MO.   144
DPTR FM NORMAL    16    [PRESSURE DATA]
TOTAL FM JAN 1   626    HIGHEST SLP M ON M
DPTR FM NORMAL   214    LOWEST  SLP 29.87 ON 20

[REMARKS]
