000
CXUS56 KTFX 291205
CF6GTF
PRELIMINARY LOCAL CLIMATOLOGICAL DATA (WS FORM: F-6)

                                          STATION:   GREAT FALLS MT
                                          MONTH:     SEPTEMBER
                                          YEAR:      2016
                                          LATITUDE:   47 28 N
                                          LONGITUDE: 111 22 W

  TEMPERATURE IN F:       :PCPN:    SNOW:  WIND      :SUNSHINE: SKY     :PK WND
================================================================================
1   2   3   4   5  6A  6B    7    8   9   10  11  12  13   14  15   16   17  18
                                     12Z  AVG MX 2MIN
DY MAX MIN AVG DEP HDD CDD  WTR  SNW DPTH SPD SPD DIR MIN PSBL S-S WX    SPD DR
================================================================================

 1  93  56  75  13   0  10    T  0.0    0  9.1 26 160   M    M   1 3      34 150
 2  77  49  63   2   2   0 0.00  0.0    0  9.0 29 280   M    M   3        34 290
 3  73  41  57  -4   8   0 0.00  0.0    0 10.4 22 220   M    M   2        33 220
 4  57  46  52  -8  13   0 0.66  0.0    0 10.0 18  50   M    M   8 1      23  30
 5  54  44  49 -11  16   0 0.31  0.0    0  7.9 16  60   M    M   7 1      19  50
 6  69  43  56  -4   9   0 0.05  0.0    0 12.0 24 220   M    M   4        33 230
 7  70  41  56  -3   9   0 0.00  0.0    0 14.0 29 230   M    M   2        34 230
 8  68  44  56  -3   9   0 0.03  0.0    0 17.6 35 270   M    M   4        43 260
 9  67  41  54  -5  11   0 0.01  0.0    0  9.9 18 230   M    M   5        21 240
10  79  48  64   6   1   0 0.00  0.0    0 19.1 30 220   M    M   0        36 220
11  63  40  52  -6  13   0 0.23  0.0    0 13.4 26 320   M    M   7 1      34 330
12  46  35  41 -16  24   0 0.04  0.0    0  8.8 18  40   M    M   9        23  30
13  61  27  44 -13  21   0 0.00  0.0    0  5.7 15 170   M    M   0        20 140
14  69  36  53  -4  12   0 0.00  0.0    0  6.9 14 210   M    M   0        16 190
15  73  38  56   0   9   0 0.00  0.0    0  7.7 13 220   M    M   0        16 220
16  78  44  61   5   4   0 0.00  0.0    0 11.1 18 240   M    M   1        24 240
17  71  53  62   6   3   0 0.00  0.0    0 20.6 39 240   M    M   3        47 240
18  71  44  58   3   7   0 0.00  0.0    0 18.6 35 250   M    M   1        40 250
19  71  40  56   1   9   0 0.00  0.0    0 11.3 28 250   M    M   1        39 240
20  62  45  54   0  11   0 0.07    M    0  6.1 16 140   M    M   5        19  70
21  50  46  48  -6  17   0 0.47    M    0  7.8 17  50   M    M  10 1      21  50
22  56  47  52  -2  13   0 0.29  0.0    0  9.0 17  60   M    M  10 12     21  70
23  61  42  52  -1  13   0 0.06  0.0    0  8.7 16 220   M    M   7 12     19 220
24  64  40  52  -1  13   0 0.00  0.0    0 12.5 26 310   M    M   4        34 320
25  70  39  55   2  10   0 0.00  0.0    0 12.8 23 240   M    M   0        30 260
26  78  46  62  10   3   0 0.00  0.0    0 12.9 20 230   M    M   0        24 220
27  84  45  65  13   0   0 0.00  0.0    0 12.8 23 220   M    M   1        28 250
28  67  36  52   0  13   0 0.00  0.0    0  5.0  9 220   M    M   0        12  40
================================================================================
SM 1902 1196       273  10  2.22     0.0 310.7          M       95
================================================================================
AV 67.9 42.7                              11.1 FASTST   M    M   3    MAX(MPH)
                                 MISC ---->  # 39 240               # 47  240
================================================================================
NOTES:
# LAST OF SEVERAL OCCURRENCES

COLUMN 17 PEAK WIND IN M.P.H.

PRELIMINARY LOCAL CLIMATOLOGICAL DATA (WS FORM: F-6) , PAGE 2

                                          STATION:  GREAT FALLS MT
                                          MONTH:    SEPTEMBER
                                          YEAR:     2016
                                          LATITUDE:   47 28 N
                                          LONGITUDE: 111 22 W

[TEMPERATURE DATA]      [PRECIPITATION DATA]       SYMBOLS USED IN COLUMN 16

AVERAGE MONTHLY: 55.3   TOTAL FOR MONTH:   2.22    1 = FOG OR MIST
DPTR FM NORMAL:  -1.2   DPTR FM NORMAL:    0.88    2 = FOG REDUCING VISIBILITY
HIGHEST:    93 ON  1    GRTST 24HR  0.94 ON  4- 5      TO 1/4 MILE OR LESS
LOWEST:     27 ON 13                               3 = THUNDER
                        SNOW, ICE PELLETS, HAIL    4 = ICE PELLETS
                        TOTAL MONTH:   0.0 INCH    5 = HAIL
                        GRTST 24HR     0.0         6 = FREEZING RAIN OR DRIZZLE
                        GRTST DEPTH:   0           7 = DUSTSTORM OR SANDSTORM:
                                                       VSBY 1/2 MILE OR LESS
                                                   8 = SMOKE OR HAZE
[NO. OF DAYS WITH]      [WEATHER - DAYS WITH]      9 = BLOWING SNOW
                                                   X = TORNADO
MAX 32 OR BELOW:   0    0.01 INCH OR MORE:  11
MAX 90 OR ABOVE:   1    0.10 INCH OR MORE:   5
MIN 32 OR BELOW:   1    0.50 INCH OR MORE:   1
MIN  0 OR BELOW:   0    1.00 INCH OR MORE:   0

[HDD (BASE 65) ]
TOTAL THIS MO.   273    CLEAR  (SCALE 0-3)  15
DPTR FM NORMAL    15    PTCLDY (SCALE 4-7)  10
TOTAL FM JUL 1   374    CLOUDY (SCALE 8-10)  3
DPTR FM NORMAL    -5

[CDD (BASE 65) ]
TOTAL THIS MO.    10
DPTR FM NORMAL   -10    [PRESSURE DATA]
TOTAL FM JAN 1   252    HIGHEST SLP M ON M
DPTR FM NORMAL   -44    LOWEST  SLP 29.67 ON  2

[REMARKS]
