000
CXUS55 KVEF 250940
CF6IGM
PRELIMINARY LOCAL CLIMATOLOGICAL DATA (WS FORM: F-6)

                                          STATION:   KINGMAN AZ
                                          MONTH:     NOVEMBER
                                          YEAR:      2017
                                          LATITUDE:   35 16 N
                                          LONGITUDE: 113 57 W

  TEMPERATURE IN F:       :PCPN:    SNOW:  WIND      :SUNSHINE: SKY     :PK WND
================================================================================
1   2   3   4   5  6A  6B    7    8   9   10  11  12  13   14  15   16   17  18
                                     12Z  AVG MX 2MIN
DY MAX MIN AVG DEP HDD CDD  WTR  SNW DPTH SPD SPD DIR MIN PSBL S-S WX    SPD DR
================================================================================

 1  74  44  59   3   6   0 0.00  0.0    0 10.3 24 240   M    M   0        32 250
 2  71  46  59   3   6   0 0.00  0.0    0 10.0 25 220   M    M   2        34 250
 3  71  46  59   3   6   0 0.00  0.0    0  9.7 25 230   M    M   0        33 230
 4  73  52  63   8   2   0 0.00  0.0    0 11.7 29 220   M    M   0        35 220
 5  69  49  59   4   6   0 0.00  0.0    0 12.2 24 220   M    M   0        41 260
 6  73  44  59   5   6   0 0.00  0.0    0  8.0 22 240   M    M   1        30 240
 7  68  40  54   0  11   0 0.00  0.0    0  6.7 15 210   M    M   2        20 300
 8  73  33  53  -1  12   0 0.00  0.0    0  5.0 16 230   M    M   0        22 240
 9  75  44  60   7   5   0 0.00  0.0    0 10.4 23 230   M    M   0        39 260
10  75  42  59   6   6   0 0.00  0.0    0  9.7 21 220   M    M   0        32 250
11  73  42  58   6   7   0 0.00  0.0    0  6.1 14 130   M    M   0        17 140
12  73  38  56   4   9   0 0.00  0.0    0  4.6 16 250   M    M   0        24 220
13  76  43  60   8   5   0 0.00  0.0    0  7.3 16 240   M    M   0        20 240
14  75  42  59   8   6   0 0.00  0.0    0  6.1 18 250   M    M   0        22 250
15  73  40  57   6   8   0 0.00  0.0    0  6.8 22 240   M    M   1        44 250
16  76  46  61  11   4   0 0.00  0.0    0  9.4 23 190   M    M   1        43 260
17  68  55  62  12   3   0    T  0.0    0 16.1 31 220   M    M   2        52 250
18  61  33  47  -3  18   0 0.00    M    0 10.4 22 340   M    M   0        28 340
19  67  26  47  -2  18   0 0.00  0.0    0  4.6  9 110   M    M   0        12  20
20  70  32  51   2  14   0 0.00  0.0    0  5.9 21 250   M    M   0        30 260
21  72  42  57   8   8   0 0.00  0.0    0  7.1 13 110   M    M   0        15  80
22  79  46  63  15   2   0 0.00  0.0    0  6.8 15  20   M    M   0        17  30
23  83  42  63  15   2   0 0.00  0.0    0  2.3  9 350   M    M   0        12 340
24  80  44  62  14   3   0 0.00  0.0    0  5.3 15 220   M    M   0        19 220
================================================================================
SM 1748 1011       173   0    T      0.0 192.5          M        9
================================================================================
AV 72.8 42.1                               8.0 FASTST   M    M   0    MAX(MPH)
                                 MISC ---->  # 31 220               # 52  250
================================================================================
NOTES:
# LAST OF SEVERAL OCCURRENCES

COLUMN 17 PEAK WIND IN M.P.H.

PRELIMINARY LOCAL CLIMATOLOGICAL DATA (WS FORM: F-6) , PAGE 2

                                          STATION:  KINGMAN AZ
                                          MONTH:    NOVEMBER
                                          YEAR:     2017
                                          LATITUDE:   35 16 N
                                          LONGITUDE: 113 57 W

[TEMPERATURE DATA]      [PRECIPITATION DATA]       SYMBOLS USED IN COLUMN 16

AVERAGE MONTHLY: 57.5   TOTAL FOR MONTH:      T    1 = FOG OR MIST
DPTR FM NORMAL:   5.6   DPTR FM NORMAL:   -0.53    2 = FOG REDUCING VISIBILITY
HIGHEST:    83 ON 23    GRTST 24HR    T  ON 17-17      TO 1/4 MILE OR LESS
LOWEST:     26 ON 19                               3 = THUNDER
                        SNOW, ICE PELLETS, HAIL    4 = ICE PELLETS
                        TOTAL MONTH:   0.0 INCH    5 = HAIL
                        GRTST 24HR     0.0         6 = FREEZING RAIN OR DRIZZLE
                        GRTST DEPTH:   0           7 = DUSTSTORM OR SANDSTORM:
                                                       VSBY 1/2 MILE OR LESS
                                                   8 = SMOKE OR HAZE
[NO. OF DAYS WITH]      [WEATHER - DAYS WITH]      9 = BLOWING SNOW
                                                   X = TORNADO
MAX 32 OR BELOW:   0    0.01 INCH OR MORE:   0
MAX 90 OR ABOVE:   0    0.10 INCH OR MORE:   0
MIN 32 OR BELOW:   2    0.50 INCH OR MORE:   0
MIN  0 OR BELOW:   0    1.00 INCH OR MORE:   0

[HDD (BASE 65) ]
TOTAL THIS MO.   173    CLEAR  (SCALE 0-3)  24
DPTR FM NORMAL  -142    PTCLDY (SCALE 4-7)   0
TOTAL FM JUL 1   241    CLOUDY (SCALE 8-10)  0
DPTR FM NORMAL  -213

[CDD (BASE 65) ]
TOTAL THIS MO.     0
DPTR FM NORMAL     0    [PRESSURE DATA]
TOTAL FM JAN 1  2183    HIGHEST SLP M ON M
DPTR FM NORMAL    91    LOWEST  SLP 29.76 ON  1

[REMARKS]
