000
CXUS55 KVEF 240940
CF6IGM
PRELIMINARY LOCAL CLIMATOLOGICAL DATA (WS FORM: F-6)

                                          STATION:   KINGMAN AZ
                                          MONTH:     APRIL
                                          YEAR:      2017
                                          LATITUDE:   35 16 N
                                          LONGITUDE: 113 57 W

  TEMPERATURE IN F:       :PCPN:    SNOW:  WIND      :SUNSHINE: SKY     :PK WND
================================================================================
1   2   3   4   5  6A  6B    7    8   9   10  11  12  13   14  15   16   17  18
                                     12Z  AVG MX 2MIN
DY MAX MIN AVG DEP HDD CDD  WTR  SNW DPTH SPD SPD DIR MIN PSBL S-S WX    SPD DR
================================================================================

 1  69  36  53  -2  12   0 0.00  0.0    0  7.2 21  20   M    M   3        27  30
 2  76  39  58   3   7   0 0.00  0.0    0 10.2 21 220   M    M   0        26 230
 3  73  35  54  -1  11   0 0.00  0.0    0 11.5 55 340   M    M   1 8      65 340
 4  65  33  49  -6  16   0 0.00  0.0    0  9.2 20 340   M    M   0        23 350
 5  75  38  57   1   8   0 0.00  0.0    0  6.5 15  10   M    M   0        19 350
 6  79  39  59   3   6   0 0.00  0.0    0  9.7 24 220   M    M   0        30 220
 7  77  48  63   7   2   0 0.00  0.0    0 12.8 26 200   M    M   0        31 200
 8  72  52  62   6   3   0 0.00  0.0    0 16.4 30 210   M    M   0        38 210
 9  66  37  52  -5  13   0 0.00  0.0    0 10.1 16 350   M    M   0        22 340
10  75  33  54  -3  11   0 0.00  0.0    0  6.0 14 220   M    M   0        19 240
11  77  38  58   1   7   0 0.00  0.0    0  8.2 26 230   M    M   0        35 220
12  81  39  60   2   5   0 0.00  0.0    0  9.5 23 230   M    M   0        30 240
13  81  48  65   7   0   0 0.00  0.0    0 15.1 32 200   M    M   0        42 190
14  74  39  57  -1   8   0 0.00  0.0    0  8.7 18 220   M    M   0        22 250
15  81  37  59   1   6   0 0.00  0.0    0  4.5 13 240   M    M   0        17 270
16  83  41  62   3   3   0 0.00  0.0    0  9.6 24 240   M    M   0        30 260
17  79  55  67   8   0   2 0.00  0.0    0 10.7 28 210   M    M   0        33 220
18  82  51  67   8   0   2 0.00  0.0    0 15.1 31 230   M    M   0        39 240
19  80  41  61   1   4   0 0.00  0.0    0  6.4 14 220   M    M   0        20 350
20  80  45  63   3   2   0 0.00  0.0    0  8.5 22 230   M    M   0        29 230
21  78  48  63   3   2   0 0.00  0.0    0 11.5 20 350   M    M   0        27  20
22  85  45  65   4   0   0 0.00  0.0    0  7.5 16  10   M    M   0        22 350
23  86  49  68   7   0   3 0.00  0.0    0 16.9 41 210   M    M   0        50 210
================================================================================
SM 1774  966       126   7  0.00     0.0 231.8          M        4
================================================================================
AV 77.1 42.0                              10.1 FASTST   M    M   0    MAX(MPH)
                                 MISC ---->  # 55 340               # 65  340
================================================================================
NOTES:
# LAST OF SEVERAL OCCURRENCES

COLUMN 17 PEAK WIND IN M.P.H.

PRELIMINARY LOCAL CLIMATOLOGICAL DATA (WS FORM: F-6) , PAGE 2

                                          STATION:  KINGMAN AZ
                                          MONTH:    APRIL
                                          YEAR:     2017
                                          LATITUDE:   35 16 N
                                          LONGITUDE: 113 57 W

[TEMPERATURE DATA]      [PRECIPITATION DATA]       SYMBOLS USED IN COLUMN 16

AVERAGE MONTHLY: 59.6   TOTAL FOR MONTH:   0.00    1 = FOG OR MIST
DPTR FM NORMAL:   1.9   DPTR FM NORMAL:   -0.35    2 = FOG REDUCING VISIBILITY
HIGHEST:    86 ON 23    GRTST 24HR    T  ON 31- 1      TO 1/4 MILE OR LESS
LOWEST:     33 ON 10, 4                            3 = THUNDER
                        SNOW, ICE PELLETS, HAIL    4 = ICE PELLETS
                        TOTAL MONTH:   0.0 INCH    5 = HAIL
                        GRTST 24HR     0.0         6 = FREEZING RAIN OR DRIZZLE
                        GRTST DEPTH:   0           7 = DUSTSTORM OR SANDSTORM:
                                                       VSBY 1/2 MILE OR LESS
                                                   8 = SMOKE OR HAZE
[NO. OF DAYS WITH]      [WEATHER - DAYS WITH]      9 = BLOWING SNOW
                                                   X = TORNADO
MAX 32 OR BELOW:   0    0.01 INCH OR MORE:   0
MAX 90 OR ABOVE:   0    0.10 INCH OR MORE:   0
MIN 32 OR BELOW:   0    0.50 INCH OR MORE:   0
MIN  0 OR BELOW:   0    1.00 INCH OR MORE:   0

[HDD (BASE 65) ]
TOTAL THIS MO.   126    CLEAR  (SCALE 0-3)  23
DPTR FM NORMAL   -58    PTCLDY (SCALE 4-7)   0
TOTAL FM JUL 1  2364    CLOUDY (SCALE 8-10)  0
DPTR FM NORMAL  -651

[CDD (BASE 65) ]
TOTAL THIS MO.     7
DPTR FM NORMAL    -9    [PRESSURE DATA]
TOTAL FM JAN 1    13    HIGHEST SLP M ON M
DPTR FM NORMAL    -6    LOWEST  SLP 29.55 ON 23

[REMARKS]
