000
CXUS51 KRNK 270636 AAA
CF6LYH

PRELIMINARY LOCAL CLIMATOLOGICAL DATA (WS FORM: F-6)

                                          STATION:   LYNCHBURG VA
                                          MONTH:     JULY
                                          YEAR:      2017
                                          LATITUDE:   37 19 N
                                          LONGITUDE:  79 12 W

  TEMPERATURE IN F:       :PCPN:    SNOW:  WIND      :SUNSHINE: SKY     :PK WND
================================================================================
1   2   3   4   5  6A  6B    7    8   9   10  11  12  13   14  15   16   17  18
                                     12Z  AVG MX 2MIN
DY MAX MIN AVG DEP HDD CDD  WTR  SNW DPTH SPD SPD DIR MIN PSBL S-S WX    SPD DR
================================================================================

 1  91  72  82   7   0  17 0.00  0.0    0  6.1 17 200   M    M   6        24 210
 2  88  65  77   2   0  12 0.00  0.0    0  2.1  9 240   M    M   2        13 240
 3  89  61  75   0   0  10 0.00  0.0    0  2.2 10  20   M    M   1        13  10
 4  90  67  79   4   0  14    T  0.0    0  2.0 22 190   M    M   2 13     27 200
 5  82  66  74  -1   0   9 0.28  0.0    0  2.4 10 120   M    M   8 13     14  40
 6  88  68  78   3   0  13 0.91  0.0    0  3.9 14 280   M    M   5 123    35 290
 7  87  68  78   3   0  13    T  0.0    0  4.1 14 260   M    M   1 1      19 260
 8  86  65  76   1   0  11 0.00  0.0    0  4.6 13 270   M    M   0        20 250
 9  85  59  72  -3   0   7 0.00  0.0    0  2.0 13 220   M    M   1        18 200
10  89  63  76   1   0  11 0.00  0.0    0  4.6 13 190   M    M   1        17 200
11  91  68  80   5   0  15 0.00  0.0    0  4.0 13 240   M    M   0 1      18 210
12  94  67  81   6   0  16 0.00  0.0    0  3.9 14 200   M    M   0        17 190
13  93  70  82   7   0  17 0.00  0.0    0  5.7 23 200   M    M   0 3      27 200
14  91  69  80   5   0  15 0.15  0.0    0  5.2 18 270   M    M   1 13     35 280
15  90  66  78   3   0  13 0.00  0.0    0  3.3 12 260   M    M   2        16 290
16  88  65  77   2   0  12 0.00  0.0    0  4.5 12  40   M    M   2        15  40
17  89  65  77   2   0  12    T  0.0    0  2.6 16  80   M    M   4 13     25  70
18  90  65  78   3   0  13 0.65  0.0    0  2.2 24 310   M    M   3 13     32 330
19  93  62  78   3   0  13 0.00  0.0    0  2.1 10 160   M    M   1 1      13 160
20  94  68  81   6   0  16 0.00  0.0    0  2.0 10 210   M    M   0 1      15 210
21  94  68  81   6   0  16 0.09  0.0    0  2.1 18 340   M    M   1 13     27 360
22  94  69  82   7   0  17    T  0.0    0  4.9 15 270   M    M   2 13     23 270
23  95  70  83   8   0  18 0.20  0.0    0  4.4 17 200   M    M   1 13     23 200
24   M  69   M   M   M   M 0.23  0.0    0  5.4 12 230   M    M   1 13     15 240
25  89   M   M   M   M   M 0.00  0.0    0  3.5 14  70   M    M   1        20  70
26  82  66  74  -1   0   9 0.00  0.0    0  3.1 12  30   M    M   7        14  20
================================================================================
SM 2242 1661         0 319  2.51     0.0  92.9          M       53
================================================================================
AV 89.7 66.4                               3.6 FASTST   M    M   2    MAX(MPH)
                                 MISC ---->  # 24 310               # 35  290
================================================================================
NOTES:
# LAST OF SEVERAL OCCURRENCES

COLUMN 17 PEAK WIND IN M.P.H.

PRELIMINARY LOCAL CLIMATOLOGICAL DATA (WS FORM: F-6) , PAGE 2

                                          STATION:  LYNCHBURG VA
                                          MONTH:    JULY
                                          YEAR:     2017
                                          LATITUDE:   37 19 N
                                          LONGITUDE:  79 12 W

[TEMPERATURE DATA]      [PRECIPITATION DATA]       SYMBOLS USED IN COLUMN 16

AVERAGE MONTHLY: 78.1   TOTAL FOR MONTH:   2.51    1 = FOG OR MIST
DPTR FM NORMAL:   3.1   DPTR FM NORMAL:   -1.11    2 = FOG REDUCING VISIBILITY
HIGHEST:    95 ON 23    GRTST 24HR  0.91 ON  6- 6      TO 1/4 MILE OR LESS
LOWEST:     59 ON  9                               3 = THUNDER
                        SNOW, ICE PELLETS, HAIL    4 = ICE PELLETS
                        TOTAL MONTH:   0.0 INCH    5 = HAIL
                        GRTST 24HR     0.0         6 = FREEZING RAIN OR DRIZZLE
                        GRTST DEPTH:   0           7 = DUSTSTORM OR SANDSTORM:
                                                       VSBY 1/2 MILE OR LESS
                                                   8 = SMOKE OR HAZE
[NO. OF DAYS WITH]      [WEATHER - DAYS WITH]      9 = BLOWING SNOW
                                                   X = TORNADO
MAX 32 OR BELOW:   0    0.01 INCH OR MORE:   7
MAX 90 OR ABOVE:  13    0.10 INCH OR MORE:   6
MIN 32 OR BELOW:   0    0.50 INCH OR MORE:   2
MIN  0 OR BELOW:   0    1.00 INCH OR MORE:   0

[HDD (BASE 65) ]
TOTAL THIS MO.     0    CLEAR  (SCALE 0-3)  21
DPTR FM NORMAL     0    PTCLDY (SCALE 4-7)   5
TOTAL FM JUL 1     0    CLOUDY (SCALE 8-10)  0
DPTR FM NORMAL     0

[CDD (BASE 65) ]
TOTAL THIS MO.   319
DPTR FM NORMAL    59    [PRESSURE DATA]
TOTAL FM JAN 1   661    HIGHEST SLP M ON M
DPTR FM NORMAL   105    LOWEST  SLP 29.78 ON 23

[REMARKS]
DUE TO MISSING TEMPERATURES ON FEBRUARY 23 AND JULY 24-25...
ALL TEMPERATURE AND DEGREE DAY INFORMATION WILL BE CALCULATED
WITHOUT DATA FROM THESE DATES.
