000
CXUS54 KBMX 261010
CF6TOI
PRELIMINARY LOCAL CLIMATOLOGICAL DATA (WS FORM: F-6)
STATION: TROY
MONTH: APRIL
YEAR: 2024
LATITUDE: 31 51 N
LONGITUDE: 86 1 W
TEMPERATURE IN F: :PCPN: SNOW: WIND :SUNSHINE: SKY :PK WND
================================================================================
1 2 3 4 5 6A 6B 7 8 9 10 11 12 13 14 15 16 17 18
12Z AVG MX 2MIN
DY MAX MIN AVG DEP HDD CDD WTR SNW DPTH SPD SPD DIR MIN PSBL S-S WX SPD DR
================================================================================
1 80 64 72 11 0 7 0.00 0.0 M 6.7 15 210 M M 7 20 180
2 82 67 75 14 0 10 0.06 0.0 M 9.9 23 200 M M 8 138 34 210
3 73 44 59 -3 6 0 0.36 0.0 0 10.5 25 230 M M 3 13 39 220
4 69 38 54 -8 11 0 0.00 0.0 M 5.0 22 300 M M 0 33 290
5 71 38 55 -7 10 0 0.00 0.0 M 4.4 20 320 M M 0 27 320
6 71 38 55 -7 10 0 0.00 0.0 M 2.7 12 330 M M 0 8 18 360
7 78 40 59 -3 6 0 0.00 0.0 0 3.2 13 120 M M 0 1 19 90
8 78 52 65 3 0 0 0.17 0.0 0 4.3 15 200 M M 4 1 21 170
9 75 60 68 5 0 3 0.00 0.0 0 5.4 15 130 M M 6 1 20 130
10 73 58 66 3 0 1 2.28 0.0 0 8.9 23 110 M M 6 13 41 80
11 70 50 60 -3 5 0 0.02 0.0 0 9.6 22 280 M M 7 1 39 240
12 73 45 59 -4 6 0 0.00 0.0 0 7.1 23 320 M M 0 33 310
13 81 40 61 -2 4 0 0.00 0.0 0 3.4 17 330 M M 0 26 340
14 83 48 66 2 0 1 0.00 0.0 0 3.2 13 210 M M 0 18 170
15 83 49 66 2 0 1 0.00 0.0 0 2.2 12 200 M M 0 16 200
16 82 58 70 6 0 5 0.00 0.0 0 3.7 15 200 M M 4 1 24 210
17 82 57 70 6 0 5 0.00 0.0 0 4.2 17 210 M M 0 1 24 210
18 82 59 71 7 0 6 T 0.0 0 3.6 13 200 M M 4 12 18 100
19 84 64 74 9 0 9 0.00 0.0 0 2.8 9 220 M M 5 1 14 270
20 85 63 74 9 0 9 1.35 0.0 0 1.6 20 330 M M 4 123 23 320
21 67 47 57 -8 8 0 0.02 0.0 0 8.5 21 340 M M 6 1 27 310
22 70 43 57 -8 8 0 0.00 0.0 0 6.7 20 330 M M 0 25 340
23 75 40 58 -8 7 0 0.00 0.0 0 2.7 12 200 M M 0 1 18 160
24 81 46 64 -2 1 0 0.00 0.0 M 1.8 9 230 M M 1 1 22 270
25 84 56 70 4 0 5 0.00 0.0 M 1.5 8 180 M M 2 1 12 110
================================================================================
SM 1932 1264 82 62 4.26 0.0 123.6 M 67
================================================================================
AV 77.3 50.6 4.9 FASTST M M 3 MAX(MPH)
MISC ----> 25 230 41 80
================================================================================
NOTES:
# LAST OF SEVERAL OCCURRENCES
COLUMN 17 PEAK WIND IN M.P.H.
PRELIMINARY LOCAL CLIMATOLOGICAL DATA (WS FORM: F-6) , PAGE 2
STATION: TROY
MONTH: APRIL
YEAR: 2024
LATITUDE: 31 51 N
LONGITUDE: 86 1 W
[TEMPERATURE DATA] [PRECIPITATION DATA] SYMBOLS USED IN COLUMN 16
AVERAGE MONTHLY: 63.9 TOTAL FOR MONTH: 4.26 1 = FOG OR MIST
DPTR FM NORMAL: 0.4 DPTR FM NORMAL: 0.40 2 = FOG REDUCING VISIBILITY
HIGHEST: 85 ON 20 GRTST 24HR 2.29 ON 10-11 TO 1/4 MILE OR LESS
LOWEST: 38 ON 6, 5 3 = THUNDER
SNOW, ICE PELLETS, HAIL 4 = ICE PELLETS
TOTAL MONTH: 0.0 INCH 5 = HAIL
GRTST 24HR 0.0 6 = FREEZING RAIN OR DRIZZLE
GRTST DEPTH: 0 7 = DUSTSTORM OR SANDSTORM:
VSBY 1/2 MILE OR LESS
8 = SMOKE OR HAZE
[NO. OF DAYS WITH] [WEATHER - DAYS WITH] 9 = BLOWING SNOW
X = TORNADO
MAX 32 OR BELOW: 0 0.01 INCH OR MORE: 7
MAX 90 OR ABOVE: 0 0.10 INCH OR MORE: 4
MIN 32 OR BELOW: 0 0.50 INCH OR MORE: 2
MIN 0 OR BELOW: 0 1.00 INCH OR MORE: 2
[HDD (BASE 65) ]
TOTAL THIS MO. 82 CLEAR (SCALE 0-3) 14
DPTR FM NORMAL -7 PTCLDY (SCALE 4-7) 11
TOTAL FM JUL 1 1619 CLOUDY (SCALE 8-10) 0
DPTR FM NORMAL -537
[CDD (BASE 65) ]
TOTAL THIS MO. 62
DPTR FM NORMAL 11 [PRESSURE DATA]
TOTAL FM JAN 1 121 HIGHEST SLP M ON M
DPTR FM NORMAL 33 LOWEST SLP 29.54 ON 2
[REMARKS]