000
CXUS54 KAMA 011610
CLMBGD


CLIMATE REPORT
NATIONAL WEATHER SERVICE AMARILLO TX
1009 AM CST MON FEB 1 2016

...................................

...THE BORGER CLIMATE SUMMARY FOR THE MONTH OF JANUARY 2016...

CLIMATE NORMAL PERIOD 1981 TO 2010
CLIMATE RECORD PERIOD 1949 TO 2016

WEATHER         OBSERVED          NORMAL  DEPART  LAST YEAR`S
                 VALUE   DATE(S)  VALUE   FROM    VALUE  DATE(S)
                                          NORMAL
................................................................
TEMPERATURE (F)
HIGHEST            80   01/30                         75  01/27
LOWEST             20   01/18                          9  01/04
                        01/17
                        01/10
AVG. MAXIMUM     52.9              51.3     1.6     49.8
AVG. MINIMUM     27.4              26.1     1.3     27.7
MEAN             40.2              38.7     1.5     38.8
DAYS MAX >= 90      0               0.0     0.0        0
DAYS MAX <= 32      1               2.5    -1.5        3
DAYS MIN <= 32     25              23.7     1.3       22
DAYS MIN <= 0       0               0.1    -0.1        0

PRECIPITATION (INCHES)
TOTALS           0.28              0.59   -0.31     1.23
DAILY AVG.       0.01              0.02   -0.01     0.04
DAYS >= .01         3               3.1    -0.1        6
DAYS >= .10         2               1.6     0.4        5
DAYS >= .50         0               0.4    -0.4        1
DAYS >= 1.00        0               0.1    -0.1        0
GREATEST
 24 HR. TOTAL    0.12   01/09 TO 01/09

SNOWFALL (INCHES)
TOTALS            2.5                MM      MM      8.7
SINCE 7/1         7.5                MM      MM     11.0
DAYS >= TRACE       5                MM      MM        7
DAYS >= 1.0         1                MM      MM        4
GREATEST
 SNOW DEPTH         1   01/16
                        01/10
                        01/09
 24 HR TOTAL      1.4   01/16 TO 01/16

DEGREE_DAYS
HEATING TOTAL     761               815     -54      805
 SINCE 7/1       2013              2352    -339     2221
COOLING TOTAL       0                 0       0        0
 SINCE 1/1          0                 0       0        0
.................................................................

WIND (MPH)
AVERAGE WIND SPEED              8.6
HIGHEST WIND SPEED/DIRECTION    33/340    DATE  01/29
HIGHEST GUST SPEED/DIRECTION    44/350    DATE  01/29

SKY COVER
POSSIBLE SUNSHINE (PERCENT)   MM
NUMBER OF DAYS FAIR           20
NUMBER OF DAYS PC              9
NUMBER OF DAYS CLOUDY          2

AVERAGE RH (PERCENT)     59

WEATHER CONDITIONS. NUMBER OF DAYS WITH
THUNDERSTORM              0     MIXED PRECIP               0
HEAVY RAIN                0     RAIN                       0
LIGHT RAIN                2     FREEZING RAIN              0
LT FREEZING RAIN          1     HEAVY SNOW                 0
SNOW                      1     LIGHT SNOW                 5
SLEET                     0     FOG                       11
FOG W/VIS <= 1/4 MILE     2     HAZE                       1

-  INDICATES NEGATIVE NUMBERS.
R  INDICATES RECORD WAS SET OR TIED.
MM INDICATES DATA IS MISSING.
T  INDICATES TRACE AMOUNT.

$$
