000
CXUS54 KLCH 011514
CF6BPT
PRELIMINARY LOCAL CLIMATOLOGICAL DATA (WS FORM: F-6)
STATION: BEAUMONT PORT ARTHUR
MONTH: AUGUST
YEAR: 2022
LATITUDE: 29 57 N
LONGITUDE: 94 1 W
TEMPERATURE IN F: :PCPN: SNOW: WIND :SUNSHINE: SKY :PK WND
================================================================================
1 2 3 4 5 6A 6B 7 8 9 10 11 12 13 14 15 16 17 18
12Z AVG MX 2MIN
DY MAX MIN AVG DEP HDD CDD WTR SNW DPTH SPD SPD DIR MIN PSBL S-S WX SPD DR
================================================================================
1 94 76 85 1 0 20 0.02 0.0 M 7.3 17 170 M M 3 13 24 170
2 95 77 86 2 0 21 0.23 0.0 M 6.3 17 180 M M 3 13 25 200
3 94 77 86 2 0 21 0.00 0.0 M 8.6 21 170 M M 2 13 29 170
4 94 77 86 2 0 21 0.00 0.0 M 6.0 13 160 M M 2 17 170
5 88 74 81 -3 0 16 0.90 0.0 0 4.6 21 120 M M 5 138 27 120
6 90 76 83 -1 0 18 0.12 0.0 0 5.8 18 150 M M 2 138 23 210
7 92 76 84 0 0 19 0.01 0.0 M 6.1 16 140 M M 2 21 130
8 93 75 84 0 0 19 0.54 0.0 M 5.5 17 130 M M 2 13 22 120
9 93 77 85 1 0 20 0.56 0.0 M 3.6 15 180 M M 3 13 19 130
10 91 75 83 -1 0 18 0.42 0.0 M 3.8 33 60 M M 4 13 45 40
11 91 75 83 -1 0 18 0.15 0.0 M 5.2 17 170 M M 7 123 24 180
12 92 75 84 0 0 19 0.01 0.0 M 7.2 18 80 M M 3 1 23 90
13 90 76 83 -1 0 18 0.56 0.0 M 7.7 25 100 M M 4 18 34 110
14 92 76 84 0 0 19 0.08 0.0 M 6.8 15 160 M M 3 1 23 200
15 93 75 84 0 0 19 0.00 0.0 M 4.2 13 170 M M 1 1 16 180
16 93 73 83 -1 0 18 0.00 0.0 M 4.6 14 190 M M 2 1 18 210
17 96 74 85 1 0 20 0.00 0.0 M 6.0 17 180 M M 1 13 23 180
18 94 74 84 0 0 19 0.46 0.0 M 5.4 20 20 M M 4 138 27 20
19 83 73 78 -6 0 13 0.26 0.0 M 4.3 13 160 M M 4 1 20 160
20 88 74 81 -3 0 16 1.17 0.0 M 4.3 21 120 M M 3 123 24 120
21 92 76 84 0 0 19 T 0.0 M 6.6 16 190 M M 1 22 170
22 91 78 85 1 0 20 T 0.0 M 8.4 18 200 M M 2 27 180
23 91 75 83 -1 0 18 0.10 0.0 M 7.5 17 240 M M 4 13 25 280
24 85 76 81 -2 0 16 0.23 0.0 M 4.6 15 200 M M 6 13 22 200
25 91 75 83 0 0 18 0.02 0.0 M 4.7 14 180 M M 6 13 19 170
26 90 75 83 0 0 18 0.26 0.0 M 3.5 18 170 M M 4 138 25 170
27 91 73 82 -1 0 17 0.39 0.0 M 4.7 17 140 M M 3 13 22 140
28 91 77 84 1 0 19 0.09 0.0 M 8.1 24 170 M M 3 1 32 180
29 90 76 83 0 0 18 0.15 0.0 M 6.5 21 210 M M 4 138 32 200
30 92 76 84 1 0 19 T 0.0 M 6.4 13 130 M M 3 3 19 150
31 93 74 84 1 0 19 0.00 0.0 0 4.4 12 130 M M 1 1 16 130
================================================================================
SM 2833 2336 0 573 6.73 0.0 178.7 M 97
================================================================================
AV 91.4 75.4 5.8 FASTST M M 3 MAX(MPH)
MISC ----> 33 60 45 40
================================================================================
NOTES:
# LAST OF SEVERAL OCCURRENCES
COLUMN 17 PEAK WIND IN M.P.H.
PRELIMINARY LOCAL CLIMATOLOGICAL DATA (WS FORM: F-6) , PAGE 2
STATION: BEAUMONT PORT ARTHUR
MONTH: AUGUST
YEAR: 2022
LATITUDE: 29 57 N
LONGITUDE: 94 1 W
[TEMPERATURE DATA] [PRECIPITATION DATA] SYMBOLS USED IN COLUMN 16
AVERAGE MONTHLY: 83.4 TOTAL FOR MONTH: 6.73 1 = FOG OR MIST
DPTR FM NORMAL: -0.4 DPTR FM NORMAL: -0.16 2 = FOG REDUCING VISIBILITY
HIGHEST: 96 ON 17 GRTST 24HR 1.17 ON 20-20 TO 1/4 MILE OR LESS
LOWEST: 73 ON 27,19 3 = THUNDER
SNOW, ICE PELLETS, HAIL 4 = ICE PELLETS
TOTAL MONTH: 0.0 INCH 5 = HAIL
GRTST 24HR 0.0 6 = FREEZING RAIN OR DRIZZLE
GRTST DEPTH: 0 7 = DUSTSTORM OR SANDSTORM:
VSBY 1/2 MILE OR LESS
8 = SMOKE OR HAZE
[NO. OF DAYS WITH] [WEATHER - DAYS WITH] 9 = BLOWING SNOW
X = TORNADO
MAX 32 OR BELOW: 0 0.01 INCH OR MORE: 22
MAX 90 OR ABOVE: 27 0.10 INCH OR MORE: 16
MIN 32 OR BELOW: 0 0.50 INCH OR MORE: 5
MIN 0 OR BELOW: 0 1.00 INCH OR MORE: 1
[HDD (BASE 65) ]
TOTAL THIS MO. 0 CLEAR (SCALE 0-3) 18
DPTR FM NORMAL 0 PTCLDY (SCALE 4-7) 13
TOTAL FM JUL 1 0 CLOUDY (SCALE 8-10) 0
DPTR FM NORMAL 0
[CDD (BASE 65) ]
TOTAL THIS MO. 573
DPTR FM NORMAL -8 [PRESSURE DATA]
TOTAL FM JAN 1 2505 HIGHEST SLP 30.14 ON 7
DPTR FM NORMAL 204 LOWEST SLP 29.80 ON 23
[REMARKS]
#FINAL-08-22#