000
CXUS52 KCAE 011400
CF6CUB
PRELIMINARY LOCAL CLIMATOLOGICAL DATA (WS FORM: F-6)
STATION: HAMILTON - OWENS AIRPORT SC
MONTH: APRIL
YEAR: 2022
LATITUDE: 33 58 N
LONGITUDE: 80 59 W
TEMPERATURE IN F: :PCPN: SNOW: WIND :SUNSHINE: SKY :PK WND
================================================================================
1 2 3 4 5 6A 6B 7 8 9 10 11 12 13 14 15 16 17 18
12Z AVG MX 2MIN
DY MAX MIN AVG DEP HDD CDD WTR SNW DPTH SPD SPD DIR MIN PSBL S-S WX SPD DR
================================================================================
1 74 50 62 0 3 0 0.00 M M 9.4 23 260 M M 0 31 270
2 71 47 59 -3 6 0 0.00 M M 3.5 10 150 M M 0 17 170
3 76 45 61 -1 4 0 0.00 M M 3.2 16 310 M M 0 24 310
4 78 47 63 1 2 0 0.00 M M 4.2 14 220 M M 0 19 170
5 74 53 64 1 1 0 3.16 M M 4.9 15 250 M M 4 123 26 260
6 74 59 67 4 0 2 0.51 M M 5.0 25 220 M M 6 13 33 210
7 77 54 66 3 0 1 0.16 M M 7.6 22 250 M M 5 13 34 260
8 68 47 58 -5 7 0 0.00 M M 10.1 21 260 M M 5 28 290
9 54 42 48 -16 17 0 0.00 M M 9.5 23 270 M M 5 30 280
10 71 34 53 -11 12 0 0.00 M M 3.1 14 310 M M 0 20 310
11 84 44 64 0 1 0 0.00 M M 4.6 17 270 M M 0 8 25 240
12 86 55 71 7 0 6 0.00 M M 4.8 14 220 M M 1 20 200
13 83 61 72 7 0 7 0.00 M M 6.8 16 190 M M 0 22 200
14 83 64 74 9 0 9 0.00 M M 6.4 16 200 M M 2 24 200
15 78 54 66 1 0 1 0.00 M M 3.7 13 150 M M 0 8 20 70
16 76 54 65 -1 0 0 0.15 M M 3.4 15 260 M M 5 1 20 280
17 83 58 71 5 0 6 0.05 M M 2.6 12 150 M M 2 1 20 140
18 65 50 58 -8 7 0 0.93 M M 4.6 13 220 M M 9 13 19 70
19 65 45 55 -11 10 0 0.00 M M 5.6 M M M M 0 23 280
20 70 43 57 -9 8 0 0.00 M M 3.2 12 160 M M 0 17 170
21 78 52 65 -2 0 0 0.00 M M 2.8 13 160 M M 1 17 150
22 83 54 69 2 0 4 0.00 M M 2.2 12 180 M M 0 14 180
23 82 56 69 2 0 4 0.00 M M 2.6 13 150 M M 1 16 150
24 83 56 70 2 0 5 0.00 M M 3.0 12 170 M M 0 1 17 200
25 86 58 72 4 0 7 0.00 M M 2.9 12 260 M M 2 15 260
26 87 63 75 7 0 10 0.09 M M 4.3 22 290 M M 2 38 30 300
27 78 53 66 -2 0 1 0.00 M M 3.4 13 320 M M 1 18 320
28 78 48 63 -5 2 0 0.00 M M 1.4 9 50 M M 0 15 40
29 80 52 66 -3 0 1 0.00 M M 2.6 9 160 M M 2 15 150
30 84 59 72 3 0 7 0.00 M M 4.8 13 170 M M 1 19 170
================================================================================
SM 2309 1557 80 71 5.05 M 136.2 M 54
================================================================================
AV 77.0 51.9 4.5 FASTST M M 2 MAX(MPH)
MISC ----> 25 220 34 260
================================================================================
NOTES:
# LAST OF SEVERAL OCCURRENCES
COLUMN 17 PEAK WIND IN M.P.H.
PRELIMINARY LOCAL CLIMATOLOGICAL DATA (WS FORM: F-6) , PAGE 2
STATION: HAMILTON - OWENS AIRPORT SC
MONTH: APRIL
YEAR: 2022
LATITUDE: 33 58 N
LONGITUDE: 80 59 W
[TEMPERATURE DATA] [PRECIPITATION DATA] SYMBOLS USED IN COLUMN 16
AVERAGE MONTHLY: 64.4 TOTAL FOR MONTH: 5.05 1 = FOG OR MIST
DPTR FM NORMAL: -0.9 DPTR FM NORMAL: 2.35 2 = FOG REDUCING VISIBILITY
HIGHEST: 87 ON 26 GRTST 24HR 3.16 ON 5- 5 TO 1/4 MILE OR LESS
LOWEST: 34 ON 10 3 = THUNDER
SNOW, ICE PELLETS, HAIL 4 = ICE PELLETS
TOTAL MONTH: M 5 = HAIL
GRTST 24HR M ON M 6 = FREEZING RAIN OR DRIZZLE
GRTST DEPTH: M ON M 7 = DUSTSTORM OR SANDSTORM:
VSBY 1/2 MILE OR LESS
8 = SMOKE OR HAZE
[NO. OF DAYS WITH] [WEATHER - DAYS WITH] 9 = BLOWING SNOW
X = TORNADO
MAX 32 OR BELOW: 0 0.01 INCH OR MORE: 7
MAX 90 OR ABOVE: 0 0.10 INCH OR MORE: 5
MIN 32 OR BELOW: 0 0.50 INCH OR MORE: 3
MIN 0 OR BELOW: 0 1.00 INCH OR MORE: 1
[HDD (BASE 65) ]
TOTAL THIS MO. 80 CLEAR (SCALE 0-3) 23
DPTR FM NORMAL -6 PTCLDY (SCALE 4-7) 6
TOTAL FM JUL 1 1872 CLOUDY (SCALE 8-10) 1
DPTR FM NORMAL -325
[CDD (BASE 65) ]
TOTAL THIS MO. 71
DPTR FM NORMAL -25 [PRESSURE DATA]
TOTAL FM JAN 1 130 HIGHEST SLP 30.48 ON 21
DPTR FM NORMAL 1 LOWEST SLP 29.55 ON 7
[REMARKS]
#FINAL-04-22#