000
CXUS54 KJAN 012159
CF6HBG
PRELIMINARY LOCAL CLIMATOLOGICAL DATA (WS FORM: F-6)
STATION: HATTIESBURG
MONTH: OCTOBER
YEAR: 2021
LATITUDE: 31 16 N
LONGITUDE: 89 15 W
TEMPERATURE IN F: :PCPN: SNOW: WIND :SUNSHINE: SKY :PK WND
================================================================================
1 2 3 4 5 6A 6B 7 8 9 10 11 12 13 14 15 16 17 18
12Z AVG MX 2MIN
DY MAX MIN AVG DEP HDD CDD WTR SNW DPTH SPD SPD DIR MIN PSBL S-S WX SPD DR
================================================================================
1 87 68 78 5 0 13 0.00 0.0 0 2.7 14 140 M M 2 1 19 150
2 82 67 75 2 0 10 0.59 0.0 0 2.3 17 130 M M 3 138 23 130
3 80 70 75 3 0 10 0.12 0.0 0 3.2 12 170 M M 7 1238 16 170
4 84 67 76 4 0 11 0.18 0.0 0 2.3 14 330 M M 8 123 23 340
5 82 67 75 3 0 10 T 0.0 0 1.7 8 10 M M 6 128 10 20
6 82 66 74 3 0 9 0.00 0.0 0 1.9 7 80 M M 6 12 9 110
7 87 64 76 5 0 11 0.00 0.0 0 1.9 9 20 M M 1 1 13 20
8 86 62 74 3 0 9 0.00 0.0 0 1.6 12 20 M M 0 15 20
9 88 61 75 5 0 10 0.00 0.0 0 0.6 7 20 M M 0 12 110
10 87 62 75 5 0 10 0.00 0.0 0 3.5 13 130 M M 0 18 22 150
11 86 64 75 6 0 10 0.00 0.0 0 5.5 17 150 M M 3 1 24 150
12 86 69 78 9 0 13 0.00 0.0 0 2.7 12 130 M M 6 1 13 140
13 87 65 76 7 0 11 0.00 0.0 0 3.1 13 160 M M 4 12 19 130
14 87 68 78 10 0 13 0.00 0.0 0 3.8 13 150 M M 5 1 17 150
15 88 67 78 10 0 13 0.00 0.0 0 2.8 9 190 M M 3 12 13 170
16 76 54 65 -2 0 0 0.01 0.0 0 10.1 21 340 M M 3 31 320
17 72 47 60 -7 5 0 0.00 0.0 0 4.0 14 20 M M 0 19 330
18 73 48 61 -5 4 0 0.00 0.0 0 2.3 9 130 M M 0 14 120
19 78 45 62 -4 3 0 0.00 0.0 0 1.9 9 110 M M 1 14 130
20 80 58 69 3 0 4 2.70 0.0 0 3.0 12 170 M M 7 123 16 230
21 87 68 78 13 0 13 0.00 0.0 0 1.6 8 300 M M 5 12 11 290
22 83 59 71 6 0 6 0.00 0.0 0 1.9 9 310 M M 3 12 13 340
23 83 56 70 6 0 5 0.00 0.0 0 2.1 10 170 M M 0 14 150
24 80 62 71 7 0 6 0.00 0.0 0 3.6 14 140 M M 1 18 130
25 85 63 74 10 0 9 0.00 0.0 0 3.3 13 310 M M 5 12 19 300
26 78 55 67 4 0 2 0.00 0.0 0 1.9 9 10 M M 0 12 360
27 80 55 68 5 0 3 1.82 0.0 0 6.9 21 140 M M 4 13 25 140
28 72 56 64 2 1 0 0.03 0.0 0 10.2 23 280 M M 6 1 35 280
29 61 53 57 -5 8 0 0.00 0.0 0 9.4 21 290 M M 8 30 280
30 61 46 54 -8 11 0 0.00 0.0 0 5.4 13 290 M M 6 18 270
31 74 43 59 -2 6 0 0.00 0.0 M 1.2 9 350 M M 0 14 360
================================================================================
SM 2502 1855 38 211 5.45 0.0 108.4 M 103
================================================================================
AV 80.7 59.8 3.5 FASTST M M 3 MAX(MPH)
MISC ----> 23 280 35 280
================================================================================
NOTES:
# LAST OF SEVERAL OCCURRENCES
COLUMN 17 PEAK WIND IN M.P.H.
PRELIMINARY LOCAL CLIMATOLOGICAL DATA (WS FORM: F-6) , PAGE 2
STATION: HATTIESBURG
MONTH: OCTOBER
YEAR: 2021
LATITUDE: 31 16 N
LONGITUDE: 89 15 W
[TEMPERATURE DATA] [PRECIPITATION DATA] SYMBOLS USED IN COLUMN 16
AVERAGE MONTHLY: 70.3 TOTAL FOR MONTH: 5.45 1 = FOG OR MIST
DPTR FM NORMAL: 3.0 DPTR FM NORMAL: 1.75 2 = FOG REDUCING VISIBILITY
HIGHEST: 88 ON 15, 9 GRTST 24HR 2.70 ON 20-20 TO 1/4 MILE OR LESS
LOWEST: 43 ON 31 3 = THUNDER
SNOW, ICE PELLETS, HAIL 4 = ICE PELLETS
TOTAL MONTH: 0.0 INCH 5 = HAIL
GRTST 24HR 0.0 6 = FREEZING RAIN OR DRIZZLE
GRTST DEPTH: 0 7 = DUSTSTORM OR SANDSTORM:
VSBY 1/2 MILE OR LESS
8 = SMOKE OR HAZE
[NO. OF DAYS WITH] [WEATHER - DAYS WITH] 9 = BLOWING SNOW
X = TORNADO
MAX 32 OR BELOW: 0 0.01 INCH OR MORE: 7
MAX 90 OR ABOVE: 0 0.10 INCH OR MORE: 5
MIN 32 OR BELOW: 0 0.50 INCH OR MORE: 3
MIN 0 OR BELOW: 0 1.00 INCH OR MORE: 2
[HDD (BASE 65) ]
TOTAL THIS MO. 38 CLEAR (SCALE 0-3) 15
DPTR FM NORMAL -32 PTCLDY (SCALE 4-7) 15
TOTAL FM JUL 1 38 CLOUDY (SCALE 8-10) 1
DPTR FM NORMAL -34
[CDD (BASE 65) ]
TOTAL THIS MO. 211
DPTR FM NORMAL 70 [PRESSURE DATA]
TOTAL FM JAN 1 2469 HIGHEST SLP 30.29 ON 17
DPTR FM NORMAL 30 LOWEST SLP 29.54 ON 28
[REMARKS]
#FINAL-10-21#