000
CXUS55 KSEW 010930
CF6HQM
PRELIMINARY LOCAL CLIMATOLOGICAL DATA (WS FORM: F-6)
STATION: HOQUIAM WA AIRPORT
MONTH: JUNE
YEAR: 2020
LATITUDE: 46 58 N
LONGITUDE: 123 56 W
TEMPERATURE IN F: :PCPN: SNOW: WIND :SUNSHINE: SKY :PK WND
================================================================================
1 2 3 4 5 6A 6B 7 8 9 10 11 12 13 14 15 16 17 18
12Z AVG MX 2MIN
DY MAX MIN AVG DEP HDD CDD WTR SNW DPTH SPD SPD DIR MIN PSBL S-S WX SPD DR
================================================================================
1 62 43 53 -2 12 0 0.00 0.0 0 8.3 20 290 M M 0 25 290
2 57 45 51 -4 14 0 T 0.0 0 4.7 13 270 M M 6 17 280
3 62 50 56 1 9 0 T 0.0 0 9.2 22 290 M M 6 1 27 280
4 61 49 55 -1 10 0 T 0.0 0 8.7 16 280 M M 6 20 290
5 61 46 54 -2 11 0 0.00 0.0 0 7.9 21 260 M M 2 24 290
6 58 50 54 -2 11 0 0.32 0.0 0 8.6 17 240 M M 7 1 20 260
7 61 51 56 0 9 0 T 0.0 0 12.6 25 290 M M 9 31 290
8 60 51 56 0 9 0 0.19 0.0 0 10.2 18 200 M M 10 1 24 200
9 58 50 54 -2 11 0 1.15 0.0 0 13.1 26 200 M M 10 1 34 190
10 64 55 60 4 5 0 0.02 0.0 0 6.9 22 210 M M 10 1 25 210
11 64 54 59 3 6 0 T 0.0 0 6.0 15 270 M M 7 17 270
12 62 53 58 2 7 0 0.42 0.0 0 6.6 15 250 M M 9 1 18 240
13 59 51 55 -2 10 0 0.24 0.0 0 7.7 18 250 M M 7 1 21 250
14 62 49 56 -1 9 0 0.11 0.0 0 8.0 18 250 M M 7 1 22 250
15 61 52 57 0 8 0 0.58 0.0 0 10.8 21 250 M M 8 1 25 240
16 64 51 58 1 7 0 0.11 0.0 0 8.1 20 290 M M 7 24 290
17 63 50 57 0 8 0 0.00 0.0 0 7.7 20 260 M M 4 23 270
18 69 47 58 1 7 0 0.00 0.0 0 6.2 16 260 M M 0 1 20 290
19 72 54 63 6 2 0 0.01 0.0 0 5.9 18 260 M M 4 1 22 270
20 63 57 60 3 5 0 0.08 0.0 0 9.2 20 190 M M 10 1 24 190
21 65 54 60 2 5 0 0.00 0.0 0 8.2 18 290 M M 6 22 280
22 71 49 60 2 5 0 0.00 0.0 0 6.0 14 280 M M 0 19 290
23 77 53 65 7 0 0 0.00 0.0 0 7.4 18 230 M M 1 22 290
24 65 56 61 3 4 0 0.03 0.0 0 10.3 18 260 M M 10 1 23 280
25 66 54 60 2 5 0 0.00 0.0 0 6.4 20 260 M M 6 1 22 250
26 66 50 58 0 7 0 T 0.0 0 9.5 20 270 M M 4 1 26 270
27 61 54 58 0 7 0 0.01 0.0 0 12.6 23 290 M M 10 18 28 290
28 66 53 60 2 5 0 T 0.0 0 10.1 20 260 M M 6 1 23 260
29 61 55 58 -1 7 0 0.00 0.0 0 10.6 17 250 M M 10 1 20 240
30 60 53 57 -2 8 0 0.03 0.0 0 12.6 21 290 M M 10 1 26 280
================================================================================
SM 1901 1539 223 0 3.30 0.0 260.1 M 192
================================================================================
AV 63.4 51.3 8.7 FASTST M M 6 MAX(MPH)
MISC ----> # 26 200 # 34 190
================================================================================
NOTES:
# LAST OF SEVERAL OCCURRENCES
COLUMN 17 PEAK WIND IN M.P.H.
PRELIMINARY LOCAL CLIMATOLOGICAL DATA (WS FORM: F-6) , PAGE 2
STATION: HOQUIAM WA AIRPORT
MONTH: JUNE
YEAR: 2020
LATITUDE: 46 58 N
LONGITUDE: 123 56 W
[TEMPERATURE DATA] [PRECIPITATION DATA] SYMBOLS USED IN COLUMN 16
AVERAGE MONTHLY: 57.3 TOTAL FOR MONTH: 3.30 1 = FOG OR MIST
DPTR FM NORMAL: 0.5 DPTR FM NORMAL: 1.06 2 = FOG REDUCING VISIBILITY
HIGHEST: 77 ON 23 GRTST 24HR 1.15 ON 9- 9 TO 1/4 MILE OR LESS
LOWEST: 43 ON 1 3 = THUNDER
SNOW, ICE PELLETS, HAIL 4 = ICE PELLETS
TOTAL MONTH: 0.0 INCH 5 = HAIL
GRTST 24HR 0.0 6 = FREEZING RAIN OR DRIZZLE
GRTST DEPTH: 0 7 = DUSTSTORM OR SANDSTORM:
VSBY 1/2 MILE OR LESS
8 = SMOKE OR HAZE
[NO. OF DAYS WITH] [WEATHER - DAYS WITH] 9 = BLOWING SNOW
X = TORNADO
MAX 32 OR BELOW: 0 0.01 INCH OR MORE: 14
MAX 90 OR ABOVE: 0 0.10 INCH OR MORE: 8
MIN 32 OR BELOW: 0 0.50 INCH OR MORE: 2
MIN 0 OR BELOW: 0 1.00 INCH OR MORE: 1
[HDD (BASE 65) ]
TOTAL THIS MO. 223 CLEAR (SCALE 0-3) 5
DPTR FM NORMAL -23 PTCLDY (SCALE 4-7) 14
TOTAL FM JUL 1 4860 CLOUDY (SCALE 8-10) 11
DPTR FM NORMAL -330
[CDD (BASE 65) ]
TOTAL THIS MO. 0
DPTR FM NORMAL -2 [PRESSURE DATA]
TOTAL FM JAN 1 9 HIGHEST SLP M ON M
DPTR FM NORMAL 6 LOWEST SLP 29.75 ON 5
[REMARKS]
#FINAL-06-20#