000
CXUS53 KAPX 131221
CLMHTL
CLIMATE REPORT
NATIONAL WEATHER SERVICE
821 AM EDT WED SEP 13 2023
...................................
...THE HOUGHTON LAKE MI CLIMATE SUMMARY FOR THE MONTH OF JUNE 2023...
CLIMATE NORMAL PERIOD: 1991 TO 2020
CLIMATE RECORD PERIOD: 1913 TO 2023
WEATHER OBSERVED NORMAL DEPART LAST YEAR`S
VALUE DATE(S) VALUE FROM VALUE
NORMAL
..............................................................
TEMPERATURE (F)
HIGHEST 91 06/02 MM MM
LOWEST 38 06/17 MM MM
AVG. MAXIMUM 78.4 76.7 1.7
AVG. MINIMUM 49.1 51.1 -2.0
MEAN 63.8 63.9 -0.1
DAYS MAX >= 90 1 0.8 0.2
DAYS MAX <= 32 0 0.0 0.0
DAYS MIN <= 32 0 0.2 -0.2
DAYS MIN <= 0 0 0.0 0.0
PRECIPITATION (INCHES)
TOTALS 2.47 3.22 -0.75
DAYS >= .01 7 10.9 -3.9
DAYS >= .10 4 6.1 -2.1
DAYS >= .50 1 2.2 -1.2
DAYS >= 1.00 1 0.7 0.3
GREATEST
24 HR. TOTAL 1.64 06/29 TO 06/29
SNOWFALL (INCHES)
RECORDS
24 HR TOTAL MM
TOTALS 0.0 0.0 0.0
DAYS >= TRACE 0 0.0 0.0
DAYS >= 1.0 0 0.0 0.0
GREATEST
SNOW DEPTH MM
24 HR TOTAL MM
DEGREE DAYS
HEATING TOTAL 105 102 3
SINCE 7/1 6967 7898 -931
COOLING TOTAL 64 69 -5
SINCE 1/1 9 90 -81
..............................................................
WIND (MPH)
AVERAGE WIND SPEED 5.4
HIGHEST WIND SPEED/DIRECTION 22/070 DATE 06/20
22/230 06/25
HIGHEST GUST SPEED/DIRECTION 34/330 DATE 06/07
SKY COVER
AVERAGE SKY COVER MM
AVERAGE RH (PERCENT) MM
- INDICATES NEGATIVE NUMBERS.
R INDICATES RECORD WAS SET OR TIED.
MM INDICATES DATA IS MISSING.
T INDICATES TRACE AMOUNT.
$$