000
CXUS53 KIND 010600
CF6HUF
PRELIMINARY LOCAL CLIMATOLOGICAL DATA (WS FORM: F-6)
STATION: TERRE HAUTE IN
MONTH: AUGUST
YEAR: 2021
LATITUDE: 39 27 N
LONGITUDE: 87 18 W
TEMPERATURE IN F: :PCPN: SNOW: WIND :SUNSHINE: SKY :PK WND
================================================================================
1 2 3 4 5 6A 6B 7 8 9 10 11 12 13 14 15 16 17 18
12Z AVG MX 2MIN
DY MAX MIN AVG DEP HDD CDD WTR SNW DPTH SPD SPD DIR MIN PSBL S-S WX SPD DR
================================================================================
1 81 57 69 -6 0 4 0.00 M M 5.0 13 20 M M 3 18 19 350
2 80 53 67 -8 0 2 0.00 M M 3.3 10 40 M M 1 1 16 60
3 81 57 69 -6 0 4 0.00 M M 4.4 14 80 M M 2 18 80
4 83 55 69 -6 0 4 0.00 M M 2.3 9 30 M M 1 1 15 110
5 85 57 71 -4 0 6 0.00 M M 1.3 9 250 M M 2 1 12 240
6 85 61 73 -2 0 8 T M M 5.2 16 210 M M 2 21 200
7 88 65 77 3 0 12 T M M 5.0 13 190 M M 1 18 200
8 89 65 77 3 0 12 0.00 M M 7.1 17 170 M M 1 1 25 210
9 84 69 77 3 0 12 0.53 M M 10.3 22 170 M M 5 13 28 170
10 91 74 83 9 0 18 0.08 M M 9.2 16 220 M M 2 13 25 220
11 90 74 82 8 0 17 0.00 M M 10.3 18 200 M M 1 27 190
12 91 70 81 7 0 16 0.51 M M 7.9 24 320 M M 1 138 37 330
13 87 68 78 4 0 13 0.00 M M 3.7 12 220 M M 1 1 15 210
14 82 64 73 -1 0 8 0.00 M M 6.6 13 70 M M 3 17 30
15 80 58 69 -5 0 4 0.00 M M 5.9 13 70 M M 2 17 60
16 83 64 74 0 0 9 0.00 M M 4.6 9 40 M M 5 15 40
17 87 64 76 2 0 11 0.00 M M 2.6 10 120 M M 4 12 15 140
18 88 69 79 5 0 14 0.00 M M 2.2 10 210 M M 2 1 14 210
19 89 69 79 6 0 14 0.00 M M 1.7 7 180 M M 3 12 11 230
20 89 65 77 4 0 12 0.00 M M 2.9 10 160 M M 0 128 15 160
21 88 67 78 5 0 13 0.00 M M 3.9 14 160 M M 2 1 18 170
22 91 67 79 6 0 14 T M M 1.8 8 270 M M 2 12 10 260
23 92 67 80 7 0 15 0.00 M M 2.3 10 210 M M 2 12 17 240
24 94 70 82 9 0 17 0.00 M M 4.1 13 210 M M 0 1 20 210
25 87 70 79 6 0 14 0.02 M M 4.5 20 330 M M 2 138 31 310
26 92 72 82 10 0 17 0.00 M M 6.6 13 200 M M 1 3 19 220
27 92 70 81 9 0 16 0.00 M M 3.8 20 180 M M 1 28 170
28 93 69 81 9 0 16 0.00 M M 3.5 12 180 M M 0 1 19 190
29 93 72 83 11 0 18 0.00 M M 5.2 15 210 M M 3 25 210
30 86 68 77 5 0 12 0.72 M M 3.5 21 350 M M 4 13 33 340
31 85 68 77 6 0 12 T M M 5.7 20 100 M M 6 1 25 110
================================================================================
SM 2706 2038 0 364 1.86 M 146.4 M 65
================================================================================
AV 87.3 65.7 4.7 FASTST M M 2 MAX(MPH)
MISC ----> 24 320 37 330
================================================================================
NOTES:
# LAST OF SEVERAL OCCURRENCES
COLUMN 17 PEAK WIND IN M.P.H.
PRELIMINARY LOCAL CLIMATOLOGICAL DATA (WS FORM: F-6) , PAGE 2
STATION: TERRE HAUTE IN
MONTH: AUGUST
YEAR: 2021
LATITUDE: 39 27 N
LONGITUDE: 87 18 W
[TEMPERATURE DATA] [PRECIPITATION DATA] SYMBOLS USED IN COLUMN 16
AVERAGE MONTHLY: 76.5 TOTAL FOR MONTH: 1.86 1 = FOG OR MIST
DPTR FM NORMAL: 2.9 DPTR FM NORMAL: -1.13 2 = FOG REDUCING VISIBILITY
HIGHEST: 94 ON 24 GRTST 24HR 0.72 ON 30-30 TO 1/4 MILE OR LESS
LOWEST: 53 ON 2 3 = THUNDER
SNOW, ICE PELLETS, HAIL 4 = ICE PELLETS
TOTAL MONTH: M 5 = HAIL
GRTST 24HR M ON M 6 = FREEZING RAIN OR DRIZZLE
GRTST DEPTH: M ON M 7 = DUSTSTORM OR SANDSTORM:
VSBY 1/2 MILE OR LESS
8 = SMOKE OR HAZE
[NO. OF DAYS WITH] [WEATHER - DAYS WITH] 9 = BLOWING SNOW
X = TORNADO
MAX 32 OR BELOW: 0 0.01 INCH OR MORE: 5
MAX 90 OR ABOVE: 10 0.10 INCH OR MORE: 3
MIN 32 OR BELOW: 0 0.50 INCH OR MORE: 3
MIN 0 OR BELOW: 0 1.00 INCH OR MORE: 0
[HDD (BASE 65) ]
TOTAL THIS MO. 0 CLEAR (SCALE 0-3) 26
DPTR FM NORMAL -3 PTCLDY (SCALE 4-7) 5
TOTAL FM JUL 1 0 CLOUDY (SCALE 8-10) 0
DPTR FM NORMAL -1
[CDD (BASE 65) ]
TOTAL THIS MO. 364
DPTR FM NORMAL 96 [PRESSURE DATA]
TOTAL FM JAN 1 1103 HIGHEST SLP M ON M
DPTR FM NORMAL 162 LOWEST SLP 29.68 ON 31
[REMARKS]
#FINAL-08-21#