000
CXUS55 KGLD 010800
CF6ITR
PRELIMINARY LOCAL CLIMATOLOGICAL DATA (WS FORM: F-6)
STATION: BURLINGTON CO
MONTH: NOVEMBER
YEAR: 2023
LATITUDE: 39 15 N
LONGITUDE: 102 17 W
TEMPERATURE IN F: :PCPN: SNOW: WIND :SUNSHINE: SKY :PK WND
================================================================================
1 2 3 4 5 6A 6B 7 8 9 10 11 12 13 14 15 16 17 18
12Z AVG MX 2MIN
DY MAX MIN AVG DEP HDD CDD WTR SNW DPTH SPD SPD DIR MIN PSBL S-S WX SPD DR
================================================================================
1 68 25 47 2 18 0 0.00 M M 7.5 15 230 M M 0 18 230
2 72 25 49 4 16 0 0.00 M M 9.8 16 220 M M 0 19 220
3 70 37 54 10 11 0 0.00 M M 8.6 21 360 M M 1 27 360
4 67 28 48 4 17 0 0.00 M M 7.8 14 190 M M 0 20 10
5 75 36 56 13 9 0 0.00 M M 10.1 18 330 M M 0 27 340
6 68 34 51 8 14 0 0.00 M M 10.8 22 180 M M 0 28 180
7 82 32 57 14 8 0 0.00 M M 12.0 25 240 M M 0 8 34 260
8 56 34 45 3 20 0 0.00 M M 12.8 26 10 M M 4 36 360
9 54 21 38 -4 27 0 0.00 M M 7.2 20 230 M M 3 23 240
10 58 20 39 -3 26 0 0.00 M M 11.2 24 200 M M 0 33 200
11 63 22 43 2 22 0 0.00 M M 8.5 15 200 M M 0 17 210
12 65 26 46 5 19 0 0.00 M M 9.7 20 360 M M 0 27 360
13 66 26 46 6 19 0 0.00 M M 16.3 29 180 M M 0 40 200
14 69 30 50 10 15 0 0.00 M M 9.3 20 180 M M 0 26 180
15 70 26 48 8 17 0 0.00 M M 10.3 18 200 M M 0 22 170
16 74 30 52 13 13 0 0.00 M M 11.8 24 30 M M 1 30 20
17 65 24 45 6 20 0 0.00 M M 7.3 18 240 M M 0 26 240
18 66 24 45 7 20 0 0.00 M M 6.0 14 320 M M 0 18 130
19 59 32 46 8 19 0 0.00 M M 10.8 22 340 M M 1 128 32 340
20 44 32 38 0 27 0 0.10 M M 18.1 32 350 M M 8 1 46 340
21 52 27 40 3 25 0 0.00 M M 12.9 24 340 M M 2 35 340
22 70 26 48 11 17 0 0.00 M M 10.7 20 220 M M 0 24 210
23 39 23 31 -5 34 0 0.00 M M 16.2 25 40 M M 3 33 30
24 23 15 19 -17 46 0 0.03 M M 9.8 16 80 M M 10 18 23 50
25 22 11 17 -19 48 0 T M M 8.1 17 300 M M 9 18 23 300
26 38 14 26 -9 39 0 0.00 M M 13.7 24 330 M M 0 33 330
27 43 12 28 -7 37 0 0.00 M M 8.8 17 310 M M 0 22 260
28 56 19 38 4 27 0 0.00 M M 10.7 23 310 M M 0 29 330
29 60 19 40 6 25 0 0.00 M M 12.1 29 200 M M 0 38 190
30 38 12 25 -9 40 0 0.00 M M 10.9 21 30 M M 0 27 20
================================================================================
SM 1752 742 695 0 0.13 M 319.8 M 42
================================================================================
AV 58.4 24.7 10.7 FASTST M M 1 MAX(MPH)
MISC ----> 32 350 46 340
================================================================================
NOTES:
# LAST OF SEVERAL OCCURRENCES
COLUMN 17 PEAK WIND IN M.P.H.
PRELIMINARY LOCAL CLIMATOLOGICAL DATA (WS FORM: F-6) , PAGE 2
STATION: BURLINGTON CO
MONTH: NOVEMBER
YEAR: 2023
LATITUDE: 39 15 N
LONGITUDE: 102 17 W
[TEMPERATURE DATA] [PRECIPITATION DATA] SYMBOLS USED IN COLUMN 16
AVERAGE MONTHLY: 41.6 TOTAL FOR MONTH: 0.13 1 = FOG OR MIST
DPTR FM NORMAL: 2.3 DPTR FM NORMAL: -0.25 2 = FOG REDUCING VISIBILITY
HIGHEST: 82 ON 7 GRTST 24HR 0.10 ON 20-20 TO 1/4 MILE OR LESS
LOWEST: 11 ON 25 3 = THUNDER
SNOW, ICE PELLETS, HAIL 4 = ICE PELLETS
TOTAL MONTH: M 5 = HAIL
GRTST 24HR M ON M 6 = FREEZING RAIN OR DRIZZLE
GRTST DEPTH: M ON M 7 = DUSTSTORM OR SANDSTORM:
VSBY 1/2 MILE OR LESS
8 = SMOKE OR HAZE
[NO. OF DAYS WITH] [WEATHER - DAYS WITH] 9 = BLOWING SNOW
X = TORNADO
MAX 32 OR BELOW: 2 0.01 INCH OR MORE: 2
MAX 90 OR ABOVE: 0 0.10 INCH OR MORE: 1
MIN 32 OR BELOW: 26 0.50 INCH OR MORE: 0
MIN 0 OR BELOW: 0 1.00 INCH OR MORE: 0
[HDD (BASE 65) ]
TOTAL THIS MO. 695 CLEAR (SCALE 0-3) 26
DPTR FM NORMAL -76 PTCLDY (SCALE 4-7) 1
TOTAL FM JUL 1 1162 CLOUDY (SCALE 8-10) 3
DPTR FM NORMAL -152
[CDD (BASE 65) ]
TOTAL THIS MO. 0
DPTR FM NORMAL 0 [PRESSURE DATA]
TOTAL FM JAN 1 869 HIGHEST SLP M ON M
DPTR FM NORMAL -53 LOWEST SLP 29.58 ON 7
[REMARKS]
#FINAL-11-23#