000
CXUS54 KSJT 011000
CF6SJT
PRELIMINARY LOCAL CLIMATOLOGICAL DATA (WS FORM: F-6)
STATION: SAN ANGELO
MONTH: MARCH
YEAR: 2022
LATITUDE: 31 21 N
LONGITUDE: 100 30 W
TEMPERATURE IN F: :PCPN: SNOW: WIND :SUNSHINE: SKY :PK WND
================================================================================
1 2 3 4 5 6A 6B 7 8 9 10 11 12 13 14 15 16 17 18
12Z AVG MX 2MIN
DY MAX MIN AVG DEP HDD CDD WTR SNW DPTH SPD SPD DIR MIN PSBL S-S WX SPD DR
================================================================================
1 72 40 56 1 9 0 0.00 0.0 0 4.1 12 180 M M 0 20 180
2 73 32 53 -2 12 0 0.00 0.0 0 4.5 12 130 M M 0 20 150
3 81 35 58 2 7 0 0.00 0.0 0 5.6 14 150 M M 0 20 130
4 80 53 67 11 0 2 0.00 0.0 0 12.4 23 180 M M 3 36 200
5 84 54 69 13 0 4 0.00 0.0 0 11.2 29 190 M M 2 42 190
6 87 40 64 8 1 0 0.00 0.0 0 12.8 31 20 M M 4 18 38 30
7 54 34 44 -13 21 0 0.00 0.0 0 13.6 23 30 M M 4 33 10
8 56 35 46 -11 19 0 0.00 0.0 0 6.9 14 60 M M 4 18 70
9 68 22 45 -12 20 0 T 0.0 0 5.3 16 170 M M 0 24 160
10 81 30 56 -2 9 0 0.00 0.0 0 10.3 25 40 M M 0 35 40
11 44 27 36 -22 29 0 0.00 0.0 0 15.0 25 340 M M 7 36 340
12 60 15 38 -20 27 0 0.00 0.0 0 8.1 17 200 M M 0 26 200
13 68 27 48 -10 17 0 0.00 0.0 0 11.5 24 190 M M 0 33 170
14 79 51 65 6 0 0 0.00 0.0 0 17.3 32 300 M M 1 40 290
15 77 40 59 0 6 0 0.00 0.0 0 8.1 18 340 M M 0 25 320
16 86 33 60 1 5 0 0.00 0.0 0 10.5 23 200 M M 0 33 170
17 85 54 70 10 0 5 0.00 0.0 0 20.5 35 260 M M 3 8 54 260
18 69 40 55 -5 10 0 0.00 0.0 0 9.4 21 280 M M 0 30 320
19 79 33 56 -4 9 0 0.00 0.0 0 7.2 17 180 M M 0 22 190
20 81 51 66 5 0 1 0.00 0.0 0 16.9 29 150 M M 0 46 150
21 78 57 68 7 0 3 0.01 0.0 0 16.8 33 260 M M 5 47 240
22 60 44 52 -9 13 0 0.00 0.0 0 17.2 31 330 M M 2 8 42 340
23 67 40 54 -7 11 0 0.00 0.0 0 12.7 28 290 M M 1 36 310
24 79 36 58 -4 7 0 0.00 0.0 0 9.7 26 330 M M 0 8 38 320
25 88 36 62 0 3 0 0.00 0.0 0 5.0 13 50 M M 0 18 120
26 93 49 71 9 0 6 0.00 0.0 0 12.1 28 210 M M 0 8 35 210
27 94 62 78 16 0 13 0.00 0.0 0 13.5 24 180 M M 0 34 210
28 95 59 77 14 0 12 0.00 0.0 0 14.2 25 180 M M 0 39 180
29 90 60 75 12 0 10 0.50 0.0 0 16.6 40 290 M M 1 135 52 280
30 68 49 59 -4 6 0 0.00 0.0 0 14.0 31 280 M M 2 43 290
31 73 41 57 -7 8 0 0.00 0.0 0 5.5 17 350 M M 0 23 340
================================================================================
SM 2349 1279 249 56 0.51 0.0 348.5 M 39
================================================================================
AV 75.8 41.3 11.2 FASTST M M 1 MAX(MPH)
MISC ----> 40 290 54 260
================================================================================
NOTES:
# LAST OF SEVERAL OCCURRENCES
COLUMN 17 PEAK WIND IN M.P.H.
PRELIMINARY LOCAL CLIMATOLOGICAL DATA (WS FORM: F-6) , PAGE 2
STATION: SAN ANGELO
MONTH: MARCH
YEAR: 2022
LATITUDE: 31 21 N
LONGITUDE: 100 30 W
[TEMPERATURE DATA] [PRECIPITATION DATA] SYMBOLS USED IN COLUMN 16
AVERAGE MONTHLY: 58.5 TOTAL FOR MONTH: 0.51 1 = FOG OR MIST
DPTR FM NORMAL: -0.9 DPTR FM NORMAL: -0.97 2 = FOG REDUCING VISIBILITY
HIGHEST: 95 ON 28 GRTST 24HR 0.50 ON 29-29 TO 1/4 MILE OR LESS
LOWEST: 15 ON 12 3 = THUNDER
SNOW, ICE PELLETS, HAIL 4 = ICE PELLETS
TOTAL MONTH: 0.0 INCH 5 = HAIL
GRTST 24HR 0.0 6 = FREEZING RAIN OR DRIZZLE
GRTST DEPTH: 0 7 = DUSTSTORM OR SANDSTORM:
VSBY 1/2 MILE OR LESS
8 = SMOKE OR HAZE
[NO. OF DAYS WITH] [WEATHER - DAYS WITH] 9 = BLOWING SNOW
X = TORNADO
MAX 32 OR BELOW: 0 0.01 INCH OR MORE: 2
MAX 90 OR ABOVE: 4 0.10 INCH OR MORE: 1
MIN 32 OR BELOW: 6 0.50 INCH OR MORE: 1
MIN 0 OR BELOW: 0 1.00 INCH OR MORE: 0
[HDD (BASE 65) ]
TOTAL THIS MO. 249 CLEAR (SCALE 0-3) 26
DPTR FM NORMAL 27 PTCLDY (SCALE 4-7) 5
TOTAL FM JUL 1 1851 CLOUDY (SCALE 8-10) 0
DPTR FM NORMAL -197
[CDD (BASE 65) ]
TOTAL THIS MO. 56
DPTR FM NORMAL 9 [PRESSURE DATA]
TOTAL FM JAN 1 62 HIGHEST SLP 30.56 ON 12
DPTR FM NORMAL 6 LOWEST SLP 29.35 ON 29
[REMARKS]
#FINAL-03-22#