000
CXUS54 KLCH 260830
CF6ARA
PRELIMINARY LOCAL CLIMATOLOGICAL DATA (WS FORM: F-6)
STATION: NEW IBERIA
MONTH: APRIL
YEAR: 2024
LATITUDE: 30 1 N
LONGITUDE: 91 53 W
TEMPERATURE IN F: :PCPN: SNOW: WIND :SUNSHINE: SKY :PK WND
================================================================================
1 2 3 4 5 6A 6B 7 8 9 10 11 12 13 14 15 16 17 18
12Z AVG MX 2MIN
DY MAX MIN AVG DEP HDD CDD WTR SNW DPTH SPD SPD DIR MIN PSBL S-S WX SPD DR
================================================================================
1 79 70 75 9 0 10 0.00 M M 13.7 24 160 M M 10 18 33 160
2 81 60 71 5 0 6 0.00 M M 10.4 25 320 M M 7 128 36 330
3 73 52 63 -3 2 0 0.00 M M 11.7 21 320 M M 0 28 320
4 76 44 60 -6 5 0 0.00 M M 6.0 17 290 M M 0 24 310
5 82 50 66 -1 0 1 0.00 M M 5.6 15 270 M M 0 12 20 290
6 79 55 67 0 0 2 0.00 M M 7.0 16 180 M M 3 128 22 140
7 79 65 72 5 0 7 T M M 10.7 18 160 M M 7 1 25 180
8 78 71 75 8 0 10 0.30 0.0 M 10.6 22 140 M M 8 138 32 120
9 79 72 76 8 0 11 0.00 M M 16.4 29 170 M M 9 18 43 160
10 80 62 71 3 0 6 1.51 M M 11.1 39 300 M M 5 138 48 310
11 77 57 67 -1 0 2 0.00 M M 14.3 28 330 M M 3 38 350
12 80 49 65 -3 0 0 0.00 M M 4.4 16 20 M M 0 21 10
13 81 51 66 -2 0 1 0.00 M M 5.5 15 170 M M 0 1 25 190
14 80 56 68 0 0 3 0.00 M M 8.4 17 190 M M 1 12 26 200
15 82 62 72 3 0 7 0.00 M M 9.2 18 150 M M 4 1 27 160
16 82 69 76 7 0 11 0.00 M M 13.7 24 150 M M 7 1 33 160
17 79 68 74 5 0 9 0.00 0.0 M 8.1 18 160 M M 8 18 24 160
18 82 71 77 8 0 12 0.00 M M 10.2 23 170 M M 6 18 30 170
19 85 71 78 8 0 13 0.00 M M 5.4 15 220 M M 6 18 20 200
20 86 59 73 3 0 8 T M M 8.7 24 360 M M 5 18 32 360
21 71 55 63 -7 2 0 T M M 13.9 24 360 M M 5 1 34 360
22 73 48 61 -9 4 0 0.00 M M 6.1 21 60 M M 0 27 50
23 76 46 61 -9 4 0 0.00 M M 6.5 18 180 M M 0 1 30 140
24 85 58 72 1 0 7 0.00 M M 3.3 10 190 M M 5 18 15 160
25 83 60 72 1 0 7 0.00 0.0 M 8.3 20 200 M M 0 1 32 170
================================================================================
SM 1988 1481 17 133 1.81 0.0 229.2 M 99
================================================================================
AV 79.5 59.2 9.2 FASTST M M 4 MAX(MPH)
MISC ----> 39 300 48 310
================================================================================
NOTES:
# LAST OF SEVERAL OCCURRENCES
COLUMN 17 PEAK WIND IN M.P.H.
PRELIMINARY LOCAL CLIMATOLOGICAL DATA (WS FORM: F-6) , PAGE 2
STATION: NEW IBERIA
MONTH: APRIL
YEAR: 2024
LATITUDE: 30 1 N
LONGITUDE: 91 53 W
[TEMPERATURE DATA] [PRECIPITATION DATA] SYMBOLS USED IN COLUMN 16
AVERAGE MONTHLY: 69.4 TOTAL FOR MONTH: 1.81 1 = FOG OR MIST
DPTR FM NORMAL: 1.1 DPTR FM NORMAL: -2.16 2 = FOG REDUCING VISIBILITY
HIGHEST: 86 ON 20 GRTST 24HR 1.51 ON 10-10 TO 1/4 MILE OR LESS
LOWEST: 44 ON 4 3 = THUNDER
SNOW, ICE PELLETS, HAIL 4 = ICE PELLETS
TOTAL MONTH: 0.0 INCH 5 = HAIL
GRTST 24HR 0.0 6 = FREEZING RAIN OR DRIZZLE
GRTST DEPTH: M ON M 7 = DUSTSTORM OR SANDSTORM:
VSBY 1/2 MILE OR LESS
8 = SMOKE OR HAZE
[NO. OF DAYS WITH] [WEATHER - DAYS WITH] 9 = BLOWING SNOW
X = TORNADO
MAX 32 OR BELOW: 0 0.01 INCH OR MORE: 2
MAX 90 OR ABOVE: 0 0.10 INCH OR MORE: 2
MIN 32 OR BELOW: 0 0.50 INCH OR MORE: 1
MIN 0 OR BELOW: 0 1.00 INCH OR MORE: 1
[HDD (BASE 65) ]
TOTAL THIS MO. 17 CLEAR (SCALE 0-3) 10
DPTR FM NORMAL -18 PTCLDY (SCALE 4-7) 12
TOTAL FM JUL 1 1256 CLOUDY (SCALE 8-10) 3
DPTR FM NORMAL -104
[CDD (BASE 65) ]
TOTAL THIS MO. 133
DPTR FM NORMAL 14 [PRESSURE DATA]
TOTAL FM JAN 1 228 HIGHEST SLP M ON M
DPTR FM NORMAL 4 LOWEST SLP 29.53 ON 10
[REMARKS]