000
CXUS55 KGJT 181000
CF6ASE
PRELIMINARY LOCAL CLIMATOLOGICAL DATA (WS FORM: F-6)

                                          STATION:   ASPEN CO
                                          MONTH:     FEBRUARY
                                          YEAR:      2018
                                          LATITUDE:   39 13 N
                                          LONGITUDE: 106 52 W

  TEMPERATURE IN F:       :PCPN:    SNOW:  WIND      :SUNSHINE: SKY     :PK WND
================================================================================
1   2   3   4   5  6A  6B    7    8   9   10  11  12  13   14  15   16   17  18
                                     12Z  AVG MX 2MIN
DY MAX MIN AVG DEP HDD CDD  WTR  SNW DPTH SPD SPD DIR MIN PSBL S-S WX    SPD DR
================================================================================

 1  44  28  36  16  29   0 0.00    M    M  7.0 16 360   M    M   7        22 350
 2  44  26  35  15  30   0 0.00    M    M  5.2 13 320   M    M   8        16 330
 3  46  26  36  16  29   0    T    M    M  6.0 17 350   M    M   6        23 350
 4  46  25  36  16  29   0 0.00    M    M  5.7 12 350   M    M   3        15  30
 5  44  31  38  18  27   0 0.06    M    M  7.0 18 360   M    M   9 18     26 340
 6  34  13  24   3  41   0 0.08    M    M  6.5 21 320   M    M   7 1      25 310
 7  42   9  26   5  39   0 0.00    M    M  6.6 14 330   M    M   2        16 330
 8  47  16  32  11  33   0 0.00    M    M  5.3 12 340   M    M   1        14  10
 9  49  23  36  15  29   0 0.00    M    M  5.3 16 230   M    M   4        23 230
10  43   6  25   4  40   0 0.44    M    M  4.7 17 340   M    M  10 128    23 340
11  30  -2  14  -7  51   0 0.00    M    M  5.5 13 220   M    M   1 1      20 230
12  40  13  27   6  38   0 0.14    M    M  6.7 20 140   M    M   7 18     24 130
13  42  24  33  11  32   0    T    M    M  3.1 10 330   M    M   8 1      15 330
14  46  26  36  14  29   0    T    M    M  4.3 20 230   M    M   7 1      31 230
15  33  20  27   5  38   0 0.53    M    M  3.0 21 330   M    M  10 12     30 340
16  31   0  16  -6  49   0 0.00    M    M  4.1 10 210   M    M   3 18     11 220
17  42   6  24   2  41   0 0.00    M    M  5.8 13 220   M    M   1        14 220
================================================================================
SM  703  290       604   0  1.25    M     91.8          M       94
================================================================================
AV 41.4 17.1                               5.4 FASTST   M    M   6    MAX(MPH)
                                 MISC ---->  # 21 320               # 31  230
================================================================================
NOTES:
# LAST OF SEVERAL OCCURRENCES

COLUMN 17 PEAK WIND IN M.P.H.

PRELIMINARY LOCAL CLIMATOLOGICAL DATA (WS FORM: F-6) , PAGE 2

                                          STATION:  ASPEN CO
                                          MONTH:    FEBRUARY
                                          YEAR:     2018
                                          LATITUDE:   39 13 N
                                          LONGITUDE: 106 52 W

[TEMPERATURE DATA]      [PRECIPITATION DATA]       SYMBOLS USED IN COLUMN 16

AVERAGE MONTHLY: 29.2   TOTAL FOR MONTH:   1.25    1 = FOG OR MIST
DPTR FM NORMAL:   8.2   DPTR FM NORMAL:    0.52    2 = FOG REDUCING VISIBILITY
HIGHEST:    49 ON  9    GRTST 24HR  0.53 ON 15-15      TO 1/4 MILE OR LESS
LOWEST:     -2 ON 11                               3 = THUNDER
                        SNOW, ICE PELLETS, HAIL    4 = ICE PELLETS
                        TOTAL MONTH:    M          5 = HAIL
                        GRTST 24HR    M  ON   M    6 = FREEZING RAIN OR DRIZZLE
                        GRTST DEPTH:  M  ON   M    7 = DUSTSTORM OR SANDSTORM:
                                                       VSBY 1/2 MILE OR LESS
                                                   8 = SMOKE OR HAZE
[NO. OF DAYS WITH]      [WEATHER - DAYS WITH]      9 = BLOWING SNOW
                                                   X = TORNADO
MAX 32 OR BELOW:   2    0.01 INCH OR MORE:   5
MAX 90 OR ABOVE:   0    0.10 INCH OR MORE:   3
MIN 32 OR BELOW:  17    0.50 INCH OR MORE:   1
MIN  0 OR BELOW:   2    1.00 INCH OR MORE:   0

[HDD (BASE 65) ]
TOTAL THIS MO.   604    CLEAR  (SCALE 0-3)   6
DPTR FM NORMAL  -144    PTCLDY (SCALE 4-7)   8
TOTAL FM JUL 1  4730    CLOUDY (SCALE 8-10)  3
DPTR FM NORMAL -1140

[CDD (BASE 65) ]
TOTAL THIS MO.     0
DPTR FM NORMAL     0    [PRESSURE DATA]
TOTAL FM JAN 1     0    HIGHEST SLP M ON M
DPTR FM NORMAL     0    LOWEST  SLP 29.49 ON 10

[REMARKS]
