000
CXUS55 KGJT 281000
CF6ASE
PRELIMINARY LOCAL CLIMATOLOGICAL DATA (WS FORM: F-6)

                                          STATION:   ASPEN CO
                                          MONTH:     MAY
                                          YEAR:      2017
                                          LATITUDE:   39 13 N
                                          LONGITUDE: 106 52 W

  TEMPERATURE IN F:       :PCPN:    SNOW:  WIND      :SUNSHINE: SKY     :PK WND
================================================================================
1   2   3   4   5  6A  6B    7    8   9   10  11  12  13   14  15   16   17  18
                                     12Z  AVG MX 2MIN
DY MAX MIN AVG DEP HDD CDD  WTR  SNW DPTH SPD SPD DIR MIN PSBL S-S WX    SPD DR
================================================================================

 1  54  31  43  -1  22   0 0.00    M    M  5.9 15 320   M    M   9        20 320
 2  45  29  37  -7  28   0 0.15    M    M  3.8 21 360   M    M   7 138    27  10
 3  58  29  44  -1  21   0 0.00    M    M  6.8 21 350   M    M   4        30 350
 4  70  29  50   5  15   0 0.00    M    M  6.8 14 330   M    M   0 8      20 320
 5  73  34  54   9  11   0 0.00    M    M  6.6 15  20   M    M   1 8      20  30
 6  74  39  57  11   8   0 0.00    M    M 10.8 30 170   M    M   1        37 150
 7  67  39  53   7  12   0    T    M    M  6.9 28 140   M    M   4        39 140
 8  68  33  51   5  14   0 0.04    M    M  8.0 31 140   M    M   3 38     39 130
 9  69  33  51   5  14   0 0.28    M    M  5.9 38 170   M    M   3 13     46 170
10  63  36  50   3  15   0 0.05    M    M  5.3 24 320   M    M   5 3      30 310
11  66  37  52   5  13   0 0.00    M    M  4.7 15 350   M    M   4        23 360
12  70  37  54   7  11   0 0.00    M    M  7.8 16 260   M    M   1        27 250
13  72  45  59  11   6   0 0.00    M    M 10.7 26 170   M    M   1 8      37 180
14  69  37  53   5  12   0 0.00    M    M  7.0 20 180   M    M   1        29 160
15  71  36  54   6  11   0    T    M    M  6.9 20 260   M    M   3        30 290
16  61  34  48   0  17   0 0.00    M    M  6.4 21 160   M    M   4 8      28 160
17  55  27  41  -8  24   0 0.01    M    M  7.5 25 330   M    M   8 128    38 320
18  38  27  33 -16  32   0 0.39    M    M  3.5 12 350   M    M   9 18     16 330
19  46  30  38 -11  27   0 0.01    M    M  6.1 21 320   M    M   8 1      27 310
20  52  31  42  -8  23   0 0.00    M    M  4.4 13 360   M    M   7        20 350
21  59  28  44  -6  21   0 0.14    M    M  6.1 26 330   M    M   5 1      36 320
22  57  38  48  -2  17   0 0.24    M    M  5.5 22 340   M    M   8 13     32 330
23  58  31  45  -5  20   0 0.00    M    M  5.7 17 350   M    M   3 1      24 350
24  71  31  51   0  14   0 0.00    M    M  7.8 21 210   M    M   2        33 340
25  67  45  56   5   9   0 0.01    M    M 10.8 29 350   M    M   8        39 330
26  68  41  55   4  10   0 0.04    M    M  9.0 24 170   M    M   3        32 160
27  52  34  43  -9  22   0 0.23    M    M  6.4 22 340   M    M   7 138    30 330
================================================================================
SM 1673  921       449   0  1.59    M    183.1          M      119
================================================================================
AV 62.0 34.1                               6.8 FASTST   M    M   4    MAX(MPH)
                                 MISC ---->  # 38 170               # 46  170
================================================================================
NOTES:
# LAST OF SEVERAL OCCURRENCES

COLUMN 17 PEAK WIND IN M.P.H.

PRELIMINARY LOCAL CLIMATOLOGICAL DATA (WS FORM: F-6) , PAGE 2

                                          STATION:  ASPEN CO
                                          MONTH:    MAY
                                          YEAR:     2017
                                          LATITUDE:   39 13 N
                                          LONGITUDE: 106 52 W

[TEMPERATURE DATA]      [PRECIPITATION DATA]       SYMBOLS USED IN COLUMN 16

AVERAGE MONTHLY: 48.0   TOTAL FOR MONTH:   1.59    1 = FOG OR MIST
DPTR FM NORMAL:   0.2   DPTR FM NORMAL:    0.21    2 = FOG REDUCING VISIBILITY
HIGHEST:    74 ON  6    GRTST 24HR  0.39 ON 18-18      TO 1/4 MILE OR LESS
LOWEST:     27 ON 18,17                            3 = THUNDER
                        SNOW, ICE PELLETS, HAIL    4 = ICE PELLETS
                        TOTAL MONTH:    M          5 = HAIL
                        GRTST 24HR    M  ON   M    6 = FREEZING RAIN OR DRIZZLE
                        GRTST DEPTH:  M  ON   M    7 = DUSTSTORM OR SANDSTORM:
                                                       VSBY 1/2 MILE OR LESS
                                                   8 = SMOKE OR HAZE
[NO. OF DAYS WITH]      [WEATHER - DAYS WITH]      9 = BLOWING SNOW
                                                   X = TORNADO
MAX 32 OR BELOW:   0    0.01 INCH OR MORE:  12
MAX 90 OR ABOVE:   0    0.10 INCH OR MORE:   6
MIN 32 OR BELOW:  11    0.50 INCH OR MORE:   0
MIN  0 OR BELOW:   0    1.00 INCH OR MORE:   0

[HDD (BASE 65) ]
TOTAL THIS MO.   449    CLEAR  (SCALE 0-3)  12
DPTR FM NORMAL   -15    PTCLDY (SCALE 4-7)  12
TOTAL FM JUL 1  7374    CLOUDY (SCALE 8-10)  3
DPTR FM NORMAL -1220

[CDD (BASE 65) ]
TOTAL THIS MO.     0
DPTR FM NORMAL     0    [PRESSURE DATA]
TOTAL FM JAN 1     0    HIGHEST SLP M ON M
DPTR FM NORMAL     0    LOWEST  SLP 29.36 ON 25

[REMARKS]
