000
CXUS53 KIWX 240800
CF6SBN
PRELIMINARY LOCAL CLIMATOLOGICAL DATA (WS FORM: F-6)

                                          STATION:   SOUTH BEND
                                          MONTH:     NOVEMBER
                                          YEAR:      2017
                                          LATITUDE:   41 42 N
                                          LONGITUDE:  86 19 W

  TEMPERATURE IN F:       :PCPN:    SNOW:  WIND      :SUNSHINE: SKY     :PK WND
================================================================================
1   2   3   4   5  6A  6B    7    8   9   10  11  12  13   14  15   16   17  18
                                     12Z  AVG MX 2MIN
DY MAX MIN AVG DEP HDD CDD  WTR  SNW DPTH SPD SPD DIR MIN PSBL S-S WX    SPD DR
================================================================================

 1  43  33  38  -9  27   0 0.34  0.0    0 10.3 14 120   M    M  10 1       M  M
 2  54  41  48   2  17   0 0.44  0.0    0  4.6 13 360   M    M  10 1       M  M
 3  51  40  46   0  19   0    T  0.0    0  7.4 15 350   M    M   5 1      19 350
 4  49  38  44  -2  21   0 0.22  0.0    0  9.4 18 120   M    M   7 123    23 110
 5  61  47  54   9  11   0 0.16  0.0    0  5.6 22 310   M    M  10 123    25 320
 6  48  36  42  -3  23   0 0.00  0.0    0  9.6 22 350   M    M   7        26 340
 7  48  30  39  -6  26   0 0.00  0.0    0  7.5 15  30   M    M   3        20  30
 8  47  24  36  -8  29   0 0.00  0.0    0  2.7 13 260   M    M   1 1      16 260
 9  46  27  37  -7  28   0    T    T    0 12.1 26 340   M    M   6        32 320
10  31  21  26 -17  39   0    T    T    0  9.6 22 340   M    M   4 1      27 340
11  36  22  29 -14  36   0 0.00  0.0    0  9.5 15 150   M    M   5        20 140
12  40  34  37  -5  28   0 0.06  0.0    0  3.3 10 140   M    M  10 1      12 120
13  44  31  38  -4  27   0 0.01  0.0    0  3.5 13 310   M    M   8 18     15 300
14  48  24  36  -6  29   0 0.00  0.0    0  7.9 18 150   M    M   3 12     24 150
15  48  38  43   2  22   0 0.47  0.0    0 13.8 25 300   M    M  10 1      32 300
16  38  33  36  -5  29   0    T  0.0    0 10.3 24 300   M    M  10        32 310
17  45  34  40   0  25   0 0.53  0.0    0 13.7 23 160   M    M   9 13     29 140
18  45  38  42   2  23   0 1.03  0.0    0 12.8 30 360   M    M  10 13     38 360
19  39  26  33  -6  32   0    T    T    0 12.6 23 310   M    M   7        28 310
20  50  24  37  -2  28   0 0.00  0.0    0 16.0 28 200   M    M   0        34 210
21  45  32  39   1  26   0 0.12  0.0    0 15.7 25 210   M    M   5 1      35 210
22  36  25  31  -7  34   0 0.00  0.0    0  5.8 15 340   M    M   7        20 330
23  44  27  36  -1  29   0 0.00  0.0    0  8.5 17 210   M    M   4        22 210
================================================================================
SM 1036  725       608   0  3.38    T    212.2          M      151
================================================================================
AV 45.0 31.5                               9.2 FASTST   M    M   7    MAX(MPH)
                                 MISC ---->  # 30 360               # 38  360
================================================================================
NOTES:
# LAST OF SEVERAL OCCURRENCES

COLUMN 17 PEAK WIND IN M.P.H.

PRELIMINARY LOCAL CLIMATOLOGICAL DATA (WS FORM: F-6) , PAGE 2

                                          STATION:  SOUTH BEND
                                          MONTH:    NOVEMBER
                                          YEAR:     2017
                                          LATITUDE:   41 42 N
                                          LONGITUDE:  86 19 W

[TEMPERATURE DATA]      [PRECIPITATION DATA]       SYMBOLS USED IN COLUMN 16

AVERAGE MONTHLY: 38.3   TOTAL FOR MONTH:   3.38    1 = FOG OR MIST
DPTR FM NORMAL:  -4.0   DPTR FM NORMAL:    0.86    2 = FOG REDUCING VISIBILITY
HIGHEST:    61 ON  5    GRTST 24HR  1.03 ON 18-18      TO 1/4 MILE OR LESS
LOWEST:     21 ON 10                               3 = THUNDER
                        SNOW, ICE PELLETS, HAIL    4 = ICE PELLETS
                        TOTAL MONTH:    T          5 = HAIL
                        GRTST 24HR    T  ON 19-19  6 = FREEZING RAIN OR DRIZZLE
                        GRTST DEPTH:   0           7 = DUSTSTORM OR SANDSTORM:
                                                       VSBY 1/2 MILE OR LESS
                                                   8 = SMOKE OR HAZE
[NO. OF DAYS WITH]      [WEATHER - DAYS WITH]      9 = BLOWING SNOW
                                                   X = TORNADO
MAX 32 OR BELOW:   1    0.01 INCH OR MORE:  10
MAX 90 OR ABOVE:   0    0.10 INCH OR MORE:   8
MIN 32 OR BELOW:  12    0.50 INCH OR MORE:   2
MIN  0 OR BELOW:   0    1.00 INCH OR MORE:   1

[HDD (BASE 65) ]
TOTAL THIS MO.   608    CLEAR  (SCALE 0-3)   3
DPTR FM NORMAL    86    PTCLDY (SCALE 4-7)  12
TOTAL FM JUL 1  1016    CLOUDY (SCALE 8-10)  8
DPTR FM NORMAL   -47

[CDD (BASE 65) ]
TOTAL THIS MO.     0
DPTR FM NORMAL     0    [PRESSURE DATA]
TOTAL FM JAN 1   692    HIGHEST SLP M ON M
DPTR FM NORMAL   -81    LOWEST  SLP 29.17 ON 18

[REMARKS]
