000
CXUS53 KIWX 270800
CF6SBN
PRELIMINARY LOCAL CLIMATOLOGICAL DATA (WS FORM: F-6)

                                          STATION:   SOUTH BEND
                                          MONTH:     MARCH
                                          YEAR:      2015
                                          LATITUDE:   41 42 N
                                          LONGITUDE:  86 19 W

  TEMPERATURE IN F:       :PCPN:    SNOW:  WIND      :SUNSHINE: SKY     :PK WND
================================================================================
1   2   3   4   5  6A  6B    7    8   9   10  11  12  13   14  15   16   17  18
                                     12Z  AVG MX 2MIN
DY MAX MIN AVG DEP HDD CDD  WTR  SNW DPTH SPD SPD DIR MIN PSBL S-S WX    SPD DR
================================================================================

 1  25  16  21 -11  44   0 0.07  1.2   11  4.6 13 270   M    M   9 18     17 270
 2  32   8  20 -12  45   0 0.00  0.0   12  6.9 14 300   M    M   2 18     17 300
 3  36  25  31  -2  34   0 0.05  0.1   11 13.8 24 280   M    M  10 168    31 280
 4  33  17  25  -8  40   0 0.00  0.0   10 12.4 22 300   M    M   7        36 290
 5  20   5  13 -20  52   0 0.01  0.1   10  6.3 23 300   M    M   5        32 310
 6  26  -1  13 -21  52   0 0.00  0.0   10 10.2 23 190   M    M   1        29 120
 7  43  21  32  -2  33   0 0.00  0.0   11 12.6 23 230   M    M   4        29 190
 8  41  24  33  -1  32   0 0.00  0.0    7  6.4 16 240   M    M   7 18     22 300
 9  51  24  38   3  27   0 0.00  0.0    7  4.1 14 190   M    M   0 18     18 200
10  50  38  44   9  21   0 0.00  0.0    4  5.4 14 200   M    M   6 18     17 210
11  54  29  42   6  23   0 0.00  0.0    4  5.6 13 340   M    M   4 128    15 350
12  51  27  39   3  26   0 0.00  0.0    3 11.3 22 120   M    M   0        26 120
13  58  34  46  10  19   0 0.00  0.0    1  6.6 12 180   M    M   1 12     15 110
14  50  34  42   5  23   0 0.00  0.0    0  9.9 20 350   M    M   3 12     25 320
15  60  26  43   6  22   0 0.00  0.0    0  9.1 21 210   M    M   0        29 220
16  72  44  58  21   7   0 0.00  0.0    0 11.5 24 230   M    M   0        30 230
17  48  24  36  -2  29   0 0.00  0.0    0 16.7 35 350   M    M   0        41 350
18  48  21  35  -3  30   0 0.00  0.0    0  4.4 16 320   M    M   1        24 320
19  46  36  41   3  24   0 0.00  0.0    0  8.3 21 120   M    M   5        24 120
20  45  33  39   0  26   0 0.01    T    T  6.6 16 230   M    M   9 18     20 220
21  50  27  39   0  26   0 0.00  0.0    0 12.1 23 340   M    M   5 18     29 340
22  44  27  36  -4  29   0 0.00  0.0    0  7.1 16 340   M    M   5        19 340
23  33  22  28 -12  37   0 0.29  4.7    0  7.4 16 100   M    M  10 128    21 120
24  40  15  28 -12  37   0 0.00  0.0    4 10.0 21 110   M    M   1 128    25 110
25  48  34  41   0  24   0 0.31  0.0    0 12.3 24 280   M    M   8 18     33 280
26  42  32  37  -4  28   0 0.00  0.0    0 11.4 23 330   M    M   9 1      27 330
================================================================================
SM 1146  642       790   0  0.74     6.1 233.0          M      112
================================================================================
AV 44.1 24.7                               9.0 FASTST   M    M   4    MAX(MPH)
                                 MISC ---->  # 35 350               # 41  350
================================================================================
NOTES:
# LAST OF SEVERAL OCCURRENCES

COLUMN 17 PEAK WIND IN M.P.H.

PRELIMINARY LOCAL CLIMATOLOGICAL DATA (WS FORM: F-6) , PAGE 2

                                          STATION:  SOUTH BEND
                                          MONTH:    MARCH
                                          YEAR:     2015
                                          LATITUDE:   41 42 N
                                          LONGITUDE:  86 19 W

[TEMPERATURE DATA]      [PRECIPITATION DATA]       SYMBOLS USED IN COLUMN 16

AVERAGE MONTHLY: 34.4   TOTAL FOR MONTH:   0.74    1 = FOG OR MIST
DPTR FM NORMAL:  -2.1   DPTR FM NORMAL:   -1.26    2 = FOG REDUCING VISIBILITY
HIGHEST:    72 ON 16    GRTST 24HR  0.31 ON 25-25      TO 1/4 MILE OR LESS
LOWEST:     -1 ON  6                               3 = THUNDER
                        SNOW, ICE PELLETS, HAIL    4 = ICE PELLETS
                        TOTAL MONTH:   6.1 INCHES  5 = HAIL
                        GRTST 24HR   4.7 ON   M    6 = FREEZING RAIN OR DRIZZLE
                        GRTST DEPTH:  12 ON  2     7 = DUSTSTORM OR SANDSTORM:
                                                       VSBY 1/2 MILE OR LESS
                                                   8 = SMOKE OR HAZE
[NO. OF DAYS WITH]      [WEATHER - DAYS WITH]      9 = BLOWING SNOW
                                                   X = TORNADO
MAX 32 OR BELOW:   4    0.01 INCH OR MORE:   6
MAX 90 OR ABOVE:   0    0.10 INCH OR MORE:   2
MIN 32 OR BELOW:  19    0.50 INCH OR MORE:   0
MIN  0 OR BELOW:   1    1.00 INCH OR MORE:   0

[HDD (BASE 65) ]
TOTAL THIS MO.   790    CLEAR  (SCALE 0-3)  10
DPTR FM NORMAL    48    PTCLDY (SCALE 4-7)  10
TOTAL FM JUL 1  5887    CLOUDY (SCALE 8-10)  6
DPTR FM NORMAL   456

[CDD (BASE 65) ]
TOTAL THIS MO.     0
DPTR FM NORMAL     0    [PRESSURE DATA]
TOTAL FM JAN 1     0    HIGHEST SLP M ON M
DPTR FM NORMAL     0    LOWEST  SLP 29.67 ON  3

[REMARKS]
