000
CXUS55 KREV 170903
CF6TVL
PRELIMINARY LOCAL CLIMATOLOGICAL DATA (WS FORM: F-6)

                                          STATION:   SOUTH LAKE TAHOE CA
                                          MONTH:     NOVEMBER
                                          YEAR:      2017
                                          LATITUDE:   38 53 N
                                          LONGITUDE: 119 60 W

  TEMPERATURE IN F:       :PCPN:    SNOW:  WIND      :SUNSHINE: SKY     :PK WND
================================================================================
1   2   3   4   5  6A  6B    7    8   9   10  11  12  13   14  15   16   17  18
                                     12Z  AVG MX 2MIN
DY MAX MIN AVG DEP HDD CDD  WTR  SNW DPTH SPD SPD DIR MIN PSBL S-S WX    SPD DR
================================================================================

 1  65  24  45   4  20   0 0.00  0.0    0  3.0 10 190   M    M   M        15 180
 2  57  28  43   3  22   0 0.00  0.0    0 10.0 23 190   M    M   1 8      29 190
 3  43  38  41   1  24   0    T  0.0    0 14.0 25 190   M    M  10        37 180
 4  42  37  40   0  25   0 0.06  0.0    0 12.2 24 190   M    M  10 1      38 170
 5  45  34  40   0  25   0 0.00  0.0    0 13.3 28 190   M    M   3        37 190
 6  48  21  35  -4  30   0 0.00  0.0    0  7.5 17 180   M    M   1        23 190
 7  54  14  34  -5  31   0 0.00  0.0    0  2.2  9  30   M    M   0        14  30
 8  53  24  39   0  26   0    T  0.0    0 13.0 33 190   M    M   3        47 190
 9  47  39  43   5  22   0 0.40  0.0    0 16.6 29 200   M    M   7 1      45 190
10  45  37  41   3  24   0    T  0.0    0 12.1 22 190   M    M   8        31 200
11  53  25  39   1  26   0 0.00  0.0    0  2.0 10  30   M    M   0        13  40
12  57  32  45   8  20   0 0.00  0.0    0  9.1 25 190   M    M   0        38 180
13  51  35  43   6  22   0 0.20  0.0    0 12.2 28 190   M    M   3 1      39 180
14  51  30  41   4  24   0 0.04  0.0    0  9.9 21 180   M    M   3 1      31 190
15  48  34  41   5  24   0 1.36    M    0 14.0 28 200   M    M   M 1      46 180
16  45  35  40   4  25   0 3.14    T    0 11.4 26 200   M    M  10 1      38 180
================================================================================
SM  804  487       390   0  5.20    T    162.5          M       59
================================================================================
AV 50.3 30.4                              10.2 FASTST   M    M   4    MAX(MPH)
                                 MISC ---->  # 33 190               # 47  190
================================================================================
NOTES:
# LAST OF SEVERAL OCCURRENCES

COLUMN 17 PEAK WIND IN M.P.H.

PRELIMINARY LOCAL CLIMATOLOGICAL DATA (WS FORM: F-6) , PAGE 2

                                          STATION:  SOUTH LAKE TAHOE CA
                                          MONTH:    NOVEMBER
                                          YEAR:     2017
                                          LATITUDE:   38 53 N
                                          LONGITUDE: 119 60 W

[TEMPERATURE DATA]      [PRECIPITATION DATA]       SYMBOLS USED IN COLUMN 16

AVERAGE MONTHLY: 40.3   TOTAL FOR MONTH:   5.20    1 = FOG OR MIST
DPTR FM NORMAL:   1.9   DPTR FM NORMAL:    3.67    2 = FOG REDUCING VISIBILITY
HIGHEST:    65 ON  1    GRTST 24HR  3.14 ON 16-16      TO 1/4 MILE OR LESS
LOWEST:     14 ON  7                               3 = THUNDER
                        SNOW, ICE PELLETS, HAIL    4 = ICE PELLETS
                        TOTAL MONTH:    T          5 = HAIL
                        GRTST 24HR    T  ON 16-16  6 = FREEZING RAIN OR DRIZZLE
                        GRTST DEPTH:   0           7 = DUSTSTORM OR SANDSTORM:
                                                       VSBY 1/2 MILE OR LESS
                                                   8 = SMOKE OR HAZE
[NO. OF DAYS WITH]      [WEATHER - DAYS WITH]      9 = BLOWING SNOW
                                                   X = TORNADO
MAX 32 OR BELOW:   0    0.01 INCH OR MORE:   6
MAX 90 OR ABOVE:   0    0.10 INCH OR MORE:   4
MIN 32 OR BELOW:   8    0.50 INCH OR MORE:   2
MIN  0 OR BELOW:   0    1.00 INCH OR MORE:   2

[HDD (BASE 65) ]
TOTAL THIS MO.   390    CLEAR  (SCALE 0-3)   8
DPTR FM NORMAL   -34    PTCLDY (SCALE 4-7)   3
TOTAL FM JUL 1  1456    CLOUDY (SCALE 8-10)  3
DPTR FM NORMAL  -200

[CDD (BASE 65) ]
TOTAL THIS MO.     0
DPTR FM NORMAL     0    [PRESSURE DATA]
TOTAL FM JAN 1    81    HIGHEST SLP M ON M
DPTR FM NORMAL    50    LOWEST  SLP 29.71 ON 16

[REMARKS]
