000
CXUS54 KHGX 011410
CF611R
PRELIMINARY LOCAL CLIMATOLOGICAL DATA (WS FORM: F-6)
STATION: BRENHAM
MONTH: APRIL
YEAR: 2022
LATITUDE: 30 13 N
LONGITUDE: 96 22 W
TEMPERATURE IN F: :PCPN: SNOW: WIND :SUNSHINE: SKY :PK WND
================================================================================
1 2 3 4 5 6A 6B 7 8 9 10 11 12 13 14 15 16 17 18
12Z AVG MX 2MIN
DY MAX MIN AVG DEP HDD CDD WTR SNW DPTH SPD SPD DIR MIN PSBL S-S WX SPD DR
================================================================================
1 80 47 64 M 1 0 M 0.0 0 5.3 12 130 M M 0 18 110
2 83 56 70 M 0 5 0.00 0.0 0 4.0 12 320 M M 3 16 310
3 83 54 69 M 0 4 0.00 0.0 0 4.6 13 180 M M 2 12 20 150
4 78 63 71 M 0 6 M 0.0 M 6.5 12 130 M M 10 17 130
5 91 72 82 M 0 17 M 0.0 M 7.0 12 170 M M 5 1 17 230
6 78 56 67 M 0 2 M 0.0 0 14.5 27 350 M M 4 18 32 350
7 76 48 62 M 3 0 0.00 0.0 0 11.3 21 340 M M 0 30 340
8 76 46 61 M 4 0 0.00 0.0 0 7.9 17 320 M M 2 25 310
9 85 40 63 M 2 0 M M 0 8.1 17 180 M M 0 24 220
10 83 60 72 M 0 7 0.00 0.0 0 13.3 29 180 M M 5 37 190
11 85 71 78 M 0 13 M 0.0 0 14.1 28 200 M M 8 3 38 200
12 83 72 78 M 0 13 M 0.0 0 12.1 20 160 M M 10 1 28 160
13 91 65 78 M 0 13 M 0.0 0 11.3 17 160 M M 6 18 28 170
14 81 55 68 M 0 3 M 0.0 0 5.8 10 120 M M 1 17 100
15 79 55 67 M 0 2 M 0.0 0 2.6 8 170 M M 8 1 17 170
16 85 73 79 M 0 14 M 0.0 0 5.2 10 200 M M 7 18 17 210
17 89 71 80 M 0 15 M 0.0 0 4.2 13 190 M M 9 13 16 0
18 78 60 69 M 0 4 0.00 0.0 0 5.2 12 360 M M 1 1 20 360
19 77 54 66 M 0 1 0.00 0.0 0 9.7 17 130 M M 6 24 130
20 85 69 77 M 0 12 0.00 0.0 0 13.2 23 190 M M 9 32 190
21 83 73 78 M 0 13 0.00 0.0 0 8.2 12 130 M M 9 18 140
22 87 70 79 M 0 14 M 0.0 0 10.1 16 140 M M 7 25 140
23 86 69 78 M 0 13 M 0.0 M 12.5 22 160 M M 8 31 170
24 88 71 80 M 0 15 0.00 0.0 0 9.8 17 160 M M 8 25 170
25 80 63 72 M 0 7 M 0.0 M 6.2 15 10 M M 8 13 24 300
26 76 63 70 M 0 5 M 0.0 M 4.5 10 50 M M 7 M M
27 81 58 70 M 0 5 0.00 0.0 0 4.0 10 120 M M 1 16 150
28 87 63 75 M 0 10 0.00 0.0 0 7.6 14 160 M M 6 1 22 160
29 87 69 78 M 0 13 0.00 0.0 0 10.9 17 190 M M 9 25 170
30 89 72 81 M 0 16 M 0.0 0 6.0 12 190 M M 6 18 170
================================================================================
SM 2490 1858 10 242 0.00 0.0 245.8 M 165
================================================================================
AV 83.0 61.9 8.2 FASTST M M 6 MAX(MPH)
MISC ----> 29 180 38 200
================================================================================
NOTES:
# LAST OF SEVERAL OCCURRENCES
COLUMN 17 PEAK WIND IN M.P.H.
PRELIMINARY LOCAL CLIMATOLOGICAL DATA (WS FORM: F-6) , PAGE 2
STATION: BRENHAM
MONTH: APRIL
YEAR: 2022
LATITUDE: 30 13 N
LONGITUDE: 96 22 W
[TEMPERATURE DATA] [PRECIPITATION DATA] SYMBOLS USED IN COLUMN 16
AVERAGE MONTHLY: 72.5 TOTAL FOR MONTH: 0.00 1 = FOG OR MIST
DPTR FM NORMAL: 20.1 DPTR FM NORMAL: -3.62 2 = FOG REDUCING VISIBILITY
HIGHEST: 91 ON 13, 5 GRTST 24HR 0.00 ON 2- 2 TO 1/4 MILE OR LESS
LOWEST: 40 ON 9 3 = THUNDER
SNOW, ICE PELLETS, HAIL 4 = ICE PELLETS
TOTAL MONTH: 0.0 INCH 5 = HAIL
GRTST 24HR 0.0 6 = FREEZING RAIN OR DRIZZLE
GRTST DEPTH: 0 7 = DUSTSTORM OR SANDSTORM:
VSBY 1/2 MILE OR LESS
8 = SMOKE OR HAZE
[NO. OF DAYS WITH] [WEATHER - DAYS WITH] 9 = BLOWING SNOW
X = TORNADO
MAX 32 OR BELOW: 0 0.01 INCH OR MORE: 0
MAX 90 OR ABOVE: 2 0.10 INCH OR MORE: 0
MIN 32 OR BELOW: 0 0.50 INCH OR MORE: 0
MIN 0 OR BELOW: 0 1.00 INCH OR MORE: 0
[HDD (BASE 65) ]
TOTAL THIS MO. 10 CLEAR (SCALE 0-3) 9
DPTR FM NORMAL M PTCLDY (SCALE 4-7) 15
TOTAL FM JUL 1 1333 CLOUDY (SCALE 8-10) 6
DPTR FM NORMAL M
[CDD (BASE 65) ]
TOTAL THIS MO. 242
DPTR FM NORMAL M [PRESSURE DATA]
TOTAL FM JAN 1 318 HIGHEST SLP M ON M
DPTR FM NORMAL M LOWEST SLP M ON M
[REMARKS]
#FINAL-04-22#