000
CXAK56 PAFC 011256
CF6ADQ
PRELIMINARY LOCAL CLIMATOLOGICAL DATA (WS FORM: F-6)
STATION: KODIAK
MONTH: NOVEMBER
YEAR: 2022
LATITUDE: 57 45 N
LONGITUDE: 152 31 W
TEMPERATURE IN F: :PCPN: SNOW: WIND :SUNSHINE: SKY :PK WND
================================================================================
1 2 3 4 5 6A 6B 7 8 9 10 11 12 13 14 15 16 17 18
12Z AVG MX 2MIN
DY MAX MIN AVG DEP HDD CDD WTR SNW DPTH SPD SPD DIR MIN PSBL S-S WX SPD DR
================================================================================
1 43 17 30 -8 35 0 0.27 M M 6.3 20 140 M M 5 1 24 130
2 45 35 40 2 25 0 0.03 M M 10.8 29 290 M M 6 1 42 240
3 39 25 32 -6 33 0 T M M 20.7 44 290 M M 2 57 290
4 38 27 33 -5 32 0 0.05 M M 24.6 45 280 M M 4 1 56 270
5 33 28 31 -7 34 0 T M M 24.6 47 280 M M 2 60 280
6 37 25 31 -6 34 0 0.00 M M 9.9 31 300 M M 0 37 300
7 41 27 34 -3 31 0 0.27 M M 13.1 24 140 M M 8 1 34 130
8 43 38 41 4 24 0 1.01 M M 14.4 29 60 M M 10 1 34 40
9 40 36 38 1 27 0 1.18 M M 17.6 28 290 M M 10 1 42 290
10 44 27 36 -1 29 0 T M M 8.6 30 290 M M 1 37 290
11 47 35 41 5 24 0 1.35 M M 15.5 35 120 M M 10 1 44 110
12 47 34 41 5 24 0 T M M 8.7 18 180 M M 7 24 180
13 44 33 39 3 26 0 0.23 M M 7.3 23 280 M M 7 1 36 230
14 41 26 34 -2 31 0 0.00 M M 5.7 12 190 M M 1 15 330
15 45 40 43 7 22 0 0.35 M M 11.2 24 30 M M 8 18 32 20
16 44 43 44 8 21 0 0.34 M M 17.9 22 50 M M 10 1 28 40
17 44 42 43 8 22 0 0.05 M M 12.4 20 60 M M 10 1 M M
18 45 37 41 6 24 0 0.07 M M 11.4 26 20 M M 6 1 34 30
19 44 43 44 9 21 0 1.21 M M 16.9 33 30 M M 10 1 46 30
20 42 38 40 5 25 0 0.16 M M 5.1 17 290 M M 10 1 23 300
21 41 35 38 3 27 0 0.05 M M 2.8 10 310 M M 10 13 300
22 40 28 34 0 31 0 0.01 M M 11.2 22 300 M M 9 29 300
23 37 24 31 -3 34 0 0.01 M M 17.2 36 290 M M 4 1 48 270
24 46 37 42 8 23 0 0.06 M M 12.4 37 290 M M 3 49 290
25 38 33 36 2 29 0 0.02 M M 15.6 36 270 M M 3 18 53 270
26 36 28 32 -2 33 0 0.00 M M 16.3 46 280 M M 1 55 270
27 34 26 30 -4 35 0 0.09 M M 5.9 22 280 M M 3 1 29 280
28 31 27 29 -5 36 0 0.69 M M 9.0 25 290 M M 8 1 32 290
29 34 13 24 -10 41 0 T M M 14.2 30 290 M M 0 42 290
30 44 12 28 -5 37 0 0.01 M M 6.6 31 260 M M 2 48 290
================================================================================
SM 1227 919 870 0 7.51 M 373.9 M 170
================================================================================
AV 40.9 30.6 12.5 FASTST M M 6 MAX(MPH)
MISC ----> 47 280 60 280
================================================================================
NOTES:
# LAST OF SEVERAL OCCURRENCES
COLUMN 17 PEAK WIND IN M.P.H.
PRELIMINARY LOCAL CLIMATOLOGICAL DATA (WS FORM: F-6) , PAGE 2
STATION: KODIAK
MONTH: NOVEMBER
YEAR: 2022
LATITUDE: 57 45 N
LONGITUDE: 152 31 W
[TEMPERATURE DATA] [PRECIPITATION DATA] SYMBOLS USED IN COLUMN 16
AVERAGE MONTHLY: 35.8 TOTAL FOR MONTH: 7.51 1 = FOG OR MIST
DPTR FM NORMAL: 0.1 DPTR FM NORMAL: 0.45 2 = FOG REDUCING VISIBILITY
HIGHEST: 47 ON 12,11 GRTST 24HR 2.12 ON 8- 9 TO 1/4 MILE OR LESS
LOWEST: 12 ON 30 3 = THUNDER
SNOW, ICE PELLETS, HAIL 4 = ICE PELLETS
TOTAL MONTH: M 5 = HAIL
GRTST 24HR M ON M 6 = FREEZING RAIN OR DRIZZLE
GRTST DEPTH: M ON M 7 = DUSTSTORM OR SANDSTORM:
VSBY 1/2 MILE OR LESS
8 = SMOKE OR HAZE
[NO. OF DAYS WITH] [WEATHER - DAYS WITH] 9 = BLOWING SNOW
X = TORNADO
MAX 32 OR BELOW: 1 0.01 INCH OR MORE: 22
MAX 90 OR ABOVE: 0 0.10 INCH OR MORE: 11
MIN 32 OR BELOW: 15 0.50 INCH OR MORE: 5
MIN 0 OR BELOW: 0 1.00 INCH OR MORE: 4
[HDD (BASE 65) ]
TOTAL THIS MO. 870 CLEAR (SCALE 0-3) 9
DPTR FM NORMAL -9 PTCLDY (SCALE 4-7) 11
TOTAL FM JUL 1 2387 CLOUDY (SCALE 8-10) 10
DPTR FM NORMAL -174
[CDD (BASE 65) ]
TOTAL THIS MO. 0
DPTR FM NORMAL 0 [PRESSURE DATA]
TOTAL FM JAN 1 5 HIGHEST SLP 30.70 ON 6
DPTR FM NORMAL -2 LOWEST SLP 29.12 ON 2
[REMARKS]
#FINAL-11-22#