000
CXUS52 KFFC 011110
CF6AHN
PRELIMINARY LOCAL CLIMATOLOGICAL DATA (WS FORM: F-6)
STATION: ATHENS
MONTH: JANUARY
YEAR: 2021
LATITUDE: 33 57 N
LONGITUDE: 83 19 W
TEMPERATURE IN F: :PCPN: SNOW: WIND :SUNSHINE: SKY :PK WND
================================================================================
1 2 3 4 5 6A 6B 7 8 9 10 11 12 13 14 15 16 17 18
12Z AVG MX 2MIN
DY MAX MIN AVG DEP HDD CDD WTR SNW DPTH SPD SPD DIR MIN PSBL S-S WX SPD DR
================================================================================
1 68 48 58 15 7 0 1.39 M M 8.5 15 50 M M 10 12 24 280
2 63 48 56 13 9 0 T M M 2.2 7 230 M M 9 12 12 220
3 58 41 50 7 15 0 0.00 0.0 M 8.9 16 300 M M 4 1 26 300
4 61 33 47 4 18 0 0.00 0.0 M 4.4 12 270 M M 0 17 270
5 61 42 52 9 13 0 0.00 0.0 M 6.9 17 310 M M 2 31 290
6 55 30 43 0 22 0 0.00 0.0 M 2.8 7 90 M M 0 12 320
7 48 33 41 -2 24 0 0.47 0.0 M 8.4 22 80 M M 4 1 32 90
8 44 36 40 -3 25 0 0.15 0.0 M 7.6 18 80 M M 8 18 25 80
9 50 32 41 -2 24 0 0.00 0.0 M 6.3 12 310 M M 1 20 260
10 51 26 39 -4 26 0 0.00 0.0 M 3.5 12 90 M M 0 18 15 90
11 50 38 44 1 21 0 0.13 M M 5.1 10 60 M M 7 18 15 50
12 52 37 45 2 20 0 0.02 0.0 M 4.4 9 230 M M 7 18 14 280
13 50 31 41 -2 24 0 0.00 0.0 M 3.5 10 260 M M 4 18 17 270
14 59 33 46 3 19 0 0.00 0.0 M 5.2 14 290 M M 0 20 280
15 58 37 48 5 17 0 0.02 M M 5.1 14 280 M M 3 18 22 230
16 46 31 39 -4 26 0 0.00 0.0 M 7.8 20 300 M M 5 35 260
17 53 29 41 -2 24 0 0.00 0.0 M 4.9 14 270 M M 4 23 280
18 56 32 44 1 21 0 0.00 0.0 M 6.2 18 280 M M 0 33 300
19 65 29 47 3 18 0 0.00 0.0 M 4.0 15 290 M M 4 22 250
20 61 46 54 10 11 0 0.00 0.0 M 8.4 17 310 M M 2 26 320
21 52 45 49 5 16 0 0.05 0.0 M 5.4 15 260 M M 8 18 23 260
22 62 43 53 9 12 0 0.00 0.0 M 3.3 8 310 M M 2 12 300
23 61 34 48 4 17 0 0.00 0.0 M 4.7 8 110 M M 1 11 80
24 60 36 48 4 17 0 T M M 5.7 10 90 M M 7 15 70
25 58 46 52 8 13 0 T M M 3.1 10 70 M M 8 128 13 70
26 75 52 64 20 1 0 1.12 0.0 M 5.2 12 310 M M 8 138 21 220
27 63 46 55 11 10 0 0.85 M M 5.5 24 300 M M 8 1 41 290
28 52 35 44 0 21 0 0.00 0.0 M 10.8 20 300 M M 1 31 300
29 55 26 41 -3 24 0 0.00 0.0 M 1.9 7 10 M M 0 10 240
30 47 26 37 -7 28 0 0.00 0.0 M 6.0 14 80 M M 3 18 80
31 46 38 42 -3 23 0 0.45 M M 5.6 13 90 M M 10 12 19 10
================================================================================
SM 1740 1139 566 0 4.65 0.0 171.3 M 130
================================================================================
AV 56.1 36.7 5.5 FASTST M M 4 MAX(MPH)
MISC ----> 24 300 41 290
================================================================================
NOTES:
# LAST OF SEVERAL OCCURRENCES
COLUMN 17 PEAK WIND IN M.P.H.
PRELIMINARY LOCAL CLIMATOLOGICAL DATA (WS FORM: F-6) , PAGE 2
STATION: ATHENS
MONTH: JANUARY
YEAR: 2021
LATITUDE: 33 57 N
LONGITUDE: 83 19 W
[TEMPERATURE DATA] [PRECIPITATION DATA] SYMBOLS USED IN COLUMN 16
AVERAGE MONTHLY: 46.4 TOTAL FOR MONTH: 4.65 1 = FOG OR MIST
DPTR FM NORMAL: 2.9 DPTR FM NORMAL: 0.60 2 = FOG REDUCING VISIBILITY
HIGHEST: 75 ON 26 GRTST 24HR 1.39 ON 1- 1 TO 1/4 MILE OR LESS
LOWEST: 26 ON 30,29 3 = THUNDER
SNOW, ICE PELLETS, HAIL 4 = ICE PELLETS
TOTAL MONTH: 0.0 INCH 5 = HAIL
GRTST 24HR 0.0 6 = FREEZING RAIN OR DRIZZLE
GRTST DEPTH: M ON M 7 = DUSTSTORM OR SANDSTORM:
VSBY 1/2 MILE OR LESS
8 = SMOKE OR HAZE
[NO. OF DAYS WITH] [WEATHER - DAYS WITH] 9 = BLOWING SNOW
X = TORNADO
MAX 32 OR BELOW: 0 0.01 INCH OR MORE: 10
MAX 90 OR ABOVE: 0 0.10 INCH OR MORE: 7
MIN 32 OR BELOW: 10 0.50 INCH OR MORE: 3
MIN 0 OR BELOW: 0 1.00 INCH OR MORE: 2
[HDD (BASE 65) ]
TOTAL THIS MO. 566 CLEAR (SCALE 0-3) 12
DPTR FM NORMAL -101 PTCLDY (SCALE 4-7) 14
TOTAL FM JUL 1 1402 CLOUDY (SCALE 8-10) 5
DPTR FM NORMAL -357
[CDD (BASE 65) ]
TOTAL THIS MO. 0
DPTR FM NORMAL 0 [PRESSURE DATA]
TOTAL FM JAN 1 0 HIGHEST SLP 30.40 ON 29
DPTR FM NORMAL 0 LOWEST SLP 29.67 ON 15
[REMARKS]
#FINAL-01-21#