000
CXUS54 KHGX 011410
CF6ARM
PRELIMINARY LOCAL CLIMATOLOGICAL DATA (WS FORM: F-6)
STATION: Wharton
MONTH: MAY
YEAR: 2021
LATITUDE: 29 15 N
LONGITUDE: 96 9 W
TEMPERATURE IN F: :PCPN: SNOW: WIND :SUNSHINE: SKY :PK WND
================================================================================
1 2 3 4 5 6A 6B 7 8 9 10 11 12 13 14 15 16 17 18
12Z AVG MX 2MIN
DY MAX MIN AVG DEP HDD CDD WTR SNW DPTH SPD SPD DIR MIN PSBL S-S WX SPD DR
================================================================================
1 75 66 71 M 0 6 3.02 0.0 0 11.1 21 150 M M 9 3 32 130
2 83 67 75 M 0 10 M 0.0 0 9.3 16 160 M M 6 1 23 160
3 84 74 79 M 0 14 0.00 0.0 0 13.7 18 150 M M 9 18 25 170
4 84 68 76 M 0 11 0.00 0.0 0 8.2 20 340 M M 7 18 24 80
5 81 60 71 M 0 6 0.00 0.0 0 7.6 14 360 M M 0 18 360
6 85 61 73 M 0 8 M 0.0 0 4.3 9 10 M M 1 10 10
7 86 58 72 M 0 7 0.00 0.0 0 5.0 14 140 M M 0 1 18 140
8 85 62 74 M 0 9 0.00 0.0 0 11.9 24 160 M M 6 1 31 160
9 85 75 80 M 0 15 0.00 0.0 0 15.6 22 180 M M 9 27 190
10 87 73 80 M 0 15 0.00 0.0 0 8.3 14 160 M M 6 1 20 160
11 87 67 77 M 0 12 0.06 0.0 0 8.4 18 170 M M 7 1 28 360
12 75 63 69 M 0 4 0.17 0.0 0 11.6 16 350 M M 10 1 24 350
13 76 61 69 M 0 4 M 0.0 0 7.0 13 340 M M 10 17 20
14 82 63 73 M 0 8 0.00 0.0 0 5.1 13 130 M M 7 18 100
15 84 62 73 M 0 8 0.00 0.0 0 7.4 18 130 M M 3 1 23 130
16 74 68 71 M 0 6 1.37 0.0 0 8.0 22 130 M M 7 3 32 130
17 84 66 75 M 0 10 0.28 0.0 0 10.4 20 170 M M 7 3 28 160
18 83 64 74 M 0 9 2.32 0.0 0 10.8 21 290 M M 7 3 28 290
19 69 64 67 M 0 2 0.32 0.0 0 9.5 22 140 M M 7 3 33 140
20 82 62 72 M 0 7 0.00 0.0 0 3.1 7 350 M M 5 1 M M
21 85 68 77 M 0 12 0.04 0.0 0 6.3 14 80 M M 7 12 20 60
22 84 72 78 M 0 13 1.17 0.0 0 12.9 18 140 M M 8 30 100
23 76 70 73 M 0 8 0.17 0.0 0 8.0 13 110 M M 8 1 18 80
24 83 71 77 M 0 12 0.17 0.0 0 9.8 18 150 M M 8 3 25 150
25 83 73 78 M 0 13 0.00 0.0 0 10.4 18 150 M M 8 24 160
26 86 72 79 M 0 14 0.00 0.0 0 7.1 14 150 M M 6 1 M M
27 87 71 79 M 0 14 0.00 0.0 0 7.7 16 150 M M 6 1 20 170
28 86 66 76 M 0 11 0.95 0.0 0 7.6 16 340 M M 6 13 31 220
29 85 65 75 M 0 10 0.03 0.0 0 5.7 17 100 M M 2 18 27 100
30 83 69 76 M 0 11 M 0.0 0 6.0 14 130 M M 5 1 18 90
31 85 70 78 M 0 13 M 0.0 M 8.2 17 130 M M 4 1 24 130
================================================================================
SM 2554 2071 0 302 10.07 0.0 266.0 M 191
================================================================================
AV 82.4 66.8 8.6 FASTST M M 6 MAX(MPH)
MISC ----> 24 160 33 140
================================================================================
NOTES:
# LAST OF SEVERAL OCCURRENCES
COLUMN 17 PEAK WIND IN M.P.H.
PRELIMINARY LOCAL CLIMATOLOGICAL DATA (WS FORM: F-6) , PAGE 2
STATION: Wharton
MONTH: MAY
YEAR: 2021
LATITUDE: 29 15 N
LONGITUDE: 96 9 W
[TEMPERATURE DATA] [PRECIPITATION DATA] SYMBOLS USED IN COLUMN 16
AVERAGE MONTHLY: 74.6 TOTAL FOR MONTH: 10.07 1 = FOG OR MIST
DPTR FM NORMAL: 0.0 DPTR FM NORMAL: M 2 = FOG REDUCING VISIBILITY
HIGHEST: 87 ON 27,11 GRTST 24HR 3.02 ON 1- 1 TO 1/4 MILE OR LESS
LOWEST: 58 ON 7 3 = THUNDER
SNOW, ICE PELLETS, HAIL 4 = ICE PELLETS
TOTAL MONTH: 0.0 INCH 5 = HAIL
GRTST 24HR 0.0 6 = FREEZING RAIN OR DRIZZLE
GRTST DEPTH: 0 7 = DUSTSTORM OR SANDSTORM:
VSBY 1/2 MILE OR LESS
8 = SMOKE OR HAZE
[NO. OF DAYS WITH] [WEATHER - DAYS WITH] 9 = BLOWING SNOW
X = TORNADO
MAX 32 OR BELOW: 0 0.01 INCH OR MORE: 13
MAX 90 OR ABOVE: 0 0.10 INCH OR MORE: 10
MIN 32 OR BELOW: 0 0.50 INCH OR MORE: 5
MIN 0 OR BELOW: 0 1.00 INCH OR MORE: 4
[HDD (BASE 65) ]
TOTAL THIS MO. 0 CLEAR (SCALE 0-3) 4
DPTR FM NORMAL M PTCLDY (SCALE 4-7) 19
TOTAL FM JUL 1 1311 CLOUDY (SCALE 8-10) 8
DPTR FM NORMAL M
[CDD (BASE 65) ]
TOTAL THIS MO. 302
DPTR FM NORMAL M [PRESSURE DATA]
TOTAL FM JAN 1 589 HIGHEST SLP M ON M
DPTR FM NORMAL M LOWEST SLP M ON M
[REMARKS]
#FINAL-05-21#