000
CXUS53 KABR 011422
CF6ATY
PRELIMINARY LOCAL CLIMATOLOGICAL DATA (WS FORM: F-6)
STATION: WATERTOWN SD
MONTH: DECEMBER
YEAR: 2021
LATITUDE: 44 55 N
LONGITUDE: 97 9 W
TEMPERATURE IN F: :PCPN: SNOW: WIND :SUNSHINE: SKY :PK WND
================================================================================
1 2 3 4 5 6A 6B 7 8 9 10 11 12 13 14 15 16 17 18
12Z AVG MX 2MIN
DY MAX MIN AVG DEP HDD CDD WTR SNW DPTH SPD SPD DIR MIN PSBL S-S WX SPD DR
================================================================================
1 54 30 42 19 23 0 0.01 0.0 0 9.6 18 250 M M 2 27 230
2 46 32 39 16 26 0 0.02 0.0 0 6.7 16 160 M M 7 21 150
3 39 25 32 10 33 0 0.00 0.0 0 8.3 20 340 M M 6 1 25 340
4 31 26 29 7 36 0 0.03 0.4 0 7.6 23 140 M M 10 1 37 150
5 36 20 28 6 37 0 T T 0 21.2 35 320 M M 9 53 270
6 21 2 12 -9 53 0 0.01 0.1 0 15.3 36 340 M M 5 8 50 340
7 13 2 8 -13 57 0 0.14 3.6 3 4.2 12 150 M M 5 1 16 100
8 28 2 15 -5 50 0 0.00 0.0 3 10.1 22 150 M M 3 1 30 140
9 36 19 28 8 37 0 0.00 0.0 3 9.7 22 320 M M 2 29 150
10 33 21 27 7 38 0 0.03 0.2 1 4.2 13 70 M M 9 1 19 50
11 32 17 25 6 40 0 0.00 0.0 1 10.7 20 240 M M 0 26 210
12 38 17 28 9 37 0 0.00 0.0 1 8.2 16 170 M M 0 22 170
13 46 18 32 14 33 0 0.00 0.0 1 4.3 15 140 M M 0 22 160
14 41 31 36 18 29 0 0.00 0.0 0 14.0 21 160 M M 0 27 150
15 48 19 34 16 31 0 0.26 0.2 0 14.8 40 310 M M 7 126 59 300
16 21 7 14 -3 51 0 0.23 0.8 1 15.4 37 310 M M 3 1 49 290
17 17 9 13 -4 52 0 0.10 1.4 1 9.0 17 100 M M 8 18 28 100
18 14 -1 7 -10 58 0 0.01 0.2 2 7.9 15 330 M M 5 18 19 330
19 29 4 17 1 48 0 0.00 0.0 2 13.6 26 170 M M 0 35 180
20 23 8 16 0 49 0 0.00 0.0 2 12.4 24 320 M M 3 32 320
21 24 3 14 -2 51 0 0.04 0.5 2 14.1 31 310 M M 5 18 43 320
22 32 11 22 6 43 0 0.00 0.0 2 7.4 13 160 M M 5 17 150
23 38 20 29 14 36 0 0.00 0.0 2 8.9 21 160 M M 1 29 160
24 42 11 27 12 38 0 0.00 0.0 2 13.1 23 340 M M 0 29 320
25 18 9 14 -1 51 0 0.01 0.1 1 7.9 23 60 M M 8 18 34 70
26 26 8 17 2 48 0 0.11 1.6 1 11.1 24 90 M M 9 12 39 80
27 30 -3 14 0 51 0 0.01 0.1 3 12.9 35 270 M M 6 18 48 270
28 15 -12 2 -12 63 0 0.02 0.3 3 9.2 21 330 M M 6 18 26 120
29 11 -12 0 -14 65 0 0.00 0.0 3 3.9 12 190 M M 5 14 320
30 20 -1 10 -4 55 0 0.00 0.0 3 7.0 17 160 M M 2 18 25 150
31 8 -14 -3 -17 68 0 0.03 0.4 3 13.8 21 350 M M 7 18 25 350
================================================================================
SM 910 328 1387 0 1.06 9.9 316.5 M 138
================================================================================
AV 29.4 10.6 10.2 FASTST M M 4 MAX(MPH)
MISC ----> 40 310 59 300
================================================================================
NOTES:
# LAST OF SEVERAL OCCURRENCES
COLUMN 17 PEAK WIND IN M.P.H.
PRELIMINARY LOCAL CLIMATOLOGICAL DATA (WS FORM: F-6) , PAGE 2
STATION: WATERTOWN SD
MONTH: DECEMBER
YEAR: 2021
LATITUDE: 44 55 N
LONGITUDE: 97 9 W
[TEMPERATURE DATA] [PRECIPITATION DATA] SYMBOLS USED IN COLUMN 16
AVERAGE MONTHLY: 20.0 TOTAL FOR MONTH: 1.06 1 = FOG OR MIST
DPTR FM NORMAL: 2.2 DPTR FM NORMAL: 0.38 2 = FOG REDUCING VISIBILITY
HIGHEST: 54 ON 1 GRTST 24HR 0.32 ON 15-15 TO 1/4 MILE OR LESS
LOWEST: -14 ON 31 3 = THUNDER
SNOW, ICE PELLETS, HAIL 4 = ICE PELLETS
TOTAL MONTH: 9.9 INCHES 5 = HAIL
GRTST 24HR 3.6 ON 7- 7 6 = FREEZING RAIN OR DRIZZLE
GRTST DEPTH: 3 ON 31,30 7 = DUSTSTORM OR SANDSTORM:
VSBY 1/2 MILE OR LESS
8 = SMOKE OR HAZE
[NO. OF DAYS WITH] [WEATHER - DAYS WITH] 9 = BLOWING SNOW
X = TORNADO
MAX 32 OR BELOW: 19 0.01 INCH OR MORE: 16
MAX 90 OR ABOVE: 0 0.10 INCH OR MORE: 5
MIN 32 OR BELOW: 31 0.50 INCH OR MORE: 0
MIN 0 OR BELOW: 6 1.00 INCH OR MORE: 0
[HDD (BASE 65) ]
TOTAL THIS MO. 1387 CLEAR (SCALE 0-3) 13
DPTR FM NORMAL -76 PTCLDY (SCALE 4-7) 13
TOTAL FM JUL 1 2835 CLOUDY (SCALE 8-10) 5
DPTR FM NORMAL -507
[CDD (BASE 65) ]
TOTAL THIS MO. 0
DPTR FM NORMAL 0 [PRESSURE DATA]
TOTAL FM JAN 1 746 HIGHEST SLP 30.45 ON 18
DPTR FM NORMAL 226 LOWEST SLP 29.18 ON 15
[REMARKS]
#FINAL-12-21#