000
CXUS53 KARX 240647
CF6CCY
PRELIMINARY LOCAL CLIMATOLOGICAL DATA (WS FORM: F-6)
STATION: CHARLES_CITY IA
MONTH: JUNE
YEAR: 2022
LATITUDE: 43 4 N
LONGITUDE: 92 37 W
TEMPERATURE IN F: :PCPN: SNOW: WIND :SUNSHINE: SKY :PK WND
================================================================================
1 2 3 4 5 6A 6B 7 8 9 10 11 12 13 14 15 16 17 18
12Z AVG MX 2MIN
DY MAX MIN AVG DEP HDD CDD WTR SNW DPTH SPD SPD DIR MIN PSBL S-S WX SPD DR
================================================================================
1 70 50 60 -4 5 0 0.00 0.0 0 7.5 14 310 M M 3 17 350
2 77 46 62 -3 3 0 0.00 0.0 0 9.1 18 270 M M 2 25 260
3 73 50 62 -3 3 0 0.00 0.0 0 8.8 15 300 M M 2 22 300
4 63 52 58 -7 7 0 0.40 0.0 0 8.5 17 110 M M 7 23 110
5 70 55 63 -3 2 0 0.43 0.0 0 8.3 15 50 M M 7 1 16 120
6 70 61 66 0 0 1 0.02 0.0 0 7.1 15 40 M M 8 12 18 40
7 75 55 65 -1 0 0 0.14 0.0 0 5.1 12 350 M M 5 13 110
8 73 57 65 -1 0 0 0.38 0.0 0 7.7 16 10 M M 6 21 350
9 77 54 66 -1 0 1 0.00 0.0 0 6.7 14 270 M M 2 23 250
10 73 61 67 0 0 2 M 0.0 0 6.0 13 280 M M 5 15 230
11 73 59 66 -2 0 1 M 0.0 0 6.0 13 190 M M 5 12 250
12 84 63 74 6 0 9 0.00 0.0 0 9.8 14 120 M M 5 21 120
13 81 68 75 7 0 10 0.06 0.0 0 13.0 18 110 M M 6 1 25 110
14 95 72 84 16 0 19 0.40 0.0 0 16.1 27 200 M M 2 3 39 220
15 73 63 68 -1 0 3 0.58 0.0 0 8.2 21 320 M M 6 30 180
16 84 61 73 4 0 8 0.00 0.0 0 12.7 23 280 M M 0 32 280
17 82 59 71 2 0 6 0.00 0.0 0 8.3 17 360 M M 0 20 350
18 82 61 72 2 0 7 0.00 0.0 0 11.5 17 130 M M 0 25 140
19 91 63 77 7 0 12 0.00 0.0 0 14.6 20 180 M M 0 25 180
20 95 68 82 12 0 17 0.00 0.0 0 13.8 18 190 M M 0 27 220
21 90 68 79 9 0 14 M 0.0 0 11.0 20 320 M M 1 27 320
22 84 63 74 3 0 9 0.00 0.0 0 8.6 18 300 M M 1 24 310
23 90 64 77 6 0 12 0.00 0.0 0 10.0 17 190 M M 0 24 200
24 86 68 77 6 0 12 0.00 0.0 0 12.7 20 200 M M 2 29 210
25 82 66 74 3 0 9 1.15 0.0 0 9.2 17 320 M M 6 3 27 160
26 73 55 64 -7 1 0 0.00 0.0 0 13.4 23 320 M M 1 30 320
27 79 52 66 -6 0 1 0.00 0.0 0 6.5 13 280 M M 0 20 280
28 82 59 71 -1 0 6 0.00 0.0 0 11.1 22 190 M M 1 29 190
29 90 61 76 4 0 11 0.00 0.0 0 11.3 20 170 M M 0 29 200
30 84 70 77 5 0 12 0.13 0.0 0 10.8 20 200 M M 1 28 180
================================================================================
SM 2401 1804 21 182 3.69 0.0 293.4 M 84
================================================================================
AV 80.0 60.1 9.8 FASTST M M 3 MAX(MPH)
MISC ----> 27 200 39 220
================================================================================
NOTES:
# LAST OF SEVERAL OCCURRENCES
COLUMN 17 PEAK WIND IN M.P.H.
PRELIMINARY LOCAL CLIMATOLOGICAL DATA (WS FORM: F-6) , PAGE 2
STATION: CHARLES_CITY IA
MONTH: JUNE
YEAR: 2022
LATITUDE: 43 4 N
LONGITUDE: 92 37 W
[TEMPERATURE DATA] [PRECIPITATION DATA] SYMBOLS USED IN COLUMN 16
AVERAGE MONTHLY: 70.1 TOTAL FOR MONTH: 3.69 1 = FOG OR MIST
DPTR FM NORMAL: 1.5 DPTR FM NORMAL: -1.57 2 = FOG REDUCING VISIBILITY
HIGHEST: 95 ON 14,20 GRTST 24HR 1.15 ON 25-25 TO 1/4 MILE OR LESS
LOWEST: 46 ON 2 3 = THUNDER
SNOW, ICE PELLETS, HAIL 4 = ICE PELLETS
TOTAL MONTH: 0.0 INCH 5 = HAIL
GRTST 24HR 0.0 6 = FREEZING RAIN OR DRIZZLE
GRTST DEPTH: 0 7 = DUSTSTORM OR SANDSTORM:
VSBY 1/2 MILE OR LESS
8 = SMOKE OR HAZE
[NO. OF DAYS WITH] [WEATHER - DAYS WITH] 9 = BLOWING SNOW
X = TORNADO
MAX 32 OR BELOW: 0 0.01 INCH OR MORE: 10
MAX 90 OR ABOVE: 6 0.10 INCH OR MORE: 8
MIN 32 OR BELOW: 0 0.50 INCH OR MORE: 2
MIN 0 OR BELOW: 0 1.00 INCH OR MORE: 1
[HDD (BASE 65) ]
TOTAL THIS MO. 21 CLEAR (SCALE 0-3) 19
DPTR FM NORMAL -17 PTCLDY (SCALE 4-7) 10
TOTAL FM JUL 1 7198 CLOUDY (SCALE 8-10) 1
DPTR FM NORMAL -150
[CDD (BASE 65) ]
TOTAL THIS MO. 182
DPTR FM NORMAL 36 [PRESSURE DATA]
TOTAL FM JAN 1 268 HIGHEST SLP M ON M
DPTR FM NORMAL 82 LOWEST SLP M ON M
[REMARKS]
#FINAL-06-22#