000
CXUS52 KCHS 010815
CF6CHS
PRELIMINARY LOCAL CLIMATOLOGICAL DATA (WS FORM: F-6)
STATION: NORTH CHARLESTON SC
MONTH: JULY
YEAR: 2022
LATITUDE: 32 54 N
LONGITUDE: 80 2 W
TEMPERATURE IN F: :PCPN: SNOW: WIND :SUNSHINE: SKY :PK WND
================================================================================
1 2 3 4 5 6A 6B 7 8 9 10 11 12 13 14 15 16 17 18
12Z AVG MX 2MIN
DY MAX MIN AVG DEP HDD CDD WTR SNW DPTH SPD SPD DIR MIN PSBL S-S WX SPD DR
================================================================================
1 83 72 78 -4 0 13 0.92 0.0 0 9.2 24 130 M M 9 18 34 100
2 90 74 82 0 0 17 T 0.0 0 7.9 16 210 M M 7 1 20 190
3 93 75 84 2 0 19 0.06 0.0 0 6.9 23 20 M M 4 138 32 20
4 94 72 83 1 0 18 1.03 0.0 0 5.3 29 30 M M 6 138 40 30
5 90 74 82 0 0 17 0.00 0.0 0 5.7 16 200 M M 3 1 19 170
6 92 76 84 2 0 19 0.00 0.0 0 7.3 16 170 M M 5 18 170
7 95 79 87 5 0 22 0.00 0.0 0 7.9 17 200 M M 6 38 22 200
8 91 76 84 2 0 19 0.01 0.0 0 9.0 23 250 M M 7 13 30 250
9 92 75 84 2 0 19 1.42 0.0 0 8.7 22 260 M M 7 123 27 260
10 89 73 81 -1 0 16 2.14 0.0 0 5.5 17 90 M M 9 138 21 100
11 80 73 77 -5 0 12 T 0.0 0 5.5 12 20 M M 9 13 14 30
12 90 74 82 -1 0 17 0.08 0.0 0 4.9 15 210 M M 7 13 17 210
13 90 73 82 -1 0 17 0.48 0.0 0 8.4 25 250 M M 7 138 39 260
14 90 72 81 -2 0 16 1.17 0.0 0 6.9 17 300 M M 8 13 23 300
15 85 73 79 -4 0 14 0.02 0.0 0 4.0 10 320 M M 8 13 12 310
16 88 73 81 -2 0 16 0.02 0.0 0 4.6 16 180 M M 6 138 19 170
17 85 72 79 -4 0 14 0.10 0.0 0 5.7 21 130 M M 4 1 26 130
18 90 74 82 -1 0 17 0.10 0.0 0 8.6 22 180 M M 5 13 26 190
19 91 74 83 0 0 18 0.29 0.0 0 8.8 18 310 M M 4 13 24 310
20 90 72 81 -2 0 16 0.16 0.0 0 8.8 18 180 M M 6 13 22 180
21 89 74 82 -1 0 17 0.00 0.0 0 10.7 22 200 M M 5 27 190
22 92 72 82 -1 0 17 1.11 0.0 0 9.8 26 30 M M 6 138 38 30
23 92 72 82 -1 0 17 0.33 0.0 0 5.1 30 120 M M 6 13 40 110
24 88 76 82 -1 0 17 T 0.0 0 7.6 18 170 M M 6 3 23 180
25 91 75 83 0 0 18 0.01 0.0 0 7.8 21 190 M M 4 1 24 200
26 91 76 84 1 0 19 0.02 0.0 0 8.8 18 230 M M 3 8 22 220
27 93 76 85 2 0 20 0.00 0.0 0 9.3 16 180 M M 3 8 20 190
28 93 79 86 3 0 21 0.00 0.0 0 9.4 17 190 M M 4 8 21 190
29 93 78 86 3 0 21 0.00 0.0 0 10.8 18 190 M M 4 22 200
30 94 78 86 3 0 21 0.00 0.0 0 8.3 17 200 M M 6 3 22 190
31 95 80 88 5 0 23 0.00 0.0 0 8.9 16 190 M M 4 20 190
================================================================================
SM 2799 2312 0 547 9.47 0.0 236.1 M 178
================================================================================
AV 90.3 74.6 7.6 FASTST M M 6 MAX(MPH)
MISC ----> 30 120 # 40 30
================================================================================
NOTES:
# LAST OF SEVERAL OCCURRENCES
COLUMN 17 PEAK WIND IN M.P.H.
PRELIMINARY LOCAL CLIMATOLOGICAL DATA (WS FORM: F-6) , PAGE 2
STATION: NORTH CHARLESTON SC
MONTH: JULY
YEAR: 2022
LATITUDE: 32 54 N
LONGITUDE: 80 2 W
[TEMPERATURE DATA] [PRECIPITATION DATA] SYMBOLS USED IN COLUMN 16
AVERAGE MONTHLY: 82.4 TOTAL FOR MONTH: 9.47 1 = FOG OR MIST
DPTR FM NORMAL: -0.1 DPTR FM NORMAL: 2.87 2 = FOG REDUCING VISIBILITY
HIGHEST: 95 ON 31, 7 GRTST 24HR 2.76 ON 9-10 TO 1/4 MILE OR LESS
LOWEST: 72 ON 23,22 3 = THUNDER
SNOW, ICE PELLETS, HAIL 4 = ICE PELLETS
TOTAL MONTH: 0.0 INCH 5 = HAIL
GRTST 24HR 0.0 6 = FREEZING RAIN OR DRIZZLE
GRTST DEPTH: 0 7 = DUSTSTORM OR SANDSTORM:
VSBY 1/2 MILE OR LESS
8 = SMOKE OR HAZE
[NO. OF DAYS WITH] [WEATHER - DAYS WITH] 9 = BLOWING SNOW
X = TORNADO
MAX 32 OR BELOW: 0 0.01 INCH OR MORE: 19
MAX 90 OR ABOVE: 23 0.10 INCH OR MORE: 12
MIN 32 OR BELOW: 0 0.50 INCH OR MORE: 6
MIN 0 OR BELOW: 0 1.00 INCH OR MORE: 5
[HDD (BASE 65) ]
TOTAL THIS MO. 0 CLEAR (SCALE 0-3) 0
DPTR FM NORMAL 0 PTCLDY (SCALE 4-7) 28
TOTAL FM JUL 1 0 CLOUDY (SCALE 8-10) 3
DPTR FM NORMAL 0
[CDD (BASE 65) ]
TOTAL THIS MO. 547
DPTR FM NORMAL 5 [PRESSURE DATA]
TOTAL FM JAN 1 1526 HIGHEST SLP 30.20 ON 31
DPTR FM NORMAL 143 LOWEST SLP 29.87 ON 10
[REMARKS]
#FINAL-07-22#