000
CXUS53 KMPX 042020
CF6EAU
PRELIMINARY LOCAL CLIMATOLOGICAL DATA (WS FORM: F-6)
STATION: EAU CLAIRE WI
MONTH: MARCH
YEAR: 2023
LATITUDE: 44 52 N
LONGITUDE: 91 29 W
TEMPERATURE IN F: :PCPN: SNOW: WIND :SUNSHINE: SKY :PK WND
================================================================================
1 2 3 4 5 6A 6B 7 8 9 10 11 12 13 14 15 16 17 18
12Z AVG MX 2MIN
DY MAX MIN AVG DEP HDD CDD WTR SNW DPTH SPD SPD DIR MIN PSBL S-S WX SPD DR
================================================================================
1 37 27 32 8 33 0 0.09 0.9 4 8.0 17 360 M M 10 12 26 360
2 34 17 26 1 39 0 0.00 0.0 4 3.1 16 10 M M 4 22 10
3 40 13 27 2 38 0 0.00 0.0 3 2.3 8 350 M M 1 18 12 150
4 40 22 31 5 34 0 0.00 0.0 3 4.7 13 250 M M 3 18 16 250
5 42 15 29 3 36 0 0.05 0.3 2 6.9 21 110 M M 4 18 30 120
6 39 33 36 9 29 0 0.27 1.5 3 9.1 16 70 M M 10 1 24 360
7 41 25 33 6 32 0 0.00 0.0 3 7.6 17 80 M M 1 22 80
8 41 28 35 7 30 0 0.00 0.0 3 9.2 20 120 M M 7 27 110
9 36 29 33 5 32 0 0.30 4.5 2 9.7 18 110 M M 10 1 25 100
10 35 26 31 2 34 0 0.08 2.1 8 6.9 13 30 M M 10 1 19 20
11 31 27 29 0 36 0 0.22 3.1 6 9.5 16 100 M M 10 12 22 90
12 30 28 29 -1 36 0 0.20 2.2 9 6.9 13 30 M M 10 168 20 30
13 30 1 16 -14 49 0 0.01 0.2 9 7.6 16 20 M M 6 1 28 10
14 32 -4 14 -16 51 0 0.00 0.0 8 5.1 13 150 M M 1 1 18 120
15 45 23 34 3 31 0 0.00 0.0 8 8.9 18 200 M M 2 25 210
16 44 24 34 3 31 0 0.31 0.3 5 9.2 24 320 M M 10 1 37 300
17 24 8 16 -16 49 0 T T 4 17.5 24 280 M M 9 8 36 290
18 25 9 17 -15 48 0 T T 4 13.3 22 310 M M 4 8 34 300
19 38 9 24 -9 41 0 0.00 0.0 4 11.7 23 230 M M 0 31 220
20 41 20 31 -2 34 0 0.00 0.0 4 6.9 16 60 M M 0 19 50
21 38 25 32 -2 33 0 T T 4 11.9 21 120 M M 6 29 140
22 39 31 35 1 30 0 0.14 0.1 4 9.6 20 240 M M 9 1 27 240
23 38 21 30 -4 35 0 0.00 0.0 3 5.8 12 320 M M 0 17 350
24 45 13 29 -6 36 0 0.00 0.0 3 3.8 13 70 M M 0 16 50
25 43 27 35 0 30 0 0.00 0.0 3 6.8 16 330 M M 0 22 330
26 43 23 33 -3 32 0 0.00 0.0 3 4.6 13 340 M M 0 17 10
27 41 20 31 -5 34 0 0.00 0.0 3 4.1 13 260 M M 0 17 260
28 38 20 29 -8 36 0 T T 2 9.2 21 300 M M 3 28 310
29 27 13 20 -17 45 0 0.00 0.0 2 7.0 17 310 M M 1 27 300
30 38 8 23 -15 42 0 T T 2 6.6 18 100 M M 5 18 25 100
31 39 33 36 -2 29 0 1.55 0.3 2 13.2 25 80 M M 10 1 33 40
================================================================================
SM 1154 614 1125 0 3.22 15.5 246.7 M 146
================================================================================
AV 37.2 19.8 8.0 FASTST M M 5 MAX(MPH)
MISC ----> 25 80 37 300
================================================================================
NOTES:
# LAST OF SEVERAL OCCURRENCES
COLUMN 17 PEAK WIND IN M.P.H.
PRELIMINARY LOCAL CLIMATOLOGICAL DATA (WS FORM: F-6) , PAGE 2
STATION: EAU CLAIRE WI
MONTH: MARCH
YEAR: 2023
LATITUDE: 44 52 N
LONGITUDE: 91 29 W
[TEMPERATURE DATA] [PRECIPITATION DATA] SYMBOLS USED IN COLUMN 16
AVERAGE MONTHLY: 28.5 TOTAL FOR MONTH: 3.22 1 = FOG OR MIST
DPTR FM NORMAL: -2.7 DPTR FM NORMAL: 1.25 2 = FOG REDUCING VISIBILITY
HIGHEST: 45 ON 24,15 GRTST 24HR 1.55 ON 31-31 TO 1/4 MILE OR LESS
LOWEST: -4 ON 14 3 = THUNDER
SNOW, ICE PELLETS, HAIL 4 = ICE PELLETS
TOTAL MONTH: 15.5 INCHES 5 = HAIL
GRTST 24HR 4.5 ON 9- 9 6 = FREEZING RAIN OR DRIZZLE
GRTST DEPTH: 9 ON 13,12 7 = DUSTSTORM OR SANDSTORM:
VSBY 1/2 MILE OR LESS
8 = SMOKE OR HAZE
[NO. OF DAYS WITH] [WEATHER - DAYS WITH] 9 = BLOWING SNOW
X = TORNADO
MAX 32 OR BELOW: 7 0.01 INCH OR MORE: 11
MAX 90 OR ABOVE: 0 0.10 INCH OR MORE: 7
MIN 32 OR BELOW: 29 0.50 INCH OR MORE: 1
MIN 0 OR BELOW: 1 1.00 INCH OR MORE: 1
[HDD (BASE 65) ]
TOTAL THIS MO. 1125 CLEAR (SCALE 0-3) 13
DPTR FM NORMAL 78 PTCLDY (SCALE 4-7) 8
TOTAL FM JUL 1 6748 CLOUDY (SCALE 8-10) 10
DPTR FM NORMAL -248
[CDD (BASE 65) ]
TOTAL THIS MO. 0
DPTR FM NORMAL 0 [PRESSURE DATA]
TOTAL FM JAN 1 0 HIGHEST SLP 30.55 ON 7
DPTR FM NORMAL 0 LOWEST SLP 29.31 ON 31
[REMARKS]
#FINAL-03-23#
PRECIPITATION DATA IS FROM THE 8 INCH DIAMETER RAIN GAUGE AT
THE SNOW OBSERVING SITE ON THE FOLLOWING DATES: 1ST...2ND...
6TH...9TH THROUGH 14TH...16TH...22ND...30TH AND 31ST.