000
CXUS52 KMHX 011952
CF6EWN
PRELIMINARY LOCAL CLIMATOLOGICAL DATA (WS FORM: F-6)
STATION: NEW BERN NC
MONTH: MAY
YEAR: 2022
LATITUDE: 35 4 N
LONGITUDE: 77 3 W
TEMPERATURE IN F: :PCPN: SNOW: WIND :SUNSHINE: SKY :PK WND
================================================================================
1 2 3 4 5 6A 6B 7 8 9 10 11 12 13 14 15 16 17 18
12Z AVG MX 2MIN
DY MAX MIN AVG DEP HDD CDD WTR SNW DPTH SPD SPD DIR MIN PSBL S-S WX SPD DR
================================================================================
1 83 56 70 4 0 5 0.00 0.0 0 6.4 16 180 M M 3 1 23 180
2 87 66 77 11 0 12 T 0.0 0 9.8 17 220 M M 2 3 26 230
3 88 67 78 12 0 13 0.00 0.0 0 10.0 17 200 M M 1 24 210
4 88 69 79 12 0 14 T 0.0 0 10.4 18 210 M M 1 3 26 180
5 73 65 69 2 0 4 T 0.0 0 6.1 14 20 M M 8 18 18 20
6 85 62 74 7 0 9 T 0.0 0 9.6 21 200 M M 6 3 30 180
7 82 57 70 3 0 5 0.27 0.0 0 9.7 21 20 M M 6 13 28 10
8 57 49 53 -15 12 0 0.02 0.0 0 13.9 21 10 M M 10 1 28 20
9 69 49 59 -9 6 0 0.00 0.0 0 13.6 23 20 M M 7 29 30
10 66 53 60 -8 5 0 0.00 0.0 0 16.5 24 40 M M 9 33 20
11 68 54 61 -7 4 0 T 0.0 0 15.0 22 20 M M 10 8 28 40
12 74 59 67 -2 0 2 0.06 0.0 0 13.3 22 40 M M 10 1 27 40
13 79 61 70 1 0 5 0.42 0.0 0 6.0 13 120 M M 5 1 17 120
14 80 64 72 3 0 7 0.27 0.0 0 4.6 13 170 M M 4 1 18 210
15 87 60 74 5 0 9 0.18 0.0 0 5.3 16 190 M M 1 123 21 180
16 87 65 76 6 0 11 1.34 0.0 0 9.3 30 310 M M 4 13 42 320
17 83 63 73 3 0 8 0.00 0.0 0 4.5 13 190 M M 1 1 16 170
18 83 60 72 2 0 7 0.00 0.0 0 5.9 13 130 M M 0 18 120
19 92 67 80 10 0 15 0.00 0.0 0 8.2 17 230 M M 1 8 26 230
20 95 72 84 14 0 19 0.00 0.0 0 9.1 17 190 M M 1 8 25 180
21 92 74 83 12 0 18 0.00 0.0 0 M M M M M M M M
22 84 72 78 7 0 13 0.00 0.0 0 9.0 16 200 M M 0 17 220
23 87 69 78 7 0 13 2.50 0.0 0 7.1 16 90 M M 6 1 21 90
24 85 67 76 4 0 11 2.62 0.0 0 6.9 37 190 M M 8 1238 51 180
25 69 61 65 -7 0 0 T 0.0 0 8.0 13 30 M M 10 1 16 20
26 81 63 72 0 0 7 0.00 0.0 0 4.6 13 170 M M 7 1 16 170
27 82 69 76 4 0 11 0.35 0.0 0 9.2 33 220 M M 2 138 33 220
28 85 68 77 5 0 12 T 0.0 0 4.6 14 330 M M 4 1 17 340
29 86 65 76 3 0 11 0.00 0.0 0 3.4 13 130 M M 2 12 17 150
30 88 67 78 5 0 13 0.00 0.0 0 3.0 14 120 M M 3 12 17 150
31 92 67 80 7 0 15 0.00 0.0 0 3.9 15 180 M M 1 1 19 180
================================================================================
SM 2537 1960 27 269 8.03 0.0 246.9 M 133
================================================================================
AV 81.8 63.2 8.2 FASTST M M 4 MAX(MPH)
MISC ----> 37 190 51 180
================================================================================
NOTES:
# LAST OF SEVERAL OCCURRENCES
COLUMN 17 PEAK WIND IN M.P.H.
PRELIMINARY LOCAL CLIMATOLOGICAL DATA (WS FORM: F-6) , PAGE 2
STATION: NEW BERN NC
MONTH: MAY
YEAR: 2022
LATITUDE: 35 4 N
LONGITUDE: 77 3 W
[TEMPERATURE DATA] [PRECIPITATION DATA] SYMBOLS USED IN COLUMN 16
AVERAGE MONTHLY: 72.5 TOTAL FOR MONTH: 8.03 1 = FOG OR MIST
DPTR FM NORMAL: 3.0 DPTR FM NORMAL: 3.78 2 = FOG REDUCING VISIBILITY
HIGHEST: 95 ON 20 GRTST 24HR 2.62 ON 24-24 TO 1/4 MILE OR LESS
LOWEST: 49 ON 9, 8 3 = THUNDER
SNOW, ICE PELLETS, HAIL 4 = ICE PELLETS
TOTAL MONTH: 0.0 INCH 5 = HAIL
GRTST 24HR 0.0 6 = FREEZING RAIN OR DRIZZLE
GRTST DEPTH: 0 7 = DUSTSTORM OR SANDSTORM:
VSBY 1/2 MILE OR LESS
8 = SMOKE OR HAZE
[NO. OF DAYS WITH] [WEATHER - DAYS WITH] 9 = BLOWING SNOW
X = TORNADO
MAX 32 OR BELOW: 0 0.01 INCH OR MORE: 10
MAX 90 OR ABOVE: 4 0.10 INCH OR MORE: 8
MIN 32 OR BELOW: 0 0.50 INCH OR MORE: 3
MIN 0 OR BELOW: 0 1.00 INCH OR MORE: 3
[HDD (BASE 65) ]
TOTAL THIS MO. 27 CLEAR (SCALE 0-3) 14
DPTR FM NORMAL -6 PTCLDY (SCALE 4-7) 10
TOTAL FM JUL 1 2273 CLOUDY (SCALE 8-10) 7
DPTR FM NORMAL -423
[CDD (BASE 65) ]
TOTAL THIS MO. 269
DPTR FM NORMAL 95 [PRESSURE DATA]
TOTAL FM JAN 1 386 HIGHEST SLP 30.25 ON 26
DPTR FM NORMAL 137 LOWEST SLP 29.52 ON 7
[REMARKS]
#FINAL-05-22#
CORRECTED PRECIP RECORD FOR MAY 23.