000
CXUS52 KKEY 012022 CCA
CF6EYW
PRELIMINARY LOCAL CLIMATOLOGICAL DATA (WS FORM: F-6)...CORRECTED
STATION: KEY WEST
MONTH: DECEMBER
YEAR: 2022
LATITUDE: 24 32 N
LONGITUDE: 81 45 W
TEMPERATURE IN F: :PCPN: SNOW: WIND :SUNSHINE: SKY :PK WND
================================================================================
1 2 3 4 5 6A 6B 7 8 9 10 11 12 13 14 15 16 17 18
12Z AVG MX 2MIN
DY MAX MIN AVG DEP HDD CDD WTR SNW DPTH SPD SPD DIR MIN PSBL S-S WX SPD DR
================================================================================
1 83 77 80 5 0 15 0.00 0.0 0 10.8 17 50 M M 3 30 40
2 83 72 78 3 0 13 0.00 0.0 0 11.9 20 70 M M 3 31 60
3 82 74 78 3 0 13 0.00 0.0 0 9.9 17 70 M M 5 28 80
4 80 72 76 2 0 11 0.00 0.0 0 8.8 16 30 M M 4 24 360
5 81 71 76 2 0 11 0.00 0.0 0 6.6 13 20 M M 0 17 30
6 83 73 78 4 0 13 0.00 0.0 0 6.1 13 20 M M 3 19 50
7 82 72 77 3 0 12 0.00 0.0 0 8.6 16 20 M M 1 22 20
8 80 73 77 3 0 12 0.00 0.0 0 7.7 14 30 M M 1 20 30
9 81 72 77 3 0 12 0.00 0.0 0 6.9 14 20 M M 0 20 360
10 81 72 77 3 0 12 0.00 0.0 0 7.0 13 20 M M 0 18 10
11 81 70 76 2 0 11 0.00 0.0 0 5.3 9 120 M M 1 15 150
12 78 68 73 -1 0 8 0.00 0.0 0 5.2 12 20 M M 1 16 30
13 77 68 73 0 0 8 0.00 0.0 0 5.9 10 110 M M 0 15 130
14 81 75 78 5 0 13 T 0.0 0 13.4 18 150 M M 2 25 160
15 82 76 79 6 0 14 T 0.0 0 11.6 21 160 M M 2 26 160
16 81 75 78 5 0 13 0.32 0.0 0 4.6 13 310 M M 7 18 16 300
17 78 72 75 2 0 10 0.51 0.0 0 6.2 15 240 M M 8 138 18 240
18 82 74 78 5 0 13 T 0.0 0 9.7 18 20 M M 5 26 30
19 80 70 75 2 0 10 0.00 0.0 0 11.2 17 80 M M 2 25 50
20 80 69 75 2 0 10 2.70 0.0 0 9.9 21 130 M M 6 13 28 90
21 82 69 76 4 0 11 0.00 0.0 0 6.0 16 100 M M 1 23 100
22 80 68 74 2 0 9 0.00 0.0 0 3.5 9 180 M M 0 1 14 160
23 77 62 70 -2 0 5 0.30 0.0 0 11.9 24 340 M M 6 13 34 340
24 66 55 61 -11 4 0 0.00 0.0 0 16.7 24 350 M M 3 36 360
25 59 55 57 -15 8 0 T 0.0 0 14.4 22 350 M M 5 36 360
26 62 54 58 -14 7 0 0.29 0.0 0 8.6 18 360 M M 7 1 26 10
27 65 59 62 -10 3 0 0.06 0.0 0 8.3 14 10 M M 5 19 10
28 75 61 68 -4 0 3 0.00 0.0 0 10.5 17 70 M M 2 27 60
29 79 66 73 1 0 8 T 0.0 0 10.1 20 70 M M 2 30 90
30 82 68 75 4 0 10 0.00 0.0 0 7.4 13 120 M M 0 18 120
31 82 72 77 6 0 12 0.00 0.0 0 6.0 10 160 M M 2 17 160
================================================================================
SM 2425 2134 22 292 4.18 0.0 270.7 M 87
================================================================================
AV 78.2 68.8 8.7 FASTST M M 3 MAX(MPH)
MISC ----> # 24 340 # 36 360
================================================================================
NOTES:
# LAST OF SEVERAL OCCURRENCES
COLUMN 17 PEAK WIND IN M.P.H.
PRELIMINARY LOCAL CLIMATOLOGICAL DATA (WS FORM: F-6) , PAGE 2
STATION: KEY WEST
MONTH: DECEMBER
YEAR: 2022
LATITUDE: 24 32 N
LONGITUDE: 81 45 W
[TEMPERATURE DATA] [PRECIPITATION DATA] SYMBOLS USED IN COLUMN 16
AVERAGE MONTHLY: 73.5 TOTAL FOR MONTH: 4.18 1 = FOG OR MIST
DPTR FM NORMAL: 0.5 DPTR FM NORMAL: 2.02 2 = FOG REDUCING VISIBILITY
HIGHEST: 83 ON 6, 2 GRTST 24HR 2.70 ON 20-20 TO 1/4 MILE OR LESS
LOWEST: 54 ON 26 3 = THUNDER
SNOW, ICE PELLETS, HAIL 4 = ICE PELLETS
TOTAL MONTH: 0.0 INCH 5 = HAIL
GRTST 24HR 0.0 6 = FREEZING RAIN OR DRIZZLE
GRTST DEPTH: 0 7 = DUSTSTORM OR SANDSTORM:
VSBY 1/2 MILE OR LESS
8 = SMOKE OR HAZE
[NO. OF DAYS WITH] [WEATHER - DAYS WITH] 9 = BLOWING SNOW
X = TORNADO
MAX 32 OR BELOW: 0 0.01 INCH OR MORE: 6
MAX 90 OR ABOVE: 0 0.10 INCH OR MORE: 5
MIN 32 OR BELOW: 0 0.50 INCH OR MORE: 2
MIN 0 OR BELOW: 0 1.00 INCH OR MORE: 1
[HDD (BASE 65) ]
TOTAL THIS MO. 22 CLEAR (SCALE 0-3) 21
DPTR FM NORMAL 12 PTCLDY (SCALE 4-7) 9
TOTAL FM JUL 1 22 CLOUDY (SCALE 8-10) 1
DPTR FM NORMAL 12
[CDD (BASE 65) ]
TOTAL THIS MO. 292
DPTR FM NORMAL 34 [PRESSURE DATA]
TOTAL FM JAN 1 5255 HIGHEST SLP M ON M
DPTR FM NORMAL 135 LOWEST SLP 29.91 ON 17
[REMARKS]
#FINAL-12-22#
CORRECTED ALIGNMENT OF SNOW, ICE PELLETS, HAIL TABLE
CORRECTED SEASONAL HDD DEPARTURE FROM NORMAL
CORRECTED SKY COVER TABLE
ROSS