000
CXUS52 KRAH 010945
CF6FAY
PRELIMINARY LOCAL CLIMATOLOGICAL DATA (WS FORM: F-6)
STATION: FAYETTEVILLE NC
MONTH: DECEMBER
YEAR: 2023
LATITUDE: 35 0 N
LONGITUDE: 78 53 W
TEMPERATURE IN F: :PCPN: SNOW: WIND :SUNSHINE: SKY :PK WND
================================================================================
1 2 3 4 5 6A 6B 7 8 9 10 11 12 13 14 15 16 17 18
12Z AVG MX 2MIN
DY MAX MIN AVG DEP HDD CDD WTR SNW DPTH SPD SPD DIR MIN PSBL S-S WX SPD DR
================================================================================
1 68 35 52 2 13 0 0.00 M M 4.1 14 180 M M 5 20 190
2 73 63 68 19 0 3 T M M 5.2 10 170 M M 9 1 14 180
3 75 62 69 20 0 4 0.00 M M 9.3 21 250 M M 5 12 31 240
4 68 43 56 7 9 0 0.00 M M 4.2 17 250 M M 0 23 240
5 62 38 50 1 15 0 0.00 M M 4.0 13 40 M M 0 17 10
6 54 38 46 -2 19 0 0.00 M M 9.7 23 360 M M 3 34 10
7 54 30 42 -6 23 0 0.00 M M 6.3 15 230 M M 0 20 250
8 65 33 49 1 16 0 0.00 M M 5.8 15 200 M M 0 8 19 200
9 75 44 60 12 5 0 0.00 M M 4.8 15 230 M M 2 23 230
10 73 48 61 13 4 0 0.33 M M 9.9 29 320 M M 10 12 43 330
11 50 31 41 -6 24 0 0.28 M M 8.8 26 330 M M 5 1 38 340
12 54 28 41 -6 24 0 0.00 M M 2.5 10 20 M M 0 12 340
13 61 28 45 -2 20 0 0.00 M M 3.7 15 360 M M 0 18 340
14 53 30 42 -5 23 0 0.00 M M 5.7 15 30 M M 0 8 23 30
15 60 27 44 -3 21 0 0.00 M M 0.2 6 40 M M 0 10 140
16 61 29 45 -1 20 0 0.00 M M 5.4 10 70 M M 0 16 70
17 58 48 53 7 12 0 2.90 M M 15.0 32 20 M M 10 1 44 10
18 62 42 52 6 13 0 0.03 M M 13.4 25 340 M M 3 1 40 340
19 47 32 40 -6 25 0 0.00 M M 9.2 24 330 M M 0 34 300
20 50 27 39 -7 26 0 0.00 M M 4.3 10 20 M M 0 15 30
21 60 26 43 -3 22 0 0.00 M M 0.9 6 30 M M 0 9 20
22 58 30 44 -1 21 0 0.00 M M 1.2 6 140 M M 0 8 140
23 65 32 49 4 16 0 0.00 M M 2.3 9 140 M M 0 1 13 150
24 69 36 53 8 12 0 0.00 M M 2.3 8 150 M M 0 11 150
25 68 41 55 10 10 0 T M M 6.9 14 100 M M 3 18 90
26 66 57 62 17 3 0 0.56 M M 7.5 15 20 M M 9 1 21 40
27 71 58 65 20 0 0 0.62 M M 7.1 17 270 M M 9 128 24 280
28 59 41 50 6 15 0 0.00 M M 8.1 14 240 M M 0 20 240
29 58 37 48 4 17 0 T M M 6.6 22 220 M M 4 1 31 230
30 51 34 43 -1 22 0 0.00 M M 8.7 17 260 M M 4 24 250
31 55 30 43 -1 22 0 0.00 M M 5.5 13 190 M M 0 16 200
================================================================================
SM 1903 1178 472 7 4.72 M 188.6 M 81
================================================================================
AV 61.4 38.0 6.1 FASTST M M 3 MAX(MPH)
MISC ----> 32 20 44 10
================================================================================
NOTES:
# LAST OF SEVERAL OCCURRENCES
COLUMN 17 PEAK WIND IN M.P.H.
PRELIMINARY LOCAL CLIMATOLOGICAL DATA (WS FORM: F-6) , PAGE 2
STATION: FAYETTEVILLE NC
MONTH: DECEMBER
YEAR: 2023
LATITUDE: 35 0 N
LONGITUDE: 78 53 W
[TEMPERATURE DATA] [PRECIPITATION DATA] SYMBOLS USED IN COLUMN 16
AVERAGE MONTHLY: 49.7 TOTAL FOR MONTH: 4.72 1 = FOG OR MIST
DPTR FM NORMAL: 3.2 DPTR FM NORMAL: 1.75 2 = FOG REDUCING VISIBILITY
HIGHEST: 75 ON 9, 3 GRTST 24HR 2.93 ON 17-18 TO 1/4 MILE OR LESS
LOWEST: 26 ON 21 3 = THUNDER
SNOW, ICE PELLETS, HAIL 4 = ICE PELLETS
TOTAL MONTH: M 5 = HAIL
GRTST 24HR M ON M 6 = FREEZING RAIN OR DRIZZLE
GRTST DEPTH: M ON M 7 = DUSTSTORM OR SANDSTORM:
VSBY 1/2 MILE OR LESS
8 = SMOKE OR HAZE
[NO. OF DAYS WITH] [WEATHER - DAYS WITH] 9 = BLOWING SNOW
X = TORNADO
MAX 32 OR BELOW: 0 0.01 INCH OR MORE: 6
MAX 90 OR ABOVE: 0 0.10 INCH OR MORE: 5
MIN 32 OR BELOW: 13 0.50 INCH OR MORE: 3
MIN 0 OR BELOW: 0 1.00 INCH OR MORE: 1
[HDD (BASE 65) ]
TOTAL THIS MO. 472 CLEAR (SCALE 0-3) 20
DPTR FM NORMAL -103 PTCLDY (SCALE 4-7) 6
TOTAL FM JUL 1 881 CLOUDY (SCALE 8-10) 5
DPTR FM NORMAL -169
[CDD (BASE 65) ]
TOTAL THIS MO. 7
DPTR FM NORMAL 4 [PRESSURE DATA]
TOTAL FM JAN 1 2073 HIGHEST SLP 30.74 ON 14
DPTR FM NORMAL 22 LOWEST SLP 29.24 ON 18
[REMARKS]
#FINAL-12-23#