000
CXUS52 KRAH 010845
CF6FAY
PRELIMINARY LOCAL CLIMATOLOGICAL DATA (WS FORM: F-6)
STATION: FAYETTEVILLE NC
MONTH: OCTOBER
YEAR: 2023
LATITUDE: 35 0 N
LONGITUDE: 78 53 W
TEMPERATURE IN F: :PCPN: SNOW: WIND :SUNSHINE: SKY :PK WND
================================================================================
1 2 3 4 5 6A 6B 7 8 9 10 11 12 13 14 15 16 17 18
12Z AVG MX 2MIN
DY MAX MIN AVG DEP HDD CDD WTR SNW DPTH SPD SPD DIR MIN PSBL S-S WX SPD DR
================================================================================
1 81 59 70 0 0 5 0.00 M M 6.2 15 20 M M 1 19 30
2 84 59 72 3 0 7 0.00 M M 6.5 16 20 M M 0 22 30
3 83 59 71 2 0 6 0.00 M M 6.0 15 30 M M 0 18 20
4 81 59 70 2 0 5 0.00 M M 6.1 13 60 M M 1 1 18 50
5 84 60 72 4 0 7 0.00 M M 6.1 13 50 M M 5 16 70
6 76 65 71 3 0 6 0.00 M M 4.8 13 360 M M 7 16 360
7 78 54 66 -1 0 1 T M M 8.9 18 320 M M 3 25 330
8 69 46 58 -9 7 0 0.00 M M 7.5 17 310 M M 0 23 320
9 73 41 57 -10 8 0 0.00 M M 6.2 18 210 M M 0 23 210
10 81 53 67 1 0 2 0.00 M M 9.2 17 210 M M 0 24 210
11 75 57 66 0 0 1 0.00 M M 3.6 12 200 M M 1 14 200
12 72 57 65 0 0 0 0.62 M M 3.5 10 60 M M 5 1 14 50
13 79 53 66 1 0 1 0.00 M M 4.7 10 90 M M 7 12 14 60
14 72 63 68 3 0 3 0.11 M M 6.9 14 250 M M 8 1 20 240
15 67 53 60 -4 5 0 0.00 M M 7.6 21 350 M M 6 28 330
16 66 49 58 -6 7 0 0.00 0.0 0 7.2 14 320 M M 6 20 330
17 69 44 57 -6 8 0 0.00 M M 3.9 10 10 M M 4 14 20
18 72 50 61 -2 4 0 0.00 M M 3.1 10 220 M M 6 17 220
19 74 44 59 -4 6 0 0.00 M M 3.4 12 110 M M 0 1 15 110
20 75 54 65 3 0 0 0.41 M M 7.8 26 270 M M 7 123 40 290
21 71 51 61 -1 4 0 0.00 M M 10.8 21 270 M M 1 26 290
22 75 52 64 2 1 0 0.00 M M 8.8 21 320 M M 0 30 310
23 70 43 57 -4 8 0 0.00 M M 3.2 10 360 M M 0 18 80
24 73 39 56 -5 9 0 0.00 M M 2.4 7 90 M M 0 11 70
25 80 47 64 4 1 0 0.00 M M 1.4 9 110 M M 1 12 120
26 80 53 67 7 0 2 0.00 M M 2.3 9 200 M M 1 128 13 180
27 81 54 68 8 0 3 0.00 M M 3.9 10 280 M M 2 12 15 230
28 85 60 73 14 0 8 0.00 M M 5.9 14 240 M M 0 19 270
29 84 58 71 12 0 6 0.00 M M 7.1 20 230 M M 0 1 24 220
30 85 63 74 15 0 9 0.00 M M 9.2 20 230 M M 0 30 250
31 67 47 57 -1 8 0 0.00 M M 10.9 24 40 M M 8 1 35 30
================================================================================
SM 2362 1646 76 72 1.14 0.0 185.1 M 80
================================================================================
AV 76.2 53.1 6.0 FASTST M M 3 MAX(MPH)
MISC ----> 26 270 40 290
================================================================================
NOTES:
# LAST OF SEVERAL OCCURRENCES
COLUMN 17 PEAK WIND IN M.P.H.
PRELIMINARY LOCAL CLIMATOLOGICAL DATA (WS FORM: F-6) , PAGE 2
STATION: FAYETTEVILLE NC
MONTH: OCTOBER
YEAR: 2023
LATITUDE: 35 0 N
LONGITUDE: 78 53 W
[TEMPERATURE DATA] [PRECIPITATION DATA] SYMBOLS USED IN COLUMN 16
AVERAGE MONTHLY: 64.6 TOTAL FOR MONTH: 1.14 1 = FOG OR MIST
DPTR FM NORMAL: 0.8 DPTR FM NORMAL: -2.09 2 = FOG REDUCING VISIBILITY
HIGHEST: 85 ON 30,28 GRTST 24HR 0.62 ON 12-12 TO 1/4 MILE OR LESS
LOWEST: 39 ON 24 3 = THUNDER
SNOW, ICE PELLETS, HAIL 4 = ICE PELLETS
TOTAL MONTH: 0.0 INCH 5 = HAIL
GRTST 24HR 0.0 6 = FREEZING RAIN OR DRIZZLE
GRTST DEPTH: 0 7 = DUSTSTORM OR SANDSTORM:
VSBY 1/2 MILE OR LESS
8 = SMOKE OR HAZE
[NO. OF DAYS WITH] [WEATHER - DAYS WITH] 9 = BLOWING SNOW
X = TORNADO
MAX 32 OR BELOW: 0 0.01 INCH OR MORE: 3
MAX 90 OR ABOVE: 0 0.10 INCH OR MORE: 3
MIN 32 OR BELOW: 0 0.50 INCH OR MORE: 1
MIN 0 OR BELOW: 0 1.00 INCH OR MORE: 0
[HDD (BASE 65) ]
TOTAL THIS MO. 76 CLEAR (SCALE 0-3) 20
DPTR FM NORMAL -39 PTCLDY (SCALE 4-7) 10
TOTAL FM JUL 1 76 CLOUDY (SCALE 8-10) 1
DPTR FM NORMAL -46
[CDD (BASE 65) ]
TOTAL THIS MO. 72
DPTR FM NORMAL -7 [PRESSURE DATA]
TOTAL FM JAN 1 2061 HIGHEST SLP 30.41 ON 24
DPTR FM NORMAL 24 LOWEST SLP 29.52 ON 20
[REMARKS]
#FINAL-10-23#