000
CXUS53 KARX 010900
CF6FKA
PRELIMINARY LOCAL CLIMATOLOGICAL DATA (WS FORM: F-6)
STATION: PRESTON MN
MONTH: SEPTEMBER
YEAR: 2022
LATITUDE: 43 40 N
LONGITUDE: 92 11 W
TEMPERATURE IN F: :PCPN: SNOW: WIND :SUNSHINE: SKY :PK WND
================================================================================
1 2 3 4 5 6A 6B 7 8 9 10 11 12 13 14 15 16 17 18
12Z AVG MX 2MIN
DY MAX MIN AVG DEP HDD CDD WTR SNW DPTH SPD SPD DIR MIN PSBL S-S WX SPD DR
================================================================================
1 83 60 72 M 0 7 0.00 0.0 0 7.7 10 200 M M 0 16 210
2 83 65 74 M 0 9 M 0.0 0 9.1 17 200 M M 1 3 23 200
3 74 56 65 M 0 0 0.00 0.0 0 9.1 14 30 M M 2 8 21 30
4 73 51 62 M 3 0 0.00 0.0 0 4.3 8 100 M M 2 M M
5 73 56 65 M 0 0 0.00 0.0 0 3.9 8 80 M M 8 1 M M
6 78 58 68 M 0 3 0.00 0.0 0 2.8 7 180 M M 4 M M
7 83 62 73 M 0 8 0.00 0.0 0 2.8 9 290 M M 3 M M
8 79 59 69 M 0 4 0.00 0.0 0 10.9 20 190 M M 0 25 190
9 76 58 67 M 0 2 M 0.0 0 9.8 14 340 M M 4 13 21 340
10 61 54 58 M 7 0 M 0.0 0 5.7 10 360 M M 5 17 360
11 69 49 59 M 6 0 0.00 0.0 0 6.3 14 20 M M 0 20 20
12 71 50 61 M 4 0 0.00 0.0 0 8.1 16 10 M M 0 23 360
13 76 51 64 M 1 0 0.00 0.0 0 2.7 7 300 M M 0 8 M M
14 76 49 63 M 2 0 0.00 0.0 0 4.7 9 140 M M 0 M M
15 81 58 70 M 0 5 0.00 0.0 0 9.8 20 200 M M 0 27 200
16 81 58 70 M 0 5 M 0.0 0 7.2 14 200 M M 1 18 190
17 77 60 69 M 0 4 0.00 0.0 0 9.7 20 200 M M 1 22 190
18 75 57 66 M 0 1 0.00 0.0 0 7.1 12 210 M M 4 1 16 210
19 78 51 65 M 0 0 0.00 0.0 0 5.0 10 140 M M 2 12 M M
20 89 63 76 M 0 11 0.00 0.0 0 7.2 16 200 M M 0 18 25 200
21 71 50 61 M 4 0 0.00 0.0 0 11.9 16 350 M M 1 8 27 340
22 62 44 53 M 12 0 0.00 0.0 0 5.3 12 20 M M 1 17 10
23 54 44 49 M 16 0 M 0.0 0 8.0 14 190 M M 5 1 23 160
24 69 49 59 M 6 0 0.02 0.0 0 8.5 17 300 M M 8 1 28 250
25 69 50 60 M 5 0 0.00 0.0 0 12.9 21 320 M M 2 30 320
26 61 42 52 M 13 0 0.00 0.0 0 11.4 21 310 M M 0 27 350
27 57 37 47 M 18 0 0.00 0.0 0 7.6 15 340 M M 1 21 330
28 58 34 46 M 19 0 0.00 0.0 0 3.2 6 150 M M 0 M M
29 65 35 50 M 15 0 0.00 0.0 0 8.3 14 180 M M 0 22 180
30 67 40 54 M 11 0 0.00 0.0 0 6.5 13 160 M M 0 17 160
================================================================================
SM 2169 1550 142 59 0.02 0.0 217.5 M 55
================================================================================
AV 72.3 51.7 7.2 FASTST M M 2 MAX(MPH)
MISC ----> # 21 320 30 320
================================================================================
NOTES:
# LAST OF SEVERAL OCCURRENCES
COLUMN 17 PEAK WIND IN M.P.H.
PRELIMINARY LOCAL CLIMATOLOGICAL DATA (WS FORM: F-6) , PAGE 2
STATION: PRESTON MN
MONTH: SEPTEMBER
YEAR: 2022
LATITUDE: 43 40 N
LONGITUDE: 92 11 W
[TEMPERATURE DATA] [PRECIPITATION DATA] SYMBOLS USED IN COLUMN 16
AVERAGE MONTHLY: 62.0 TOTAL FOR MONTH: 0.02 1 = FOG OR MIST
DPTR FM NORMAL: 0.0 DPTR FM NORMAL: M 2 = FOG REDUCING VISIBILITY
HIGHEST: 89 ON 20 GRTST 24HR 0.02 ON 24-24 TO 1/4 MILE OR LESS
LOWEST: 34 ON 28 3 = THUNDER
SNOW, ICE PELLETS, HAIL 4 = ICE PELLETS
TOTAL MONTH: 0.0 INCH 5 = HAIL
GRTST 24HR 0.0 6 = FREEZING RAIN OR DRIZZLE
GRTST DEPTH: 0 7 = DUSTSTORM OR SANDSTORM:
VSBY 1/2 MILE OR LESS
8 = SMOKE OR HAZE
[NO. OF DAYS WITH] [WEATHER - DAYS WITH] 9 = BLOWING SNOW
X = TORNADO
MAX 32 OR BELOW: 0 0.01 INCH OR MORE: 1
MAX 90 OR ABOVE: 0 0.10 INCH OR MORE: 0
MIN 32 OR BELOW: 0 0.50 INCH OR MORE: 0
MIN 0 OR BELOW: 0 1.00 INCH OR MORE: 0
[HDD (BASE 65) ]
TOTAL THIS MO. 142 CLEAR (SCALE 0-3) 23
DPTR FM NORMAL M PTCLDY (SCALE 4-7) 7
TOTAL FM JUL 1 148 CLOUDY (SCALE 8-10) 0
DPTR FM NORMAL M
[CDD (BASE 65) ]
TOTAL THIS MO. 59
DPTR FM NORMAL M [PRESSURE DATA]
TOTAL FM JAN 1 581 HIGHEST SLP M ON M
DPTR FM NORMAL M LOWEST SLP M ON M
[REMARKS]
#FINAL-09-22#