000
CXUS53 KMKX 010910
CF6FLD
PRELIMINARY LOCAL CLIMATOLOGICAL DATA (WS FORM: F-6)
STATION: FOND_DU_LAC WI
MONTH: JUNE
YEAR: 2020
LATITUDE: 43 46 N
LONGITUDE: 88 29 W
TEMPERATURE IN F: :PCPN: SNOW: WIND :SUNSHINE: SKY :PK WND
================================================================================
1 2 3 4 5 6A 6B 7 8 9 10 11 12 13 14 15 16 17 18
12Z AVG MX 2MIN
DY MAX MIN AVG DEP HDD CDD WTR SNW DPTH SPD SPD DIR MIN PSBL S-S WX SPD DR
================================================================================
1 77 50 64 1 1 0 0.02 0.0 0 12.2 23 170 M M 4 32 170
2 93 66 80 17 0 15 1.14 0.0 0 11.9 47 330 M M 1 13 65 310
3 85 65 75 11 0 10 T 0.0 0 6.7 14 260 M M 1 19 230
4 85 60 73 9 0 8 0.00 0.0 0 4.3 14 60 M M 0 19 70
5 84 63 74 10 0 9 0.26 0.0 0 8.8 28 300 M M 3 13 38 300
6 76 56 66 1 0 1 0.00 0.0 0 9.3 15 100 M M 0 20 110
7 77 54 66 1 0 1 0.00 0.0 0 8.7 17 140 M M 1 23 140
8 92 57 75 10 0 10 0.00 0.0 0 9.8 18 160 M M 0 24 200
9 86 60 73 7 0 8 0.37 0.0 0 11.5 30 210 M M 3 1 50 200
10 82 61 72 6 0 7 2.62 0.0 0 12.7 29 210 M M 5 13 49 220
11 78 56 67 1 0 2 0.03 0.0 0 10.6 24 310 M M 2 3 36 260
12 68 51 60 -7 5 0 0.00 0.0 0 7.4 15 50 M M 1 19 20
13 67 46 57 -10 8 0 0.00 0.0 0 8.9 17 50 M M 0 24 60
14 70 43 57 -10 8 0 0.00 M 0 8.5 17 120 M M 0 22 140
15 77 45 61 -7 4 0 0.00 0.0 0 8.4 17 120 M M 0 24 140
16 85 47 66 -2 0 1 0.00 0.0 0 7.1 16 140 M M 0 23 140
17 88 58 73 5 0 8 0.00 0.0 M 7.6 17 150 M M 1 22 130
18 90 58 74 6 0 9 0.00 0.0 0 6.8 18 130 M M 0 26 180
19 91 65 78 9 0 13 0.00 0.0 0 5.8 16 290 M M 2 23 200
20 80 68 74 5 0 9 0.42 0.0 0 4.4 17 180 M M 6 1 24 270
21 83 62 73 4 0 8 0.00 0.0 0 7.7 15 270 M M 1 22 270
22 74 64 69 -1 0 4 1.16 0.0 0 5.6 12 310 M M 8 1 M M
23 76 57 67 -3 0 2 0.38 M M 9.3 26 320 M M M 18 37 330
24 76 55 66 -4 0 1 0.10 M M 4.1 17 360 M M 2 24 360
25 81 55 68 -2 0 3 0.00 0.0 0 5.0 13 280 M M 1 20 260
26 79 64 72 2 0 7 0.21 0.0 0 6.2 18 210 M M 3 1 25 240
27 86 66 76 5 0 11 0.00 0.0 0 4.2 15 310 M M 1 1 19 310
28 85 67 76 5 0 11 0.00 0.0 0 8.5 17 130 M M 0 1 23 130
29 90 68 79 8 0 14 0.06 0.0 0 8.8 18 160 M M 2 25 160
30 90 68 79 8 0 14 0.00 0.0 0 7.2 17 120 M M 0 23 110
================================================================================
SM 2451 1755 26 186 6.77 0.0 238.0 M 48
================================================================================
AV 81.7 58.5 7.9 FASTST M M 2 MAX(MPH)
MISC ----> # 47 330 # 65 310
================================================================================
NOTES:
# LAST OF SEVERAL OCCURRENCES
COLUMN 17 PEAK WIND IN M.P.H.
PRELIMINARY LOCAL CLIMATOLOGICAL DATA (WS FORM: F-6) , PAGE 2
STATION: FOND_DU_LAC WI
MONTH: JUNE
YEAR: 2020
LATITUDE: 43 46 N
LONGITUDE: 88 29 W
[TEMPERATURE DATA] [PRECIPITATION DATA] SYMBOLS USED IN COLUMN 16
AVERAGE MONTHLY: 70.1 TOTAL FOR MONTH: 6.77 1 = FOG OR MIST
DPTR FM NORMAL: 2.7 DPTR FM NORMAL: 2.78 2 = FOG REDUCING VISIBILITY
HIGHEST: 93 ON 2 GRTST 24HR 2.62 ON 10-10 TO 1/4 MILE OR LESS
LOWEST: 43 ON 14 3 = THUNDER
SNOW, ICE PELLETS, HAIL 4 = ICE PELLETS
TOTAL MONTH: 0.0 INCH 5 = HAIL
GRTST 24HR 0.0 6 = FREEZING RAIN OR DRIZZLE
GRTST DEPTH: 0 7 = DUSTSTORM OR SANDSTORM:
VSBY 1/2 MILE OR LESS
8 = SMOKE OR HAZE
[NO. OF DAYS WITH] [WEATHER - DAYS WITH] 9 = BLOWING SNOW
X = TORNADO
MAX 32 OR BELOW: 0 0.01 INCH OR MORE: 12
MAX 90 OR ABOVE: 6 0.10 INCH OR MORE: 9
MIN 32 OR BELOW: 0 0.50 INCH OR MORE: 3
MIN 0 OR BELOW: 0 1.00 INCH OR MORE: 3
[HDD (BASE 65) ]
TOTAL THIS MO. 26 CLEAR (SCALE 0-3) 24
DPTR FM NORMAL -27 PTCLDY (SCALE 4-7) 5
TOTAL FM JUL 1 6889 CLOUDY (SCALE 8-10) 0
DPTR FM NORMAL -357
[CDD (BASE 65) ]
TOTAL THIS MO. 186
DPTR FM NORMAL 59 [PRESSURE DATA]
TOTAL FM JAN 1 236 HIGHEST SLP 30.44 ON 14
DPTR FM NORMAL 78 LOWEST SLP 29.16 ON 9
[REMARKS]
#FINAL-06-20#