000
CXUS53 KGRR 010910
CF6LAN
PRELIMINARY LOCAL CLIMATOLOGICAL DATA (WS FORM: F-6)
STATION: LANSING
MONTH: SEPTEMBER
YEAR: 2022
LATITUDE: 42 46 N
LONGITUDE: 84 36 W
TEMPERATURE IN F: :PCPN: SNOW: WIND :SUNSHINE: SKY :PK WND
================================================================================
1 2 3 4 5 6A 6B 7 8 9 10 11 12 13 14 15 16 17 18
12Z AVG MX 2MIN
DY MAX MIN AVG DEP HDD CDD WTR SNW DPTH SPD SPD DIR MIN PSBL S-S WX SPD DR
================================================================================
1 86 56 71 4 0 6 0.00 0.0 0 2.7 7 180 M M 0 1 M M
2 84 66 75 8 0 10 0.00 0.0 0 7.9 16 170 M M 2 25 200
3 87 66 77 10 0 12 0.57 0.0 0 6.0 18 360 M M 2 13 27 10
4 68 61 65 -2 0 0 0.00 0.0 0 9.5 16 40 M M 10 1 22 30
5 73 58 66 0 0 1 0.00 0.0 0 6.6 14 30 M M 10 1 17 50
6 75 61 68 2 0 3 0.00 0.0 0 2.6 8 310 M M 8 1 16 40
7 77 54 66 0 0 1 0.00 0.0 0 3.0 12 320 M M 0 1 18 40
8 82 53 68 3 0 3 0.00 0.0 0 1.4 8 290 M M 0 12 280
9 81 56 69 4 0 4 0.00 0.0 0 5.3 15 220 M M 0 20 210
10 86 65 76 11 0 11 0.00 0.0 0 6.9 17 220 M M 4 24 220
11 73 65 69 5 0 4 0.22 0.0 0 5.3 17 240 M M 8 1 25 200
12 67 51 59 -5 6 0 0.00 0.0 0 7.2 20 210 M M 8 24 200
13 72 47 60 -4 5 0 T 0.0 0 4.5 14 270 M M 5 1 18 270
14 77 55 66 3 0 1 0.00 0.0 0 4.3 12 340 M M 1 1 16 340
15 77 54 66 3 0 1 0.00 0.0 0 5.7 13 140 M M 2 16 180
16 81 59 70 7 0 5 0.00 0.0 0 5.3 13 200 M M 0 1 17 200
17 85 62 74 12 0 9 0.00 0.0 0 7.7 18 230 M M 2 18 26 240
18 82 67 75 13 0 10 0.11 0.0 0 8.9 17 230 M M 4 1 28 220
19 80 59 70 9 0 5 0.00 0.0 0 6.4 17 320 M M 2 3 24 310
20 73 55 64 3 1 0 0.93 0.0 0 6.7 26 330 M M 4 13 39 320
21 83 59 71 10 0 6 0.12 0.0 0 11.7 21 280 M M 2 13 28 240
22 63 45 54 -6 11 0 T 0.0 0 10.3 24 320 M M 3 35 320
23 65 39 52 -8 13 0 0.00 0.0 0 2.4 8 70 M M 0 12 110
24 63 52 58 -1 7 0 0.03 0.0 0 4.2 12 200 M M 9 17 220
25 64 54 59 0 6 0 0.10 0.0 0 6.0 16 330 M M 9 18 26 340
26 60 50 55 -4 10 0 0.07 0.0 0 14.0 25 270 M M 8 18 35 280
27 60 47 54 -4 11 0 0.02 0.0 0 10.3 21 290 M M 8 27 310
28 56 46 51 -7 14 0 0.00 0.0 0 6.7 14 330 M M 8 20 330
29 62 43 53 -4 12 0 0.00 0.0 0 1.9 10 20 M M 5 13 20
30 67 38 53 -4 12 0 0.00 0.0 0 3.1 10 50 M M 0 1 15 30
================================================================================
SM 2209 1643 108 92 2.17 0.0 184.5 M 124
================================================================================
AV 73.6 54.8 6.1 FASTST M M 4 MAX(MPH)
MISC ----> 26 330 39 320
================================================================================
NOTES:
# LAST OF SEVERAL OCCURRENCES
COLUMN 17 PEAK WIND IN M.P.H.
PRELIMINARY LOCAL CLIMATOLOGICAL DATA (WS FORM: F-6) , PAGE 2
STATION: LANSING
MONTH: SEPTEMBER
YEAR: 2022
LATITUDE: 42 46 N
LONGITUDE: 84 36 W
[TEMPERATURE DATA] [PRECIPITATION DATA] SYMBOLS USED IN COLUMN 16
AVERAGE MONTHLY: 64.2 TOTAL FOR MONTH: 2.17 1 = FOG OR MIST
DPTR FM NORMAL: 1.7 DPTR FM NORMAL: -0.64 2 = FOG REDUCING VISIBILITY
HIGHEST: 87 ON 3 GRTST 24HR 1.05 ON 20-21 TO 1/4 MILE OR LESS
LOWEST: 38 ON 30 3 = THUNDER
SNOW, ICE PELLETS, HAIL 4 = ICE PELLETS
TOTAL MONTH: 0.0 INCH 5 = HAIL
GRTST 24HR 0.0 6 = FREEZING RAIN OR DRIZZLE
GRTST DEPTH: 0 7 = DUSTSTORM OR SANDSTORM:
VSBY 1/2 MILE OR LESS
8 = SMOKE OR HAZE
[NO. OF DAYS WITH] [WEATHER - DAYS WITH] 9 = BLOWING SNOW
X = TORNADO
MAX 32 OR BELOW: 0 0.01 INCH OR MORE: 9
MAX 90 OR ABOVE: 0 0.10 INCH OR MORE: 6
MIN 32 OR BELOW: 0 0.50 INCH OR MORE: 2
MIN 0 OR BELOW: 0 1.00 INCH OR MORE: 0
[HDD (BASE 65) ]
TOTAL THIS MO. 108 CLEAR (SCALE 0-3) 15
DPTR FM NORMAL -32 PTCLDY (SCALE 4-7) 9
TOTAL FM JUL 1 112 CLOUDY (SCALE 8-10) 6
DPTR FM NORMAL -58
[CDD (BASE 65) ]
TOTAL THIS MO. 92
DPTR FM NORMAL 26 [PRESSURE DATA]
TOTAL FM JAN 1 915 HIGHEST SLP 30.57 ON 29
DPTR FM NORMAL 266 LOWEST SLP 29.64 ON 26
[REMARKS]
#FINAL-09-22#