000
CXUS55 KPIH 020025
CF6LLJ
PRELIMINARY LOCAL CLIMATOLOGICAL DATA (WS FORM: F-6)
STATION: CHALLIS
MONTH: JULY
YEAR: 2023
LATITUDE: 44 31 N
LONGITUDE: 114 13 W
TEMPERATURE IN F: :PCPN: SNOW: WIND :SUNSHINE: SKY :PK WND
================================================================================
1 2 3 4 5 6A 6B 7 8 9 10 11 12 13 14 15 16 17 18
12Z AVG MX 2MIN
DY MAX MIN AVG DEP HDD CDD WTR SNW DPTH SPD SPD DIR MIN PSBL S-S WX SPD DR
================================================================================
1 91 53 72 6 0 7 0.00 M M 6.3 23 230 M M 1 3 36 220
2 90 50 70 4 0 5 0.00 M M 5.9 24 260 M M 0 32 240
3 89 49 69 3 0 4 0.00 M M 8.5 28 260 M M 0 36 230
4 81 47 64 -3 1 0 0.01 M M 5.0 25 220 M M 2 3 33 220
5 84 44 64 -3 1 0 0.00 M M 3.0 10 350 M M 0 16 350
6 84 48 66 -1 0 1 T M M 4.6 17 160 M M 2 3 24 170
7 86 49 68 0 0 3 T M M 4.0 14 360 M M 1 18 360
8 88 50 69 1 0 4 0.00 M M 4.7 25 190 M M 1 36 200
9 92 49 71 3 0 6 T M M 3.7 13 10 M M 0 17 360
10 95 57 76 8 0 11 0.00 M M 9.0 32 280 M M 0 48 280
11 88 53 71 2 0 6 0.00 M M 3.7 18 260 M M 0 26 260
12 90 49 70 1 0 5 0.00 M M 4.4 18 280 M M 0 25 280
13 87 53 70 1 0 5 0.00 M M 5.2 18 290 M M 1 25 300
14 90 54 72 2 0 7 0.00 M M 4.3 14 330 M M 0 20 340
15 92 53 73 3 0 8 0.00 M M 4.2 13 280 M M 0 17 130
16 100 55 78 8 0 13 0.00 M M 4.7 21 220 M M 0 31 200
17 91 58 75 5 0 10 T M M 7.3 30 240 M M 2 43 260
18 93 49 71 1 0 6 0.00 M M 6.1 17 230 M M 0 31 230
19 94 48 71 1 0 6 0.00 M M 4.6 21 220 M M 0 31 300
20 92 53 73 2 0 8 0.09 M M 4.6 22 20 M M 0 3 31 10
21 95 52 74 3 0 9 0.00 M M 2.5 9 40 M M 0 13 110
22 100 54 77 6 0 12 0.00 M M 4.7 21 270 M M 0 29 250
23 99 58 79 8 0 14 T M M 5.1 30 250 M M 0 3 45 240
24 88 56 72 1 0 7 T M M 5.0 25 170 M M 2 37 180
25 89 51 70 -1 0 5 0.00 M M 6.8 23 210 M M 0 33 220
26 92 50 71 0 0 6 0.00 M M 6.0 24 250 M M 0 35 270
27 93 51 72 1 0 7 0.00 M M 6.1 22 220 M M 0 32 220
28 93 53 73 2 0 8 0.00 M M 4.2 20 260 M M 0 27 260
29 91 49 70 -1 0 5 0.00 M M 3.2 22 220 M M 0 31 230
30 93 57 75 4 0 10 0.00 M M 6.7 23 250 M M 0 35 230
31 94 48 71 0 0 6 0.00 M M 5.6 22 250 M M 0 32 250
================================================================================
SM 2824 1600 2 204 0.10 M 159.7 M 12
================================================================================
AV 91.1 51.6 5.2 FASTST M M 0 MAX(MPH)
MISC ----> 32 280 48 280
================================================================================
NOTES:
# LAST OF SEVERAL OCCURRENCES
COLUMN 17 PEAK WIND IN M.P.H.
PRELIMINARY LOCAL CLIMATOLOGICAL DATA (WS FORM: F-6) , PAGE 2
STATION: CHALLIS
MONTH: JULY
YEAR: 2023
LATITUDE: 44 31 N
LONGITUDE: 114 13 W
[TEMPERATURE DATA] [PRECIPITATION DATA] SYMBOLS USED IN COLUMN 16
AVERAGE MONTHLY: 71.4 TOTAL FOR MONTH: 0.10 1 = FOG OR MIST
DPTR FM NORMAL: 2.1 DPTR FM NORMAL: -0.32 2 = FOG REDUCING VISIBILITY
HIGHEST: 100 ON 22,16 GRTST 24HR 0.09 ON 20-20 TO 1/4 MILE OR LESS
LOWEST: 44 ON 5 3 = THUNDER
SNOW, ICE PELLETS, HAIL 4 = ICE PELLETS
TOTAL MONTH: M 5 = HAIL
GRTST 24HR M ON M 6 = FREEZING RAIN OR DRIZZLE
GRTST DEPTH: M ON M 7 = DUSTSTORM OR SANDSTORM:
VSBY 1/2 MILE OR LESS
8 = SMOKE OR HAZE
[NO. OF DAYS WITH] [WEATHER - DAYS WITH] 9 = BLOWING SNOW
X = TORNADO
MAX 32 OR BELOW: 0 0.01 INCH OR MORE: 2
MAX 90 OR ABOVE: 21 0.10 INCH OR MORE: 0
MIN 32 OR BELOW: 0 0.50 INCH OR MORE: 0
MIN 0 OR BELOW: 0 1.00 INCH OR MORE: 0
[HDD (BASE 65) ]
TOTAL THIS MO. 2 CLEAR (SCALE 0-3) 31
DPTR FM NORMAL -17 PTCLDY (SCALE 4-7) 0
TOTAL FM JUL 1 2 CLOUDY (SCALE 8-10) 0
DPTR FM NORMAL -14
[CDD (BASE 65) ]
TOTAL THIS MO. 204
DPTR FM NORMAL 52 [PRESSURE DATA]
TOTAL FM JAN 1 209 HIGHEST SLP 30.14 ON 21
DPTR FM NORMAL 21 LOWEST SLP 29.64 ON 10
[REMARKS]
16TH: HIGH OF 100 BREAKS THE OLD RECORD OF 98 SET IN 2003.
#FINAL-07-23#