000
CXUS55 KPIH 021834
CF6LLJ
PRELIMINARY LOCAL CLIMATOLOGICAL DATA (WS FORM: F-6)
STATION: CHALLIS
MONTH: DECEMBER
YEAR: 2023
LATITUDE: 44 31 N
LONGITUDE: 114 13 W
TEMPERATURE IN F: :PCPN: SNOW: WIND :SUNSHINE: SKY :PK WND
================================================================================
1 2 3 4 5 6A 6B 7 8 9 10 11 12 13 14 15 16 17 18
12Z AVG MX 2MIN
DY MAX MIN AVG DEP HDD CDD WTR SNW DPTH SPD SPD DIR MIN PSBL S-S WX SPD DR
================================================================================
1 36 14 25 1 40 0 0.00 M M 2.2 10 200 M M 8 15 200
2 38 25 32 9 33 0 0.01 M M 6.5 20 160 M M 9 1 30 150
3 33 24 29 6 36 0 0.01 M M 2.8 8 330 M M 9 1 10 330
4 53 24 39 17 26 0 T M M 3.9 17 180 M M 6 24 190
5 52 29 41 19 24 0 0.00 M M 0.7 6 30 M M 1 7 60
6 52 24 38 16 27 0 T M M 2.2 14 180 M M 3 1 20 270
7 43 26 35 14 30 0 0.01 M M 7.0 21 250 M M 6 28 260
8 36 18 27 6 38 0 T M M 3.2 17 300 M M 8 1 22 300
9 28 9 19 -2 46 0 0.00 M M 1.2 6 20 M M 3 8 20
10 29 18 24 4 41 0 0.10 M M 1.1 9 330 M M 9 1 10 330
11 34 21 28 8 37 0 T M M 1.4 7 360 M M 10 1 10 350
12 31 26 29 9 36 0 0.00 M M 2.8 8 270 M M 10 10 360
13 28 22 25 5 40 0 0.00 M M 3.2 9 320 M M 10 12 330
14 23 17 20 0 45 0 0.00 M M 3.3 8 180 M M 9 11 180
15 22 18 20 1 45 0 0.00 M M 1.4 7 10 M M 10 1 9 210
16 24 9 17 -2 48 0 0.00 M M 1.5 6 200 M M 6 1 7 360
17 27 5 16 -3 49 0 0.00 M M 0.9 6 20 M M 1 1 7 20
18 25 6 16 -3 49 0 0.00 M M 0.8 7 170 M M 2 9 150
19 39 13 26 7 39 0 T M M 1.3 7 320 M M 7 9 320
20 46 22 34 15 31 0 0.00 M M 1.9 6 20 M M 5 8 20
21 42 16 29 11 36 0 0.00 M M 0.3 5 240 M M 0 12 6 20
22 34 12 23 5 42 0 0.06 M M 0.5 9 220 M M 5 1 12 220
23 34 8 21 3 44 0 T M M 6.4 21 360 M M 7 1 29 350
24 22 -2 10 -8 55 0 0.00 M M 0.7 6 120 M M 0 8 130
25 19 -6 7 -11 58 0 0.00 M M 0.7 5 270 M M 0 6 60
26 19 -3 8 -10 57 0 0.11 M M 1.2 7 170 M M 8 12 9 180
27 27 13 20 2 45 0 0.00 M M 0.8 6 200 M M 9 7 200
28 30 6 18 0 47 0 0.00 M M 0.6 5 290 M M 2 1 6 140
29 30 5 18 0 47 0 0.00 M M 0.7 6 130 M M 0 6 70
30 28 8 18 0 47 0 0.00 M M 1.2 7 10 M M 2 1 9 10
31 30 3 17 -1 48 0 0.00 M M 1.0 6 190 M M 5 12 6 80
================================================================================
SM 1014 430 1286 0 0.30 M 63.4 M 170
================================================================================
AV 32.7 13.9 2.0 FASTST M M 5 MAX(MPH)
MISC ----> # 21 250 30 150
================================================================================
NOTES:
# LAST OF SEVERAL OCCURRENCES
COLUMN 17 PEAK WIND IN M.P.H.
PRELIMINARY LOCAL CLIMATOLOGICAL DATA (WS FORM: F-6) , PAGE 2
STATION: CHALLIS
MONTH: DECEMBER
YEAR: 2023
LATITUDE: 44 31 N
LONGITUDE: 114 13 W
[TEMPERATURE DATA] [PRECIPITATION DATA] SYMBOLS USED IN COLUMN 16
AVERAGE MONTHLY: 23.3 TOTAL FOR MONTH: 0.30 1 = FOG OR MIST
DPTR FM NORMAL: 3.5 DPTR FM NORMAL: -0.22 2 = FOG REDUCING VISIBILITY
HIGHEST: 53 ON 4 GRTST 24HR 0.11 ON 26-26 TO 1/4 MILE OR LESS
LOWEST: -6 ON 25 3 = THUNDER
SNOW, ICE PELLETS, HAIL 4 = ICE PELLETS
TOTAL MONTH: M 5 = HAIL
GRTST 24HR M ON M 6 = FREEZING RAIN OR DRIZZLE
GRTST DEPTH: M ON M 7 = DUSTSTORM OR SANDSTORM:
VSBY 1/2 MILE OR LESS
8 = SMOKE OR HAZE
[NO. OF DAYS WITH] [WEATHER - DAYS WITH] 9 = BLOWING SNOW
X = TORNADO
MAX 32 OR BELOW: 17 0.01 INCH OR MORE: 6
MAX 90 OR ABOVE: 0 0.10 INCH OR MORE: 2
MIN 32 OR BELOW: 31 0.50 INCH OR MORE: 0
MIN 0 OR BELOW: 3 1.00 INCH OR MORE: 0
[HDD (BASE 65) ]
TOTAL THIS MO. 1286 CLEAR (SCALE 0-3) 10
DPTR FM NORMAL -115 PTCLDY (SCALE 4-7) 12
TOTAL FM JUL 1 2984 CLOUDY (SCALE 8-10) 9
DPTR FM NORMAL -344
[CDD (BASE 65) ]
TOTAL THIS MO. 0
DPTR FM NORMAL 0 [PRESSURE DATA]
TOTAL FM JAN 1 334 HIGHEST SLP 30.72 ON 25
DPTR FM NORMAL 22 LOWEST SLP 29.58 ON 7
[REMARKS]
#FINAL-12-23#