000
CXUS51 KRNK 010603
CF6LYH
PRELIMINARY LOCAL CLIMATOLOGICAL DATA (WS FORM: F-6)
STATION: LYNCHBURG VA
MONTH: SEPTEMBER
YEAR: 2023
LATITUDE: 37 19 N
LONGITUDE: 79 12 W
TEMPERATURE IN F: :PCPN: SNOW: WIND :SUNSHINE: SKY :PK WND
================================================================================
1 2 3 4 5 6A 6B 7 8 9 10 11 12 13 14 15 16 17 18
12Z AVG MX 2MIN
DY MAX MIN AVG DEP HDD CDD WTR SNW DPTH SPD SPD DIR MIN PSBL S-S WX SPD DR
================================================================================
1 80 56 68 -4 0 3 0.00 0.0 0 3.4 12 40 M M 0 16 40
2 86 53 70 -2 0 5 0.00 0.0 0 2.5 12 190 M M 0 1 26 160
3 91 58 75 3 0 10 0.00 0.0 0 2.2 12 200 M M 0 1 15 190
4 93 63 78 6 0 13 0.00 0.0 0 2.3 12 210 M M 0 19 230
5 95 66 81 10 0 16 0.00 0.0 0 1.5 9 260 M M 0 17 220
6 94 69 82 11 0 17 0.00 0.0 0 2.7 9 210 M M 0 14 200
7 91 67 79 8 0 14 0.00 0.0 0 3.3 13 270 M M 1 13 22 280
8 91 66 79 9 0 14 0.52 0.0 0 2.9 28 140 M M 1 13 39 140
9 79 64 72 2 0 7 0.01 0.0 0 3.7 21 140 M M 3 13 31 140
10 80 65 73 3 0 8 0.64 0.0 0 2.6 9 130 M M 8 1 13 20
11 85 60 73 3 0 8 0.00 0.0 0 1.7 10 260 M M 1 12 14 240
12 87 61 74 5 0 9 0.07 0.0 0 2.3 12 140 M M 5 13 19 310
13 84 65 75 6 0 10 0.00 0.0 0 2.3 10 60 M M 7 12 15 70
14 81 58 70 1 0 5 0.00 0.0 0 5.5 13 40 M M 2 18 40
15 77 54 66 -2 0 1 0.00 0.0 0 4.3 15 40 M M 0 22 40
16 83 49 66 -2 0 1 0.00 0.0 0 2.1 13 200 M M 1 18 200
17 70 60 65 -3 0 0 0.40 0.0 0 4.6 24 190 M M 10 1 29 190
18 78 53 66 -1 0 1 0.00 0.0 0 3.1 12 300 M M 4 12 21 340
19 79 49 64 -3 1 0 0.00 0.0 0 2.4 10 260 M M 3 1 17 210
20 81 56 69 2 0 4 0.00 0.0 0 2.6 13 190 M M 4 18 30
21 79 59 69 3 0 4 0.00 0.0 0 4.3 12 40 M M 4 15 40
22 72 58 65 -1 0 0 0.06 0.0 0 10.6 22 40 M M 5 31 40
23 61 55 58 -8 7 0 1.79 0.0 0 10.5 20 20 M M 10 1 29 10
24 75 58 67 2 0 2 0.00 0.0 0 3.5 10 320 M M 8 17 360
25 72 57 65 0 0 0 T 0.0 0 1.4 10 50 M M 9 15 20
26 66 58 62 -2 3 0 0.03 0.0 0 7.0 13 50 M M 10 1 22 40
27 62 58 60 -4 5 0 0.01 0.0 0 6.3 14 40 M M 10 1 18 50
28 72 52 62 -2 3 0 0.00 0.0 0 5.2 14 40 M M 3 16 30
29 79 60 70 7 0 5 0.00 0.0 0 2.6 8 40 M M 5 1 12 20
30 79 54 67 4 0 2 0.00 0.0 0 2.3 10 40 M M 5 14 40
================================================================================
SM 2402 1761 19 159 3.53 0.0 111.7 M 119
================================================================================
AV 80.1 58.7 3.7 FASTST M M 4 MAX(MPH)
MISC ----> 28 140 39 140
================================================================================
NOTES:
# LAST OF SEVERAL OCCURRENCES
COLUMN 17 PEAK WIND IN M.P.H.
PRELIMINARY LOCAL CLIMATOLOGICAL DATA (WS FORM: F-6) , PAGE 2
STATION: LYNCHBURG VA
MONTH: SEPTEMBER
YEAR: 2023
LATITUDE: 37 19 N
LONGITUDE: 79 12 W
[TEMPERATURE DATA] [PRECIPITATION DATA] SYMBOLS USED IN COLUMN 16
AVERAGE MONTHLY: 69.4 TOTAL FOR MONTH: 3.53 1 = FOG OR MIST
DPTR FM NORMAL: 1.4 DPTR FM NORMAL: -0.43 2 = FOG REDUCING VISIBILITY
HIGHEST: 95 ON 5 GRTST 24HR 1.85 ON 22-23 TO 1/4 MILE OR LESS
LOWEST: 49 ON 19,16 3 = THUNDER
SNOW, ICE PELLETS, HAIL 4 = ICE PELLETS
TOTAL MONTH: 0.0 INCH 5 = HAIL
GRTST 24HR 0.0 6 = FREEZING RAIN OR DRIZZLE
GRTST DEPTH: 0 7 = DUSTSTORM OR SANDSTORM:
VSBY 1/2 MILE OR LESS
8 = SMOKE OR HAZE
[NO. OF DAYS WITH] [WEATHER - DAYS WITH] 9 = BLOWING SNOW
X = TORNADO
MAX 32 OR BELOW: 0 0.01 INCH OR MORE: 9
MAX 90 OR ABOVE: 6 0.10 INCH OR MORE: 4
MIN 32 OR BELOW: 0 0.50 INCH OR MORE: 3
MIN 0 OR BELOW: 0 1.00 INCH OR MORE: 1
[HDD (BASE 65) ]
TOTAL THIS MO. 19 CLEAR (SCALE 0-3) 15
DPTR FM NORMAL -27 PTCLDY (SCALE 4-7) 9
TOTAL FM JUL 1 19 CLOUDY (SCALE 8-10) 6
DPTR FM NORMAL -27
[CDD (BASE 65) ]
TOTAL THIS MO. 159
DPTR FM NORMAL 23 [PRESSURE DATA]
TOTAL FM JAN 1 1094 HIGHEST SLP M ON M
DPTR FM NORMAL -1 LOWEST SLP 29.78 ON 7
[REMARKS]
#FINAL-09-23#