000
CXUS51 KPBZ 141253
CF6MGW
PRELIMINARY LOCAL CLIMATOLOGICAL DATA (WS FORM: F-6)
STATION: MORGANTOWN WV
MONTH: OCTOBER
YEAR: 2021
LATITUDE: 39 39 N
LONGITUDE: 79 55 W
TEMPERATURE IN F: :PCPN: SNOW: WIND :SUNSHINE: SKY :PK WND
================================================================================
1 2 3 4 5 6A 6B 7 8 9 10 11 12 13 14 15 16 17 18
12Z AVG MX 2MIN
DY MAX MIN AVG DEP HDD CDD WTR SNW DPTH SPD SPD DIR MIN PSBL S-S WX SPD DR
================================================================================
1 71 45 58 -3 7 0 0.00 M M 1.2 7 20 M M 2 128 10 320
2 75 43 59 -1 6 0 0.00 M M 1.6 9 220 M M 0 18 13 200
3 75 56 66 6 0 1 0.24 M M 3.3 12 200 M M 6 1 19 190
4 76 61 69 9 0 4 0.02 M M 3.2 10 220 M M 8 1 14 220
5 81 56 69 10 0 4 0.00 M M 2.6 9 360 M M 2 12 13 100
6 80 68 74 15 0 9 0.00 M M 5.0 10 120 M M 4 16 120
7 76 65 71 13 0 6 0.12 M M 1.9 9 100 M M 5 1 12 90
8 78 60 69 11 0 4 0.35 M M 2.5 8 150 M M 4 1 11 200
9 72 62 67 9 0 2 0.06 M M 5.5 15 130 M M 8 18 21 130
10 79 60 70 13 0 5 0.00 M M 5.2 12 100 M M 1 15 130
11 78 60 69 12 0 4 0.00 M M 5.8 17 110 M M 0 25 110
12 78 58 68 11 0 3 0.00 M M 4.4 12 120 M M 4 15 130
13 75 56 66 10 0 1 0.00 M M 2.9 12 230 M M 4 16 220
14 75 53 64 8 1 0 0.00 M M 1.9 8 160 M M 4 1 10 160
15 80 62 71 15 0 6 0.02 M M 2.9 13 160 M M 4 18 18 190
16 70 52 61 6 4 0 0.85 M M 6.6 14 290 M M 9 18 22 310
17 59 43 51 -4 14 0 0.00 M M 6.0 14 290 M M 8 26 290
18 66 40 53 -1 12 0 0.00 M M 4.7 13 290 M M 0 22 280
19 70 40 55 1 10 0 0.00 M M 3.3 12 220 M M 0 17 280
20 71 44 58 4 7 0 0.00 M M 3.5 12 210 M M 1 17 210
21 75 50 63 9 2 0 0.16 M M 5.9 17 210 M M 5 1 27 220
22 55 50 53 0 12 0 0.10 M M 4.3 9 220 M M 10 18 14 210
23 55 48 52 -1 13 0 0.22 M M 3.7 9 360 M M 10 1 14 220
24 70 49 60 8 5 0 T M M 3.4 9 230 M M 8 14 220
25 73 55 64 12 1 0 0.15 M M 5.3 15 170 M M 3 22 200
26 56 43 50 -2 15 0 0.10 M M 6.2 15 320 M M 10 18 23 320
27 50 43 47 -4 18 0 0.06 M M 2.4 6 200 M M 10 1 8 170
28 70 43 57 6 8 0 0.12 M M 6.6 18 120 M M 4 12 23 130
29 58 53 56 5 9 0 0.37 M M 6.0 16 110 M M 9 1 28 120
30 57 51 54 4 11 0 0.14 M M 0.6 7 120 M M 10 12 10 110
31 56 50 53 3 12 0 0.04 M M 6.4 13 220 M M 10 1 17 230
================================================================================
SM 2160 1619 167 49 3.12 M 124.8 M 163
================================================================================
AV 69.7 52.2 4.0 FASTST M M 5 MAX(MPH)
MISC ----> 18 120 28 120
================================================================================
NOTES:
# LAST OF SEVERAL OCCURRENCES
COLUMN 17 PEAK WIND IN M.P.H.
PRELIMINARY LOCAL CLIMATOLOGICAL DATA (WS FORM: F-6) , PAGE 2
STATION: MORGANTOWN WV
MONTH: OCTOBER
YEAR: 2021
LATITUDE: 39 39 N
LONGITUDE: 79 55 W
[TEMPERATURE DATA] [PRECIPITATION DATA] SYMBOLS USED IN COLUMN 16
AVERAGE MONTHLY: 61.0 TOTAL FOR MONTH: 3.12 1 = FOG OR MIST
DPTR FM NORMAL: 5.7 DPTR FM NORMAL: 0.03 2 = FOG REDUCING VISIBILITY
HIGHEST: 81 ON 5 GRTST 24HR 0.87 ON 15-16 TO 1/4 MILE OR LESS
LOWEST: 40 ON 19,18 3 = THUNDER
SNOW, ICE PELLETS, HAIL 4 = ICE PELLETS
TOTAL MONTH: M 5 = HAIL
GRTST 24HR M ON M 6 = FREEZING RAIN OR DRIZZLE
GRTST DEPTH: M ON M 7 = DUSTSTORM OR SANDSTORM:
VSBY 1/2 MILE OR LESS
8 = SMOKE OR HAZE
[NO. OF DAYS WITH] [WEATHER - DAYS WITH] 9 = BLOWING SNOW
X = TORNADO
MAX 32 OR BELOW: 0 0.01 INCH OR MORE: 17
MAX 90 OR ABOVE: 0 0.10 INCH OR MORE: 12
MIN 32 OR BELOW: 0 0.50 INCH OR MORE: 1
MIN 0 OR BELOW: 0 1.00 INCH OR MORE: 0
[HDD (BASE 65) ]
TOTAL THIS MO. 167 CLEAR (SCALE 0-3) 8
DPTR FM NORMAL -151 PTCLDY (SCALE 4-7) 15
TOTAL FM JUL 1 203 CLOUDY (SCALE 8-10) 8
DPTR FM NORMAL -186
[CDD (BASE 65) ]
TOTAL THIS MO. 49
DPTR FM NORMAL 31 [PRESSURE DATA]
TOTAL FM JAN 1 1159 HIGHEST SLP 30.33 ON 1
DPTR FM NORMAL 231 LOWEST SLP 29.45 ON 29
[REMARKS]
#FINAL-10-21#