000
CXUS53 KBIS 010930
CF6MOT
PRELIMINARY LOCAL CLIMATOLOGICAL DATA (WS FORM: F-6)
STATION: MINOT ND
MONTH: FEBRUARY
YEAR: 2022
LATITUDE: 48 15 N
LONGITUDE: 101 16 W
TEMPERATURE IN F: :PCPN: SNOW: WIND :SUNSHINE: SKY :PK WND
================================================================================
1 2 3 4 5 6A 6B 7 8 9 10 11 12 13 14 15 16 17 18
12Z AVG MX 2MIN
DY MAX MIN AVG DEP HDD CDD WTR SNW DPTH SPD SPD DIR MIN PSBL S-S WX SPD DR
================================================================================
1 15 -8 4 -10 61 0 0.07 M M 31.9 51 290 M M 5 128 65 280
2 -3 -21 -12 -26 77 0 0.00 M M 12.5 20 270 M M 0 8 25 290
3 13 -23 -5 -20 70 0 0.00 M M 12.7 29 300 M M 5 36 300
4 11 -16 -2 -17 67 0 T M M 14.1 28 300 M M 4 8 34 300
5 33 11 22 7 43 0 M M M 10.1 33 290 M M 9 189 47 290
6 27 6 17 2 48 0 T M M 11.0 29 290 M M 10 18 35 290
7 44 26 35 20 30 0 0.00 M M 15.7 30 270 M M 1 40 260
8 40 35 38 22 27 0 T M M 26.4 46 290 M M 4 58 300
9 35 23 29 13 36 0 0.00 M M 15.5 29 290 M M 3 37 290
10 45 24 35 19 30 0 T M M 24.0 43 280 M M 6 18 59 280
11 24 -2 11 -5 54 0 M M M 15.9 38 330 M M 3 8 49 340
12 13 -4 5 -11 60 0 M M M 8.0 16 340 M M 8 8 20 340
13 37 -4 17 0 48 0 M M M 18.3 39 300 M M 6 8 50 290
14 9 -3 3 -14 62 0 T M M 7.0 18 90 M M 5 24 90
15 19 7 13 -4 52 0 M M M 12.1 26 290 M M 7 8 33 290
16 18 -6 6 -11 59 0 T M M 18.5 30 290 M M 3 8 39 290
17 27 -9 9 -9 56 0 M M M 9.7 21 230 M M 8 8 29 220
18 35 -2 17 -1 48 0 M M M 28.4 46 300 M M 6 189 61 290
19 45 -4 21 3 44 0 0.00 M M 12.5 35 190 M M 6 48 190
20 43 -4 20 1 45 0 M M M 18.1 32 350 M M 10 1 45 340
21 -4 -12 -8 -27 73 0 M M M 15.0 22 350 M M 9 8 27 350
22 -2 -17 -9 -28 74 0 0.00 M M 11.7 18 310 M M 1 24 300
23 4 -14 -5 -25 70 0 0.00 M M 7.8 14 230 M M 0 19 230
24 8 -13 -2 -22 67 0 0.00 M M 6.9 15 180 M M 0 19 180
25 15 -5 5 -15 60 0 0.00 M M 12.3 21 220 M M 0 28 230
26 29 15 22 1 43 0 0.00 M M 14.1 23 220 M M 0 31 220
27 31 14 23 2 42 0 0.00 M M 7.9 15 210 M M 2 20 220
28 35 9 22 0 43 0 M M M 8.0 20 310 M M 5 18 25 300
================================================================================
SM 646 3 1489 0 0.07 M 406.1 M 126
================================================================================
AV 23.1 0.1 14.5 FASTST M M 5 MAX(MPH)
MISC ----> 51 290 65 280
================================================================================
NOTES:
# LAST OF SEVERAL OCCURRENCES
COLUMN 17 PEAK WIND IN M.P.H.
PRELIMINARY LOCAL CLIMATOLOGICAL DATA (WS FORM: F-6) , PAGE 2
STATION: MINOT ND
MONTH: FEBRUARY
YEAR: 2022
LATITUDE: 48 15 N
LONGITUDE: 101 16 W
[TEMPERATURE DATA] [PRECIPITATION DATA] SYMBOLS USED IN COLUMN 16
AVERAGE MONTHLY: 11.6 TOTAL FOR MONTH: 0.07 1 = FOG OR MIST
DPTR FM NORMAL: -5.7 DPTR FM NORMAL: -0.22 2 = FOG REDUCING VISIBILITY
HIGHEST: 45 ON 19,10 GRTST 24HR 0.07 ON 1- 1 TO 1/4 MILE OR LESS
LOWEST: -23 ON 3 3 = THUNDER
SNOW, ICE PELLETS, HAIL 4 = ICE PELLETS
TOTAL MONTH: M 5 = HAIL
GRTST 24HR M ON M 6 = FREEZING RAIN OR DRIZZLE
GRTST DEPTH: M ON M 7 = DUSTSTORM OR SANDSTORM:
VSBY 1/2 MILE OR LESS
8 = SMOKE OR HAZE
[NO. OF DAYS WITH] [WEATHER - DAYS WITH] 9 = BLOWING SNOW
X = TORNADO
MAX 32 OR BELOW: 18 0.01 INCH OR MORE: 1
MAX 90 OR ABOVE: 0 0.10 INCH OR MORE: 0
MIN 32 OR BELOW: 27 0.50 INCH OR MORE: 0
MIN 0 OR BELOW: 18 1.00 INCH OR MORE: 0
[HDD (BASE 65) ]
TOTAL THIS MO. 1489 CLEAR (SCALE 0-3) 10
DPTR FM NORMAL 155 PTCLDY (SCALE 4-7) 13
TOTAL FM JUL 1 6061 CLOUDY (SCALE 8-10) 5
DPTR FM NORMAL -196
[CDD (BASE 65) ]
TOTAL THIS MO. 0
DPTR FM NORMAL 0 [PRESSURE DATA]
TOTAL FM JAN 1 0 HIGHEST SLP 30.83 ON 22
DPTR FM NORMAL 0 LOWEST SLP 29.32 ON 20
[REMARKS]
#FINAL-02-22#