935
CXUS56 KMTR 142207
CF6OAK
PRELIMINARY LOCAL CLIMATOLOGICAL DATA (WS FORM: F-6)
STATION: OAKLAND AIRPORT
MONTH: JULY
YEAR: 2020
LATITUDE: 37 43 N
LONGITUDE: 122 13 W
TEMPERATURE IN F: :PCPN: SNOW: WIND :SUNSHINE: SKY :PK WND
================================================================================
1 2 3 4 5 6A 6B 7 8 9 10 11 12 13 14 15 16 17 18
12Z AVG MX 2MIN
DY MAX MIN AVG DEP HDD CDD WTR SNW DPTH SPD SPD DIR MIN PSBL S-S WX SPD DR
================================================================================
1 73 55 64 1 1 0 0.00 M M 7.0 20 320 M M 4 25 310
2 74 58 66 3 0 1 0.00 M M 10.6 17 290 M M 5 21 290
3 70 58 64 1 1 0 0.00 M M 8.9 18 300 M M 5 22 300
4 80 54 67 4 0 2 0.00 M M 8.1 17 280 M M 0 8 21 290
5 76 57 67 4 0 2 0.00 M M 9.9 21 270 M M 0 23 260
6 72 55 64 1 1 0 0.00 M M 11.7 23 280 M M 2 26 280
7 84 53 69 6 0 4 0.00 M M 8.1 16 290 M M 2 20 290
8 76 58 67 4 0 2 0.00 M M 9.5 21 270 M M 1 24 270
9 77 56 67 4 0 2 0.00 M M 8.3 18 290 M M 1 22 290
10 76 55 66 3 0 1 0.00 M M 9.0 18 290 M M 5 21 280
11 79 55 67 4 0 2 0.00 M M 7.2 17 280 M M 1 20 290
12 80 55 68 5 0 3 0.00 M M 10.5 21 280 M M 0 23 290
13 71 60 66 3 0 1 0.00 M M 9.2 18 270 M M 5 22 260
14 76 60 68 5 0 3 0.00 M M 9.8 20 300 M M 4 23 310
15 73 61 67 4 0 2 0.00 M M 8.8 21 310 M M 8 26 310
16 71 61 66 3 0 1 0.00 M M 12.6 22 290 M M 6 26 300
17 74 60 67 4 0 2 0.00 M M 9.2 20 310 M M 5 23 320
18 74 60 67 4 0 2 0.00 M M 10.5 20 310 M M 5 23 300
19 72 60 66 3 0 1 0.00 M M 12.0 21 290 M M 7 24 290
20 70 60 65 2 0 0 0.00 M M 12.7 23 290 M M 8 26 290
21 71 60 66 3 0 1 0.00 M M 11.1 22 280 M M 8 25 280
22 76 58 67 4 0 2 0.00 M M 9.6 22 280 M M 6 24 270
23 73 60 67 4 0 2 0.00 M M 10.3 21 310 M M 6 24 310
24 69 59 64 1 1 0 0.00 M M 12.2 23 290 M M 5 26 280
25 75 61 68 5 0 3 0.00 M M 9.5 21 300 M M 5 25 310
26 73 60 67 4 0 2 0.00 M M 10.6 21 300 M M 5 24 290
27 72 59 66 3 0 1 0.00 M M 11.0 22 290 M M 6 25 290
28 71 59 65 2 0 0 0.00 M M 10.2 18 300 M M 6 18 23 290
29 71 58 65 2 0 0 0.00 M M 10.4 21 290 M M 6 23 290
30 71 60 66 3 0 1 0.00 M M 10.0 20 280 M M 7 23 290
31 72 59 66 3 0 1 0.00 M M 9.8 20 280 M M 6 24 300
================================================================================
SM 2292 1804 4 44 0.00 M 308.3 M 140
================================================================================
AV 73.9 58.2 9.9 FASTST M M 5 MAX(MPH)
MISC ----> # 23 280 # 26 280
================================================================================
NOTES:
# LAST OF SEVERAL OCCURRENCES
COLUMN 17 PEAK WIND IN M.P.H.
PRELIMINARY LOCAL CLIMATOLOGICAL DATA (WS FORM: F-6) , PAGE 2
STATION: OAKLAND AIRPORT
MONTH: JULY
YEAR: 2020
LATITUDE: 37 43 N
LONGITUDE: 122 13 W
[TEMPERATURE DATA] [PRECIPITATION DATA] SYMBOLS USED IN COLUMN 16
AVERAGE MONTHLY: 66.1 TOTAL FOR MONTH: 0.00 1 = FOG OR MIST
DPTR FM NORMAL: 3.2 DPTR FM NORMAL: -0.01 2 = FOG REDUCING VISIBILITY
HIGHEST: 84 ON 7 GRTST 24HR 0.03 ON 22-22 TO 1/4 MILE OR LESS
LOWEST: 53 ON 7 3 = THUNDER
SNOW, ICE PELLETS, HAIL 4 = ICE PELLETS
TOTAL MONTH: M 5 = HAIL
GRTST 24HR M ON M 6 = FREEZING RAIN OR DRIZZLE
GRTST DEPTH: M ON M 7 = DUSTSTORM OR SANDSTORM:
VSBY 1/2 MILE OR LESS
8 = SMOKE OR HAZE
[NO. OF DAYS WITH] [WEATHER - DAYS WITH] 9 = BLOWING SNOW
X = TORNADO
MAX 32 OR BELOW: 0 0.01 INCH OR MORE: 0
MAX 90 OR ABOVE: 0 0.10 INCH OR MORE: 0
MIN 32 OR BELOW: 0 0.50 INCH OR MORE: 0
MIN 0 OR BELOW: 0 1.00 INCH OR MORE: 0
[HDD (BASE 65) ]
TOTAL THIS MO. 4 CLEAR (SCALE 0-3) 8
DPTR FM NORMAL -79 PTCLDY (SCALE 4-7) 23
TOTAL FM JUL 1 4 CLOUDY (SCALE 8-10) 0
DPTR FM NORMAL -89
[CDD (BASE 65) ]
TOTAL THIS MO. 44
DPTR FM NORMAL 26 [PRESSURE DATA]
TOTAL FM JAN 1 162 HIGHEST SLP 30.07 ON 31
DPTR FM NORMAL 110 LOWEST SLP 29.80 ON 1
[REMARKS]
#FINAL-07-20#