000
CXUS53 KGRB 310910
CF6SUE
PRELIMINARY LOCAL CLIMATOLOGICAL DATA (WS FORM: F-6)
STATION: STURGEON BAY WI
MONTH: DECEMBER
YEAR: 2023
LATITUDE: 44 55 N
LONGITUDE: 87 25 W
TEMPERATURE IN F: :PCPN: SNOW: WIND :SUNSHINE: SKY :PK WND
================================================================================
1 2 3 4 5 6A 6B 7 8 9 10 11 12 13 14 15 16 17 18
12Z AVG MX 2MIN
DY MAX MIN AVG DEP HDD CDD WTR SNW DPTH SPD SPD DIR MIN PSBL S-S WX SPD DR
================================================================================
1 36 24 30 M 35 0 M M M 7.2 10 50 M M 1 M M
2 40 30 35 M 30 0 T M M 6.1 12 80 M M 6 M M
3 36 30 33 M 32 0 0.34 M M 7.5 16 20 M M 10 1 M M
4 35 27 31 M 34 0 M M M 5.6 10 270 M M 3 M M
5 39 24 32 M 33 0 T M M 4.4 12 310 M M 7 12 M M
6 37 32 35 M 30 0 T M M 10.3 18 190 M M 8 23 190
7 45 31 38 M 27 0 M M M 7.2 14 250 M M 3 1 M M
8 53 40 47 M 18 0 M M M 10.4 15 180 M M 2 1 M M
9 43 33 38 M 27 0 0.33 M M 9.1 16 250 M M 8 12 23 250
10 34 27 31 M 34 0 0.05 M M 11.5 17 340 M M 10 1 24 340
11 31 22 27 M 38 0 T M M 9.5 17 230 M M 9 22 230
12 32 24 28 M 37 0 M M M 14.5 18 280 M M 4 24 290
13 33 23 28 M 37 0 M M M 6.7 14 300 M M 5 M M
14 46 26 36 M 29 0 M M M 12.1 17 260 M M 0 17 240
15 47 38 43 M 22 0 T M M 8.2 16 250 M M 2 1 22 250
16 46 41 44 M 21 0 0.01 M M 9.9 16 180 M M 10 1 20 180
17 41 35 38 M 27 0 T M M 9.4 15 260 M M 10 1 21 280
18 35 22 29 M 36 0 T M M 19.9 32 340 M M 9 43 340
19 32 17 25 M 40 0 M M M 9.0 16 200 M M 5 21 220
20 40 28 34 M 31 0 M M M 5.0 8 60 M M 2 M M
21 38 30 34 M 31 0 M M M 6.5 17 140 M M 5 1 23 140
22 39 38 39 M 26 0 T M M 5.9 10 160 M M 10 18 M M
23 42 39 41 M 24 0 M M M 3.3 7 150 M M 10 12 M M
24 46 39 43 M 22 0 0.02 M M 9.7 17 180 M M 10 12 23 190
25 51 46 49 M 16 0 0.05 M M 10.9 18 170 M M 7 12 25 180
26 47 29 38 M 27 0 0.66 M M 8.0 16 160 M M 9 12 23 190
27 39 26 33 M 32 0 0.08 M M 6.5 14 360 M M 2 1 M M
28 38 35 37 M 28 0 0.24 M M 15.2 21 20 M M 10 30 20
29 40 27 34 M 31 0 T M M 7.6 13 350 M M 5 M M
30 39 22 31 M 34 0 0.01 M M 3.7 13 80 M M 5 17 80
================================================================================
SM 1200 905 889 0 1.79 M 260.8 M 187
================================================================================
AV 40.0 30.2 8.7 FASTST M M 6 MAX(MPH)
MISC ----> 32 340 43 340
================================================================================
NOTES:
# LAST OF SEVERAL OCCURRENCES
COLUMN 17 PEAK WIND IN M.P.H.
PRELIMINARY LOCAL CLIMATOLOGICAL DATA (WS FORM: F-6) , PAGE 2
STATION: STURGEON BAY WI
MONTH: DECEMBER
YEAR: 2023
LATITUDE: 44 55 N
LONGITUDE: 87 25 W
[TEMPERATURE DATA] [PRECIPITATION DATA] SYMBOLS USED IN COLUMN 16
AVERAGE MONTHLY: 35.1 TOTAL FOR MONTH: 1.79 1 = FOG OR MIST
DPTR FM NORMAL: 0.0 DPTR FM NORMAL: 1.79 2 = FOG REDUCING VISIBILITY
HIGHEST: 53 ON 8 GRTST 24HR 0.66 ON 26-26 TO 1/4 MILE OR LESS
LOWEST: 17 ON 19 3 = THUNDER
SNOW, ICE PELLETS, HAIL 4 = ICE PELLETS
TOTAL MONTH: M 5 = HAIL
GRTST 24HR M ON M 6 = FREEZING RAIN OR DRIZZLE
GRTST DEPTH: M ON M 7 = DUSTSTORM OR SANDSTORM:
VSBY 1/2 MILE OR LESS
8 = SMOKE OR HAZE
[NO. OF DAYS WITH] [WEATHER - DAYS WITH] 9 = BLOWING SNOW
X = TORNADO
MAX 32 OR BELOW: 3 0.01 INCH OR MORE: 10
MAX 90 OR ABOVE: 0 0.10 INCH OR MORE: 4
MIN 32 OR BELOW: 20 0.50 INCH OR MORE: 1
MIN 0 OR BELOW: 0 1.00 INCH OR MORE: 0
[HDD (BASE 65) ]
TOTAL THIS MO. 889 CLEAR (SCALE 0-3) 7
DPTR FM NORMAL M PTCLDY (SCALE 4-7) 11
TOTAL FM JUL 1 2260 CLOUDY (SCALE 8-10) 12
DPTR FM NORMAL M
[CDD (BASE 65) ]
TOTAL THIS MO. 0
DPTR FM NORMAL M [PRESSURE DATA]
TOTAL FM JAN 1 414 HIGHEST SLP M ON M
DPTR FM NORMAL 414 LOWEST SLP M ON M
[REMARKS]